127.0.0.1 - - [07/Apr/2025:17:20:52 +0300] "GET /whm-server-status?auto HTTP/1.1" 404 10072 "-" "Python-urllib/3.6"
154.81.156.10 - - [07/Apr/2025:17:23:09 +0300] "PROPFIND / HTTP/1.1" 501 805 "-" "-"
127.0.0.1 - - [07/Apr/2025:17:07:52 +0300] "GET /whm-server-status?auto HTTP/1.1" 404 10072 "-" "Python-urllib/3.6"
127.0.0.1 - - [07/Apr/2025:17:08:52 +0300] "GET /whm-server-status?auto HTTP/1.1" 404 10072 "-" "Python-urllib/3.6"
127.0.0.1 - - [07/Apr/2025:17:09:52 +0300] "GET /whm-server-status?auto HTTP/1.1" 404 10072 "-" "Python-urllib/3.6"
127.0.0.1 - - [07/Apr/2025:17:10:02 +0300] "GET /whm-server-status HTTP/1.0" 404 10045 "-" "-"
127.0.0.1 - - [07/Apr/2025:17:10:52 +0300] "GET /whm-server-status?auto HTTP/1.1" 404 10072 "-" "Python-urllib/3.6"
127.0.0.1 - - [07/Apr/2025:17:11:26 +0300] "GET / HTTP/1.0" 200 163 "-" "-"
127.0.0.1 - - [07/Apr/2025:17:12:52 +0300] "GET /whm-server-status?auto HTTP/1.1" 404 10072 "-" "Python-urllib/3.6"
127.0.0.1 - - [07/Apr/2025:17:15:52 +0300] "GET /whm-server-status?auto HTTP/1.1" 404 10072 "-" "Python-urllib/3.6"
127.0.0.1 - - [07/Apr/2025:17:16:52 +0300] "GET /whm-server-status?auto HTTP/1.1" 404 10072 "-" "Python-urllib/3.6"
127.0.0.1 - - [07/Apr/2025:17:17:52 +0300] "GET /whm-server-status?auto HTTP/1.1" 404 10072 "-" "Python-urllib/3.6"
127.0.0.1 - - [07/Apr/2025:17:18:52 +0300] "GET /whm-server-status?auto HTTP/1.1" 404 10072 "-" "Python-urllib/3.6"
127.0.0.1 - - [07/Apr/2025:17:19:52 +0300] "GET /whm-server-status?auto HTTP/1.1" 404 10072 "-" "Python-urllib/3.6"
127.0.0.1 - - [07/Apr/2025:17:20:01 +0300] "GET /whm-server-status HTTP/1.0" 404 10045 "-" "-"
127.0.0.1 - - [07/Apr/2025:17:21:52 +0300] "GET /whm-server-status?auto HTTP/1.1" 404 10072 "-" "Python-urllib/3.6"
127.0.0.1 - - [07/Apr/2025:17:22:52 +0300] "GET /whm-server-status?auto HTTP/1.1" 404 10072 "-" "Python-urllib/3.6"
127.0.0.1 - - [07/Apr/2025:17:23:52 +0300] "GET /whm-server-status?auto HTTP/1.1" 404 10072 "-" "Python-urllib/3.6"
127.0.0.1 - - [07/Apr/2025:17:25:09 +0300] "GET / HTTP/1.0" 200 163 "-" "-"
127.0.0.1 - - [07/Apr/2025:17:27:52 +0300] "GET /whm-server-status?auto HTTP/1.1" 404 10072 "-" "Python-urllib/3.6"
127.0.0.1 - - [07/Apr/2025:17:28:52 +0300] "GET /whm-server-status?auto HTTP/1.1" 404 10072 "-" "Python-urllib/3.6"
127.0.0.1 - - [07/Apr/2025:17:29:52 +0300] "GET /whm-server-status?auto HTTP/1.1" 404 10072 "-" "Python-urllib/3.6"
127.0.0.1 - - [07/Apr/2025:17:30:01 +0300] "GET /whm-server-status HTTP/1.0" 404 10045 "-" "-"
127.0.0.1 - - [07/Apr/2025:17:30:52 +0300] "GET /whm-server-status?auto HTTP/1.1" 404 10072 "-" "Python-urllib/3.6"
127.0.0.1 - - [07/Apr/2025:17:31:52 +0300] "GET /whm-server-status?auto HTTP/1.1" 404 10072 "-" "Python-urllib/3.6"
127.0.0.1 - - [07/Apr/2025:17:32:52 +0300] "GET /whm-server-status?auto HTTP/1.1" 404 10072 "-" "Python-urllib/3.6"
127.0.0.1 - - [07/Apr/2025:17:33:52 +0300] "GET /whm-server-status?auto HTTP/1.1" 404 10072 "-" "Python-urllib/3.6"
127.0.0.1 - - [07/Apr/2025:17:35:01 +0300] "GET /whm-server-status HTTP/1.0" 404 10045 "-" "-"
127.0.0.1 - - [07/Apr/2025:17:35:07 +0300] "GET / HTTP/1.0" 200 163 "-" "-"
127.0.0.1 - - [07/Apr/2025:17:35:52 +0300] "GET /whm-server-status?auto HTTP/1.1" 404 10072 "-" "Python-urllib/3.6"
127.0.0.1 - - [07/Apr/2025:17:36:52 +0300] "GET /whm-server-status?auto HTTP/1.1" 404 10072 "-" "Python-urllib/3.6"
127.0.0.1 - - [07/Apr/2025:17:37:52 +0300] "GET /whm-server-status?auto HTTP/1.1" 404 10072 "-" "Python-urllib/3.6"
127.0.0.1 - - [07/Apr/2025:17:38:52 +0300] "GET /whm-server-status?auto HTTP/1.1" 404 10072 "-" "Python-urllib/3.6"
185.242.226.152 - - [07/Apr/2025:17:38:53 +0300] "GET / HTTP/1.1" 200 163 "-" "Mozilla/5.0 (Windows NT 10.0; Win64; x64) AppleWebKit/537.36 (KHTML, like Gecko) Chrome/88.0.4324.190 Safari/537.36"
127.0.0.1 - - [07/Apr/2025:17:39:52 +0300] "GET /whm-server-status?auto HTTP/1.1" 404 10072 "-" "Python-urllib/3.6"
127.0.0.1 - - [07/Apr/2025:17:40:01 +0300] "GET /whm-server-status HTTP/1.0" 404 10045 "-" "-"
127.0.0.1 - - [07/Apr/2025:17:40:09 +0300] "GET / HTTP/1.0" 200 163 "-" "-"
127.0.0.1 - - [07/Apr/2025:17:24:52 +0300] "GET /whm-server-status?auto HTTP/1.1" 404 10072 "-" "Python-urllib/3.6"
127.0.0.1 - - [07/Apr/2025:17:25:01 +0300] "GET /whm-server-status HTTP/1.0" 404 10045 "-" "-"
127.0.0.1 - - [07/Apr/2025:17:25:52 +0300] "GET /whm-server-status?auto HTTP/1.1" 404 10072 "-" "Python-urllib/3.6"
127.0.0.1 - - [07/Apr/2025:17:26:52 +0300] "GET /whm-server-status?auto HTTP/1.1" 404 10072 "-" "Python-urllib/3.6"
72.46.130.218 - - [07/Apr/2025:17:29:37 +0300] "GET /admin/modules/framework/amp_conf/htdocs/admin/config.php HTTP/1.1" 404 4930 "-" "python-requests/2.27.1"
127.0.0.1 - - [07/Apr/2025:17:34:52 +0300] "GET /whm-server-status?auto HTTP/1.1" 404 10072 "-" "Python-urllib/3.6"
127.0.0.1 - - [07/Apr/2025:17:45:01 +0300] "GET /whm-server-status HTTP/1.0" 404 10045 "-" "-"
127.0.0.1 - - [07/Apr/2025:17:45:52 +0300] "GET /whm-server-status?auto HTTP/1.1" 404 10072 "-" "Python-urllib/3.6"
127.0.0.1 - - [07/Apr/2025:17:50:01 +0300] "GET /whm-server-status HTTP/1.0" 404 10045 "-" "-"
127.0.0.1 - - [07/Apr/2025:17:50:06 +0300] "GET / HTTP/1.0" 200 163 "-" "-"
127.0.0.1 - - [07/Apr/2025:17:51:52 +0300] "GET /whm-server-status?auto HTTP/1.1" 404 10072 "-" "Python-urllib/3.6"
127.0.0.1 - - [07/Apr/2025:17:53:52 +0300] "GET /whm-server-status?auto HTTP/1.1" 404 10072 "-" "Python-urllib/3.6"
154.81.156.34 - - [07/Apr/2025:17:54:38 +0300] "GET / HTTP/1.1" 200 163 "-" "Mozilla/5.0 (Windows NT 10.0; Win64; x64) AppleWebKit/537.36 (KHTML, like Gecko) Chrome/90.0.4430.85 Safari/537.36 Edg/90.0.818.46"
127.0.0.1 - - [07/Apr/2025:17:54:52 +0300] "GET /whm-server-status?auto HTTP/1.1" 404 10072 "-" "Python-urllib/3.6"
127.0.0.1 - - [07/Apr/2025:17:55:52 +0300] "GET /whm-server-status?auto HTTP/1.1" 404 10072 "-" "Python-urllib/3.6"
127.0.0.1 - - [07/Apr/2025:17:56:52 +0300] "GET /whm-server-status?auto HTTP/1.1" 404 10072 "-" "Python-urllib/3.6"
127.0.0.1 - - [07/Apr/2025:17:40:52 +0300] "GET /whm-server-status?auto HTTP/1.1" 404 10072 "-" "Python-urllib/3.6"
127.0.0.1 - - [07/Apr/2025:17:41:52 +0300] "GET /whm-server-status?auto HTTP/1.1" 404 10072 "-" "Python-urllib/3.6"
20.169.85.114 - - [07/Apr/2025:17:42:45 +0300] "GET /owa/auth/logon.aspx HTTP/1.1" 404 4930 "-" "Mozilla/5.0 zgrab/0.x"
127.0.0.1 - - [07/Apr/2025:17:42:52 +0300] "GET /whm-server-status?auto HTTP/1.1" 404 10072 "-" "Python-urllib/3.6"
127.0.0.1 - - [07/Apr/2025:17:43:52 +0300] "GET /whm-server-status?auto HTTP/1.1" 404 10072 "-" "Python-urllib/3.6"
127.0.0.1 - - [07/Apr/2025:17:44:52 +0300] "GET /whm-server-status?auto HTTP/1.1" 404 10072 "-" "Python-urllib/3.6"
127.0.0.1 - - [07/Apr/2025:17:46:52 +0300] "GET /whm-server-status?auto HTTP/1.1" 404 10072 "-" "Python-urllib/3.6"
127.0.0.1 - - [07/Apr/2025:17:47:52 +0300] "GET /whm-server-status?auto HTTP/1.1" 404 10072 "-" "Python-urllib/3.6"
127.0.0.1 - - [07/Apr/2025:17:48:52 +0300] "GET /whm-server-status?auto HTTP/1.1" 404 10072 "-" "Python-urllib/3.6"
127.0.0.1 - - [07/Apr/2025:17:49:52 +0300] "GET /whm-server-status?auto HTTP/1.1" 404 10072 "-" "Python-urllib/3.6"
127.0.0.1 - - [07/Apr/2025:17:50:52 +0300] "GET /whm-server-status?auto HTTP/1.1" 404 10072 "-" "Python-urllib/3.6"
103.214.111.82 - - [07/Apr/2025:17:51:03 +0300] "GET /login HTTP/1.1" 404 4929 "-" "Mozilla/5.0"
127.0.0.1 - - [07/Apr/2025:17:52:52 +0300] "GET /whm-server-status?auto HTTP/1.1" 404 10072 "-" "Python-urllib/3.6"
127.0.0.1 - - [07/Apr/2025:17:55:01 +0300] "GET /whm-server-status HTTP/1.0" 404 10045 "-" "-"
127.0.0.1 - - [07/Apr/2025:17:58:30 +0300] "GET / HTTP/1.0" 200 163 "-" "-"
127.0.0.1 - - [07/Apr/2025:17:59:52 +0300] "GET /whm-server-status?auto HTTP/1.1" 404 10072 "-" "Python-urllib/3.6"
127.0.0.1 - - [07/Apr/2025:18:00:02 +0300] "GET /whm-server-status HTTP/1.0" 404 10045 "-" "-"
127.0.0.1 - - [07/Apr/2025:18:00:52 +0300] "GET /whm-server-status?auto HTTP/1.1" 404 10072 "-" "Python-urllib/3.6"
127.0.0.1 - - [07/Apr/2025:18:01:52 +0300] "GET /whm-server-status?auto HTTP/1.1" 404 10072 "-" "Python-urllib/3.6"
127.0.0.1 - - [07/Apr/2025:18:02:52 +0300] "GET /whm-server-status?auto HTTP/1.1" 404 10072 "-" "Python-urllib/3.6"
127.0.0.1 - - [07/Apr/2025:18:03:52 +0300] "GET /whm-server-status?auto HTTP/1.1" 404 10072 "-" "Python-urllib/3.6"
127.0.0.1 - - [07/Apr/2025:18:04:52 +0300] "GET /whm-server-status?auto HTTP/1.1" 404 10072 "-" "Python-urllib/3.6"
127.0.0.1 - - [07/Apr/2025:18:05:01 +0300] "GET /whm-server-status HTTP/1.0" 404 10045 "-" "-"
127.0.0.1 - - [07/Apr/2025:18:05:52 +0300] "GET /whm-server-status?auto HTTP/1.1" 404 10072 "-" "Python-urllib/3.6"
154.81.156.35 - - [07/Apr/2025:18:08:35 +0300] "GET / HTTP/1.1" 200 163 "-" "Mozilla/5.0 (Windows NT 10.0; Win64; x64) AppleWebKit/537.36 (KHTML, like Gecko) Chrome/90.0.4430.85 Safari/537.36 Edg/90.0.818.46"
127.0.0.1 - - [07/Apr/2025:18:08:52 +0300] "GET /whm-server-status?auto HTTP/1.1" 404 10072 "-" "Python-urllib/3.6"
127.0.0.1 - - [07/Apr/2025:18:09:52 +0300] "GET /whm-server-status?auto HTTP/1.1" 404 10072 "-" "Python-urllib/3.6"
127.0.0.1 - - [07/Apr/2025:18:10:01 +0300] "GET /whm-server-status HTTP/1.0" 404 10045 "-" "-"
127.0.0.1 - - [07/Apr/2025:18:10:09 +0300] "GET / HTTP/1.0" 200 163 "-" "-"
193.143.1.119 - - [07/Apr/2025:18:11:33 +0300] "GET /login?redir=/ng HTTP/1.1" 404 4930 "-" "python-requests/2.32.3"
193.143.1.119 - - [07/Apr/2025:18:11:34 +0300] "GET /watchTowr-hwdzxn HTTP/1.1" 404 4930 "-" "python-requests/2.32.3"
167.94.138.51 - - [07/Apr/2025:18:13:25 +0300] "GET /favicon.ico HTTP/1.1" 404 4929 "-" "Mozilla/5.0 (compatible; CensysInspect/1.1; +https://about.censys.io/)"
167.94.138.51 - - [07/Apr/2025:18:13:42 +0300] "GET /favicon.ico HTTP/1.1" 404 4929 "-" "Mozilla/5.0 (compatible; CensysInspect/1.1; +https://about.censys.io/)"
127.0.0.1 - - [07/Apr/2025:18:13:52 +0300] "GET /whm-server-status?auto HTTP/1.1" 404 10072 "-" "Python-urllib/3.6"
127.0.0.1 - - [07/Apr/2025:17:57:52 +0300] "GET /whm-server-status?auto HTTP/1.1" 404 10072 "-" "Python-urllib/3.6"
185.247.137.183 - - [07/Apr/2025:17:57:53 +0300] "GET / HTTP/1.1" 200 163 "-" "Mozilla/5.0 (compatible; InternetMeasurement/1.0; +https://internet-measurement.com/)"
188.166.211.188 - - [07/Apr/2025:17:58:10 +0300] "GET /wp-admin/setup-config.php?step=1 HTTP/1.1" 404 4939 "-" "Apache/2.4.34 (Ubuntu) OpenSSL/1.1.1 (internal dummy connection)"
188.166.211.188 - - [07/Apr/2025:17:58:10 +0300] "GET /wordpress/wp-admin/setup-config.php?step=1 HTTP/1.1" 404 4939 "-" "Apache/2.4.34 (Ubuntu) OpenSSL/1.1.1 (internal dummy connection)"
127.0.0.1 - - [07/Apr/2025:17:58:52 +0300] "GET /whm-server-status?auto HTTP/1.1" 404 10072 "-" "Python-urllib/3.6"
196.251.85.238 - - [07/Apr/2025:18:04:13 +0300] "GET /login.rsp HTTP/1.1" 404 10096 "-" "Hello World"
127.0.0.1 - - [07/Apr/2025:18:05:06 +0300] "GET / HTTP/1.0" 200 163 "-" "-"
127.0.0.1 - - [07/Apr/2025:18:06:52 +0300] "GET /whm-server-status?auto HTTP/1.1" 404 10072 "-" "Python-urllib/3.6"
127.0.0.1 - - [07/Apr/2025:18:07:52 +0300] "GET /whm-server-status?auto HTTP/1.1" 404 10072 "-" "Python-urllib/3.6"
127.0.0.1 - - [07/Apr/2025:18:10:52 +0300] "GET /whm-server-status?auto HTTP/1.1" 404 10072 "-" "Python-urllib/3.6"
127.0.0.1 - - [07/Apr/2025:18:11:52 +0300] "GET /whm-server-status?auto HTTP/1.1" 404 10072 "-" "Python-urllib/3.6"
127.0.0.1 - - [07/Apr/2025:18:12:52 +0300] "GET /whm-server-status?auto HTTP/1.1" 404 10072 "-" "Python-urllib/3.6"
167.94.138.51 - - [07/Apr/2025:18:13:06 +0300] "GET / HTTP/1.1" 200 163 "-" "-"
167.94.138.51 - - [07/Apr/2025:18:13:22 +0300] "GET / HTTP/1.1" 200 163 "-" "Mozilla/5.0 (compatible; CensysInspect/1.1; +https://about.censys.io/)"
127.0.0.1 - - [07/Apr/2025:18:15:52 +0300] "GET /whm-server-status?auto HTTP/1.1" 404 10072 "-" "Python-urllib/3.6"
127.0.0.1 - - [07/Apr/2025:18:16:52 +0300] "GET /whm-server-status?auto HTTP/1.1" 404 10072 "-" "Python-urllib/3.6"
127.0.0.1 - - [07/Apr/2025:18:18:52 +0300] "GET /whm-server-status?auto HTTP/1.1" 404 10072 "-" "Python-urllib/3.6"
127.0.0.1 - - [07/Apr/2025:18:19:52 +0300] "GET /whm-server-status?auto HTTP/1.1" 404 10072 "-" "Python-urllib/3.6"
127.0.0.1 - - [07/Apr/2025:18:20:01 +0300] "GET /whm-server-status HTTP/1.0" 404 10045 "-" "-"
127.0.0.1 - - [07/Apr/2025:18:20:06 +0300] "GET / HTTP/1.0" 200 163 "-" "-"
154.81.156.10 - - [07/Apr/2025:18:21:16 +0300] "PROPFIND / HTTP/1.1" 501 805 "-" "-"
127.0.0.1 - - [07/Apr/2025:18:24:52 +0300] "GET /whm-server-status?auto HTTP/1.1" 404 10072 "-" "Python-urllib/3.6"
5.135.58.206 - - [07/Apr/2025:18:25:28 +0300] "GET / HTTP/1.1" 200 163 "-" "Mozilla/5.0 (X11; Ubuntu; Linux x86_64; rv:134.0) Gecko/20100101 Firefox/134.0"
5.135.58.192 - - [07/Apr/2025:18:25:49 +0300] "GET / HTTP/1.1" 200 163 "-" "Mozilla/5.0 (X11; Ubuntu; Linux x86_64; rv:134.0) Gecko/20100101 Firefox/134.0"
5.135.58.198 - - [07/Apr/2025:18:25:53 +0300] "GET / HTTP/1.1" 200 163 "-" "Mozilla/5.0 (X11; Ubuntu; Linux x86_64; rv:134.0) Gecko/20100101 Firefox/134.0"
5.135.58.205 - - [07/Apr/2025:18:26:00 +0300] "GET / HTTP/1.1" 200 163 "-" "Mozilla/5.0 (X11; Ubuntu; Linux x86_64; rv:134.0) Gecko/20100101 Firefox/134.0"
5.135.58.198 - - [07/Apr/2025:18:28:31 +0300] "GET / HTTP/1.1" 200 163 "-" "Mozilla/5.0 (X11; Ubuntu; Linux x86_64; rv:134.0) Gecko/20100101 Firefox/134.0"
5.135.58.203 - - [07/Apr/2025:18:28:34 +0300] "GET / HTTP/1.1" 200 163 "-" "Mozilla/5.0 (X11; Ubuntu; Linux x86_64; rv:134.0) Gecko/20100101 Firefox/134.0"
127.0.0.1 - - [07/Apr/2025:18:28:52 +0300] "GET /whm-server-status?auto HTTP/1.1" 404 10072 "-" "Python-urllib/3.6"
127.0.0.1 - - [07/Apr/2025:18:29:52 +0300] "GET /whm-server-status?auto HTTP/1.1" 404 10072 "-" "Python-urllib/3.6"
127.0.0.1 - - [07/Apr/2025:18:14:52 +0300] "GET /whm-server-status?auto HTTP/1.1" 404 10072 "-" "Python-urllib/3.6"
127.0.0.1 - - [07/Apr/2025:18:15:01 +0300] "GET /whm-server-status HTTP/1.0" 404 10045 "-" "-"
127.0.0.1 - - [07/Apr/2025:18:17:52 +0300] "GET /whm-server-status?auto HTTP/1.1" 404 10072 "-" "Python-urllib/3.6"
127.0.0.1 - - [07/Apr/2025:18:20:52 +0300] "GET /whm-server-status?auto HTTP/1.1" 404 10072 "-" "Python-urllib/3.6"
127.0.0.1 - - [07/Apr/2025:18:21:52 +0300] "GET /whm-server-status?auto HTTP/1.1" 404 10072 "-" "Python-urllib/3.6"
127.0.0.1 - - [07/Apr/2025:18:22:52 +0300] "GET /whm-server-status?auto HTTP/1.1" 404 10072 "-" "Python-urllib/3.6"
127.0.0.1 - - [07/Apr/2025:18:23:52 +0300] "GET /whm-server-status?auto HTTP/1.1" 404 10072 "-" "Python-urllib/3.6"
127.0.0.1 - - [07/Apr/2025:18:25:01 +0300] "GET /whm-server-status HTTP/1.0" 404 10045 "-" "-"
127.0.0.1 - - [07/Apr/2025:18:25:09 +0300] "GET / HTTP/1.0" 200 163 "-" "-"
127.0.0.1 - - [07/Apr/2025:18:25:52 +0300] "GET /whm-server-status?auto HTTP/1.1" 404 10072 "-" "Python-urllib/3.6"
127.0.0.1 - - [07/Apr/2025:18:26:52 +0300] "GET /whm-server-status?auto HTTP/1.1" 404 10072 "-" "Python-urllib/3.6"
127.0.0.1 - - [07/Apr/2025:18:27:52 +0300] "GET /whm-server-status?auto HTTP/1.1" 404 10072 "-" "Python-urllib/3.6"
5.135.58.200 - - [07/Apr/2025:18:29:00 +0300] "GET / HTTP/1.1" 200 163 "-" "Mozilla/5.0 (X11; Ubuntu; Linux x86_64; rv:134.0) Gecko/20100101 Firefox/134.0"
127.0.0.1 - - [07/Apr/2025:18:30:02 +0300] "GET /whm-server-status HTTP/1.0" 404 10045 "-" "-"
127.0.0.1 - - [07/Apr/2025:18:30:52 +0300] "GET /whm-server-status?auto HTTP/1.1" 404 10072 "-" "Python-urllib/3.6"
91.196.152.62 - - [07/Apr/2025:18:32:18 +0300] "GET /cgi-sys/defaultwebpage.cgi HTTP/1.1" 200 6982 "-" "Mozilla/5.0 (X11; Ubuntu; Linux x86_64; rv:134.0) Gecko/20100101 Firefox/134.0"
127.0.0.1 - - [07/Apr/2025:18:32:52 +0300] "GET /whm-server-status?auto HTTP/1.1" 404 10072 "-" "Python-urllib/3.6"
91.196.152.165 - - [07/Apr/2025:18:32:57 +0300] "GET /favicon.ico HTTP/1.1" 404 10141 "-" "Mozilla/5.0 (X11; Ubuntu; Linux x86_64; rv:134.0) Gecko/20100101 Firefox/134.0"
91.196.152.64 - - [07/Apr/2025:18:33:20 +0300] "GET /cgi-sys/defaultwebpage.cgi HTTP/1.1" 200 6972 "-" "Mozilla/5.0 (X11; Ubuntu; Linux x86_64; rv:134.0) Gecko/20100101 Firefox/134.0"
127.0.0.1 - - [07/Apr/2025:18:33:52 +0300] "GET /whm-server-status?auto HTTP/1.1" 404 10072 "-" "Python-urllib/3.6"
127.0.0.1 - - [07/Apr/2025:18:34:52 +0300] "GET /whm-server-status?auto HTTP/1.1" 404 10072 "-" "Python-urllib/3.6"
127.0.0.1 - - [07/Apr/2025:18:35:01 +0300] "GET /whm-server-status HTTP/1.0" 404 10045 "-" "-"
127.0.0.1 - - [07/Apr/2025:18:35:06 +0300] "GET / HTTP/1.0" 200 163 "-" "-"
91.196.152.46 - - [07/Apr/2025:18:35:15 +0300] "GET /cgi-sys/defaultwebpage.cgi HTTP/1.1" 200 6982 "-" "Mozilla/5.0 (X11; Ubuntu; Linux x86_64; rv:134.0) Gecko/20100101 Firefox/134.0"
91.196.152.230 - - [07/Apr/2025:18:35:36 +0300] "GET /favicon.ico HTTP/1.1" 404 10143 "-" "Mozilla/5.0 (X11; Ubuntu; Linux x86_64; rv:134.0) Gecko/20100101 Firefox/134.0"
127.0.0.1 - - [07/Apr/2025:18:35:52 +0300] "GET /whm-server-status?auto HTTP/1.1" 404 10072 "-" "Python-urllib/3.6"
221.162.207.190 - - [07/Apr/2025:18:35:56 +0300] "GET / HTTP/1.0" 200 163 "-" "curl/7.88.1"
91.196.152.81 - - [07/Apr/2025:18:36:19 +0300] "GET /cgi-sys/defaultwebpage.cgi HTTP/1.1" 200 6972 "-" "Mozilla/5.0 (X11; Ubuntu; Linux x86_64; rv:134.0) Gecko/20100101 Firefox/134.0"
91.196.152.83 - - [07/Apr/2025:18:36:35 +0300] "GET /favicon.ico HTTP/1.1" 404 10128 "-" "Mozilla/5.0 (X11; Ubuntu; Linux x86_64; rv:134.0) Gecko/20100101 Firefox/134.0"
127.0.0.1 - - [07/Apr/2025:18:37:52 +0300] "GET /whm-server-status?auto HTTP/1.1" 404 10072 "-" "Python-urllib/3.6"
46.101.106.71 - - [07/Apr/2025:18:37:55 +0300] "GET /.env HTTP/1.1" 404 4929 "-" "Mozilla/5.0 Keydrop"
127.0.0.1 - - [07/Apr/2025:18:39:52 +0300] "GET /whm-server-status?auto HTTP/1.1" 404 10072 "-" "Python-urllib/3.6"
127.0.0.1 - - [07/Apr/2025:18:40:01 +0300] "GET /whm-server-status HTTP/1.0" 404 10045 "-" "-"
127.0.0.1 - - [07/Apr/2025:18:41:52 +0300] "GET /whm-server-status?auto HTTP/1.1" 404 10072 "-" "Python-urllib/3.6"
127.0.0.1 - - [07/Apr/2025:18:42:31 +0300] "GET / HTTP/1.0" 200 163 "-" "-"
127.0.0.1 - - [07/Apr/2025:18:45:52 +0300] "GET /whm-server-status?auto HTTP/1.1" 404 10072 "-" "Python-urllib/3.6"
127.0.0.1 - - [07/Apr/2025:18:46:52 +0300] "GET /whm-server-status?auto HTTP/1.1" 404 10072 "-" "Python-urllib/3.6"
127.0.0.1 - - [07/Apr/2025:18:31:52 +0300] "GET /whm-server-status?auto HTTP/1.1" 404 10072 "-" "Python-urllib/3.6"
91.196.152.82 - - [07/Apr/2025:18:32:15 +0300] "GET /favicon.ico HTTP/1.1" 404 10141 "-" "Mozilla/5.0 (X11; Ubuntu; Linux x86_64; rv:134.0) Gecko/20100101 Firefox/134.0"
91.196.152.61 - - [07/Apr/2025:18:32:19 +0300] "GET /cgi-sys/defaultwebpage.cgi HTTP/1.1" 200 6972 "-" "Mozilla/5.0 (X11; Ubuntu; Linux x86_64; rv:134.0) Gecko/20100101 Firefox/134.0"
91.196.152.151 - - [07/Apr/2025:18:32:23 +0300] "GET /cgi-sys/defaultwebpage.cgi HTTP/1.1" 200 6982 "-" "Mozilla/5.0 (X11; Ubuntu; Linux x86_64; rv:134.0) Gecko/20100101 Firefox/134.0"
91.196.152.85 - - [07/Apr/2025:18:32:39 +0300] "GET /favicon.ico HTTP/1.1" 404 10138 "-" "Mozilla/5.0 (X11; Ubuntu; Linux x86_64; rv:134.0) Gecko/20100101 Firefox/134.0"
91.196.152.66 - - [07/Apr/2025:18:35:14 +0300] "GET /favicon.ico HTTP/1.1" 404 10143 "-" "Mozilla/5.0 (X11; Ubuntu; Linux x86_64; rv:134.0) Gecko/20100101 Firefox/134.0"
91.196.152.224 - - [07/Apr/2025:18:35:19 +0300] "GET /cgi-sys/defaultwebpage.cgi HTTP/1.1" 200 6982 "-" "Mozilla/5.0 (X11; Ubuntu; Linux x86_64; rv:134.0) Gecko/20100101 Firefox/134.0"
127.0.0.1 - - [07/Apr/2025:18:36:52 +0300] "GET /whm-server-status?auto HTTP/1.1" 404 10072 "-" "Python-urllib/3.6"
46.101.106.71 - - [07/Apr/2025:18:37:55 +0300] "GET /.git/config HTTP/1.1" 403 72 "-" "Mozilla/5.0 Keydrop"
167.172.35.140 - - [07/Apr/2025:18:38:00 +0300] "GET / HTTP/1.1" 200 163 "http://142.132.169.165:443/" "Mozilla/5.0 zgrab/0.x"
127.0.0.1 - - [07/Apr/2025:18:38:52 +0300] "GET /whm-server-status?auto HTTP/1.1" 404 10072 "-" "Python-urllib/3.6"
127.0.0.1 - - [07/Apr/2025:18:40:52 +0300] "GET /whm-server-status?auto HTTP/1.1" 404 10072 "-" "Python-urllib/3.6"
127.0.0.1 - - [07/Apr/2025:18:42:52 +0300] "GET /whm-server-status?auto HTTP/1.1" 404 10072 "-" "Python-urllib/3.6"
127.0.0.1 - - [07/Apr/2025:18:43:52 +0300] "GET /whm-server-status?auto HTTP/1.1" 404 10072 "-" "Python-urllib/3.6"
127.0.0.1 - - [07/Apr/2025:18:44:52 +0300] "GET /whm-server-status?auto HTTP/1.1" 404 10072 "-" "Python-urllib/3.6"
127.0.0.1 - - [07/Apr/2025:18:45:01 +0300] "GET /whm-server-status HTTP/1.0" 404 10045 "-" "-"
127.0.0.1 - - [07/Apr/2025:18:47:52 +0300] "GET /whm-server-status?auto HTTP/1.1" 404 10072 "-" "Python-urllib/3.6"
127.0.0.1 - - [07/Apr/2025:18:48:52 +0300] "GET /whm-server-status?auto HTTP/1.1" 404 10072 "-" "Python-urllib/3.6"
127.0.0.1 - - [07/Apr/2025:18:49:52 +0300] "GET /whm-server-status?auto HTTP/1.1" 404 10072 "-" "Python-urllib/3.6"
127.0.0.1 - - [07/Apr/2025:18:54:52 +0300] "GET /whm-server-status?auto HTTP/1.1" 404 10072 "-" "Python-urllib/3.6"
127.0.0.1 - - [07/Apr/2025:18:55:09 +0300] "GET / HTTP/1.0" 200 163 "-" "-"
127.0.0.1 - - [07/Apr/2025:18:55:52 +0300] "GET /whm-server-status?auto HTTP/1.1" 404 10072 "-" "Python-urllib/3.6"
127.0.0.1 - - [07/Apr/2025:18:56:52 +0300] "GET /whm-server-status?auto HTTP/1.1" 404 10072 "-" "Python-urllib/3.6"
127.0.0.1 - - [07/Apr/2025:18:58:52 +0300] "GET /whm-server-status?auto HTTP/1.1" 404 10072 "-" "Python-urllib/3.6"
127.0.0.1 - - [07/Apr/2025:18:59:52 +0300] "GET /whm-server-status?auto HTTP/1.1" 404 10072 "-" "Python-urllib/3.6"
127.0.0.1 - - [07/Apr/2025:19:00:01 +0300] "GET /whm-server-status HTTP/1.0" 404 10045 "-" "-"
127.0.0.1 - - [07/Apr/2025:19:00:52 +0300] "GET /whm-server-status?auto HTTP/1.1" 404 10072 "-" "Python-urllib/3.6"
127.0.0.1 - - [07/Apr/2025:19:02:52 +0300] "GET /whm-server-status?auto HTTP/1.1" 404 10072 "-" "Python-urllib/3.6"
127.0.0.1 - - [07/Apr/2025:19:03:52 +0300] "GET /whm-server-status?auto HTTP/1.1" 404 10072 "-" "Python-urllib/3.6"
127.0.0.1 - - [07/Apr/2025:18:50:01 +0300] "GET /whm-server-status HTTP/1.0" 404 10045 "-" "-"
127.0.0.1 - - [07/Apr/2025:18:50:07 +0300] "GET / HTTP/1.0" 200 163 "-" "-"
127.0.0.1 - - [07/Apr/2025:18:50:52 +0300] "GET /whm-server-status?auto HTTP/1.1" 404 10072 "-" "Python-urllib/3.6"
127.0.0.1 - - [07/Apr/2025:18:51:52 +0300] "GET /whm-server-status?auto HTTP/1.1" 404 10072 "-" "Python-urllib/3.6"
127.0.0.1 - - [07/Apr/2025:18:52:52 +0300] "GET /whm-server-status?auto HTTP/1.1" 404 10072 "-" "Python-urllib/3.6"
127.0.0.1 - - [07/Apr/2025:18:53:52 +0300] "GET /whm-server-status?auto HTTP/1.1" 404 10072 "-" "Python-urllib/3.6"
154.81.156.10 - - [07/Apr/2025:18:54:20 +0300] "PROPFIND / HTTP/1.1" 501 805 "-" "-"
127.0.0.1 - - [07/Apr/2025:18:55:01 +0300] "GET /whm-server-status HTTP/1.0" 404 10045 "-" "-"
127.0.0.1 - - [07/Apr/2025:18:57:52 +0300] "GET /whm-server-status?auto HTTP/1.1" 404 10072 "-" "Python-urllib/3.6"
127.0.0.1 - - [07/Apr/2025:19:01:52 +0300] "GET /whm-server-status?auto HTTP/1.1" 404 10072 "-" "Python-urllib/3.6"
127.0.0.1 - - [07/Apr/2025:19:05:01 +0300] "GET /whm-server-status HTTP/1.0" 404 10045 "-" "-"
127.0.0.1 - - [07/Apr/2025:19:08:52 +0300] "GET /whm-server-status?auto HTTP/1.1" 404 10072 "-" "Python-urllib/3.6"
127.0.0.1 - - [07/Apr/2025:19:09:52 +0300] "GET /whm-server-status?auto HTTP/1.1" 404 10072 "-" "Python-urllib/3.6"
127.0.0.1 - - [07/Apr/2025:19:10:01 +0300] "GET /whm-server-status HTTP/1.0" 404 10045 "-" "-"
127.0.0.1 - - [07/Apr/2025:19:10:09 +0300] "GET / HTTP/1.0" 200 163 "-" "-"
127.0.0.1 - - [07/Apr/2025:19:11:52 +0300] "GET /whm-server-status?auto HTTP/1.1" 404 10072 "-" "Python-urllib/3.6"
127.0.0.1 - - [07/Apr/2025:19:12:52 +0300] "GET /whm-server-status?auto HTTP/1.1" 404 10072 "-" "Python-urllib/3.6"
185.218.86.4 - - [07/Apr/2025:19:13:16 +0300] "GET / HTTP/1.1" 200 163 "-" "Mozilla/5.0 (Windows NT 10.0; Win64; x64) AppleWebKit/537.36 (KHTML, like Gecko) Chrome/90.0.4430.85 Safari/537.36 Edg/90.0.818.46"
127.0.0.1 - - [07/Apr/2025:19:15:01 +0300] "GET /whm-server-status HTTP/1.0" 404 10045 "-" "-"
127.0.0.1 - - [07/Apr/2025:19:16:52 +0300] "GET /whm-server-status?auto HTTP/1.1" 404 10072 "-" "Python-urllib/3.6"
127.0.0.1 - - [07/Apr/2025:19:17:52 +0300] "GET /whm-server-status?auto HTTP/1.1" 404 10072 "-" "Python-urllib/3.6"
127.0.0.1 - - [07/Apr/2025:19:18:52 +0300] "GET /whm-server-status?auto HTTP/1.1" 404 10072 "-" "Python-urllib/3.6"
127.0.0.1 - - [07/Apr/2025:19:19:52 +0300] "GET /whm-server-status?auto HTTP/1.1" 404 10072 "-" "Python-urllib/3.6"
127.0.0.1 - - [07/Apr/2025:19:20:02 +0300] "GET /whm-server-status HTTP/1.0" 404 10045 "-" "-"
127.0.0.1 - - [07/Apr/2025:19:04:52 +0300] "GET /whm-server-status?auto HTTP/1.1" 404 10072 "-" "Python-urllib/3.6"
127.0.0.1 - - [07/Apr/2025:19:05:06 +0300] "GET / HTTP/1.0" 200 163 "-" "-"
127.0.0.1 - - [07/Apr/2025:19:05:52 +0300] "GET /whm-server-status?auto HTTP/1.1" 404 10072 "-" "Python-urllib/3.6"
127.0.0.1 - - [07/Apr/2025:19:06:52 +0300] "GET /whm-server-status?auto HTTP/1.1" 404 10072 "-" "Python-urllib/3.6"
127.0.0.1 - - [07/Apr/2025:19:07:52 +0300] "GET /whm-server-status?auto HTTP/1.1" 404 10072 "-" "Python-urllib/3.6"
127.0.0.1 - - [07/Apr/2025:19:10:52 +0300] "GET /whm-server-status?auto HTTP/1.1" 404 10072 "-" "Python-urllib/3.6"
127.0.0.1 - - [07/Apr/2025:19:13:52 +0300] "GET /whm-server-status?auto HTTP/1.1" 404 10072 "-" "Python-urllib/3.6"
127.0.0.1 - - [07/Apr/2025:19:14:52 +0300] "GET /whm-server-status?auto HTTP/1.1" 404 10072 "-" "Python-urllib/3.6"
127.0.0.1 - - [07/Apr/2025:19:15:52 +0300] "GET /whm-server-status?auto HTTP/1.1" 404 10072 "-" "Python-urllib/3.6"
127.0.0.1 - - [07/Apr/2025:19:20:06 +0300] "GET / HTTP/1.0" 200 163 "-" "-"
127.0.0.1 - - [07/Apr/2025:19:22:52 +0300] "GET /whm-server-status?auto HTTP/1.1" 404 10072 "-" "Python-urllib/3.6"
127.0.0.1 - - [07/Apr/2025:19:23:52 +0300] "GET /whm-server-status?auto HTTP/1.1" 404 10072 "-" "Python-urllib/3.6"
127.0.0.1 - - [07/Apr/2025:19:25:01 +0300] "GET /whm-server-status HTTP/1.0" 404 10045 "-" "-"
127.0.0.1 - - [07/Apr/2025:19:25:09 +0300] "GET / HTTP/1.0" 200 163 "-" "-"
127.0.0.1 - - [07/Apr/2025:19:25:52 +0300] "GET /whm-server-status?auto HTTP/1.1" 404 10072 "-" "Python-urllib/3.6"
162.142.125.113 - - [07/Apr/2025:19:25:52 +0300] "GET / HTTP/1.1" 200 163 "-" "Mozilla/5.0 (compatible; CensysInspect/1.1; +https://about.censys.io/)"
162.142.125.113 - - [07/Apr/2025:19:26:26 +0300] "GET /favicon.ico HTTP/1.1" 404 4930 "-" "Mozilla/5.0 (compatible; CensysInspect/1.1; +https://about.censys.io/)"
154.81.156.34 - - [07/Apr/2025:19:27:11 +0300] "GET / HTTP/1.1" 200 163 "-" "Mozilla/5.0 (Windows NT 10.0; Win64; x64) AppleWebKit/537.36 (KHTML, like Gecko) Chrome/90.0.4430.85 Safari/537.36 Edg/90.0.818.46"
127.0.0.1 - - [07/Apr/2025:19:27:52 +0300] "GET /whm-server-status?auto HTTP/1.1" 404 10072 "-" "Python-urllib/3.6"
127.0.0.1 - - [07/Apr/2025:19:28:52 +0300] "GET /whm-server-status?auto HTTP/1.1" 404 10072 "-" "Python-urllib/3.6"
127.0.0.1 - - [07/Apr/2025:19:29:52 +0300] "GET /whm-server-status?auto HTTP/1.1" 404 10072 "-" "Python-urllib/3.6"
127.0.0.1 - - [07/Apr/2025:19:30:14 +0300] "GET / HTTP/1.0" 200 163 "-" "-"
127.0.0.1 - - [07/Apr/2025:19:31:52 +0300] "GET /whm-server-status?auto HTTP/1.1" 404 10072 "-" "Python-urllib/3.6"
127.0.0.1 - - [07/Apr/2025:19:35:52 +0300] "GET /whm-server-status?auto HTTP/1.1" 404 10072 "-" "Python-urllib/3.6"
127.0.0.1 - - [07/Apr/2025:19:36:52 +0300] "GET /whm-server-status?auto HTTP/1.1" 404 10072 "-" "Python-urllib/3.6"
127.0.0.1 - - [07/Apr/2025:19:20:52 +0300] "GET /whm-server-status?auto HTTP/1.1" 404 10072 "-" "Python-urllib/3.6"
127.0.0.1 - - [07/Apr/2025:19:21:52 +0300] "GET /whm-server-status?auto HTTP/1.1" 404 10072 "-" "Python-urllib/3.6"
127.0.0.1 - - [07/Apr/2025:19:24:52 +0300] "GET /whm-server-status?auto HTTP/1.1" 404 10072 "-" "Python-urllib/3.6"
162.142.125.113 - - [07/Apr/2025:19:25:41 +0300] "GET / HTTP/1.1" 200 163 "-" "-"
162.142.125.113 - - [07/Apr/2025:19:25:58 +0300] "GET /favicon.ico HTTP/1.1" 404 4930 "-" "Mozilla/5.0 (compatible; CensysInspect/1.1; +https://about.censys.io/)"
127.0.0.1 - - [07/Apr/2025:19:26:52 +0300] "GET /whm-server-status?auto HTTP/1.1" 404 10072 "-" "Python-urllib/3.6"
127.0.0.1 - - [07/Apr/2025:19:30:01 +0300] "GET /whm-server-status HTTP/1.0" 404 10045 "-" "-"
127.0.0.1 - - [07/Apr/2025:19:30:52 +0300] "GET /whm-server-status?auto HTTP/1.1" 404 10072 "-" "Python-urllib/3.6"
103.102.230.20 - - [07/Apr/2025:19:31:03 +0300] "GET /.git/config HTTP/1.1" 403 72 "-" "Mozilla/5.0 (Debian; Linux x86_64) AppleWebKit/537.36 (KHTML, like Gecko) Chrome/120.0.0.0 Safari/537.36"
127.0.0.1 - - [07/Apr/2025:19:32:52 +0300] "GET /whm-server-status?auto HTTP/1.1" 404 10072 "-" "Python-urllib/3.6"
127.0.0.1 - - [07/Apr/2025:19:33:52 +0300] "GET /whm-server-status?auto HTTP/1.1" 404 10072 "-" "Python-urllib/3.6"
127.0.0.1 - - [07/Apr/2025:19:34:52 +0300] "GET /whm-server-status?auto HTTP/1.1" 404 10072 "-" "Python-urllib/3.6"
127.0.0.1 - - [07/Apr/2025:19:35:02 +0300] "GET /whm-server-status HTTP/1.0" 404 10045 "-" "-"
127.0.0.1 - - [07/Apr/2025:19:35:24 +0300] "GET / HTTP/1.0" 200 163 "-" "-"
154.81.156.10 - - [07/Apr/2025:19:38:17 +0300] "PROPFIND / HTTP/1.1" 501 805 "-" "-"
127.0.0.1 - - [07/Apr/2025:19:38:52 +0300] "GET /whm-server-status?auto HTTP/1.1" 404 10072 "-" "Python-urllib/3.6"
127.0.0.1 - - [07/Apr/2025:19:39:52 +0300] "GET /whm-server-status?auto HTTP/1.1" 404 10072 "-" "Python-urllib/3.6"
127.0.0.1 - - [07/Apr/2025:19:41:52 +0300] "GET /whm-server-status?auto HTTP/1.1" 404 10072 "-" "Python-urllib/3.6"
127.0.0.1 - - [07/Apr/2025:19:41:56 +0300] "GET / HTTP/1.0" 200 163 "-" "-"
127.0.0.1 - - [07/Apr/2025:19:43:52 +0300] "GET /whm-server-status?auto HTTP/1.1" 404 10072 "-" "Python-urllib/3.6"
127.0.0.1 - - [07/Apr/2025:19:44:52 +0300] "GET /whm-server-status?auto HTTP/1.1" 404 10072 "-" "Python-urllib/3.6"
127.0.0.1 - - [07/Apr/2025:19:45:01 +0300] "GET /whm-server-status HTTP/1.0" 404 10045 "-" "-"
127.0.0.1 - - [07/Apr/2025:19:49:52 +0300] "GET /whm-server-status?auto HTTP/1.1" 404 10072 "-" "Python-urllib/3.6"
127.0.0.1 - - [07/Apr/2025:19:50:02 +0300] "GET /whm-server-status HTTP/1.0" 404 10045 "-" "-"
127.0.0.1 - - [07/Apr/2025:19:50:52 +0300] "GET /whm-server-status?auto HTTP/1.1" 404 10072 "-" "Python-urllib/3.6"
127.0.0.1 - - [07/Apr/2025:19:51:52 +0300] "GET /whm-server-status?auto HTTP/1.1" 404 10072 "-" "Python-urllib/3.6"
127.0.0.1 - - [07/Apr/2025:19:53:52 +0300] "GET /whm-server-status?auto HTTP/1.1" 404 10072 "-" "Python-urllib/3.6"
127.0.0.1 - - [07/Apr/2025:19:37:52 +0300] "GET /whm-server-status?auto HTTP/1.1" 404 10072 "-" "Python-urllib/3.6"
127.0.0.1 - - [07/Apr/2025:19:40:01 +0300] "GET /whm-server-status HTTP/1.0" 404 10045 "-" "-"
127.0.0.1 - - [07/Apr/2025:19:40:52 +0300] "GET /whm-server-status?auto HTTP/1.1" 404 10072 "-" "Python-urllib/3.6"
127.0.0.1 - - [07/Apr/2025:19:42:52 +0300] "GET /whm-server-status?auto HTTP/1.1" 404 10072 "-" "Python-urllib/3.6"
127.0.0.1 - - [07/Apr/2025:19:45:52 +0300] "GET /whm-server-status?auto HTTP/1.1" 404 10072 "-" "Python-urllib/3.6"
127.0.0.1 - - [07/Apr/2025:19:46:52 +0300] "GET /whm-server-status?auto HTTP/1.1" 404 10072 "-" "Python-urllib/3.6"
127.0.0.1 - - [07/Apr/2025:19:47:52 +0300] "GET /whm-server-status?auto HTTP/1.1" 404 10072 "-" "Python-urllib/3.6"
127.0.0.1 - - [07/Apr/2025:19:48:52 +0300] "GET /whm-server-status?auto HTTP/1.1" 404 10072 "-" "Python-urllib/3.6"
127.0.0.1 - - [07/Apr/2025:19:50:07 +0300] "GET / HTTP/1.0" 200 163 "-" "-"
127.0.0.1 - - [07/Apr/2025:19:52:52 +0300] "GET /whm-server-status?auto HTTP/1.1" 404 10072 "-" "Python-urllib/3.6"
127.0.0.1 - - [07/Apr/2025:19:57:07 +0300] "GET / HTTP/1.0" 200 163 "-" "-"
127.0.0.1 - - [07/Apr/2025:19:58:52 +0300] "GET /whm-server-status?auto HTTP/1.1" 404 10072 "-" "Python-urllib/3.6"
127.0.0.1 - - [07/Apr/2025:20:00:01 +0300] "GET /whm-server-status HTTP/1.0" 404 10045 "-" "-"
127.0.0.1 - - [07/Apr/2025:20:03:52 +0300] "GET /whm-server-status?auto HTTP/1.1" 404 10072 "-" "Python-urllib/3.6"
127.0.0.1 - - [07/Apr/2025:20:05:02 +0300] "GET /whm-server-status HTTP/1.0" 404 10045 "-" "-"
127.0.0.1 - - [07/Apr/2025:20:05:07 +0300] "GET / HTTP/1.0" 200 163 "-" "-"
127.0.0.1 - - [07/Apr/2025:20:05:52 +0300] "GET /whm-server-status?auto HTTP/1.1" 404 10072 "-" "Python-urllib/3.6"
127.0.0.1 - - [07/Apr/2025:19:54:52 +0300] "GET /whm-server-status?auto HTTP/1.1" 404 10072 "-" "Python-urllib/3.6"
127.0.0.1 - - [07/Apr/2025:19:55:01 +0300] "GET /whm-server-status HTTP/1.0" 404 10045 "-" "-"
127.0.0.1 - - [07/Apr/2025:19:55:52 +0300] "GET /whm-server-status?auto HTTP/1.1" 404 10072 "-" "Python-urllib/3.6"
127.0.0.1 - - [07/Apr/2025:19:56:52 +0300] "GET /whm-server-status?auto HTTP/1.1" 404 10072 "-" "Python-urllib/3.6"
127.0.0.1 - - [07/Apr/2025:19:57:52 +0300] "GET /whm-server-status?auto HTTP/1.1" 404 10072 "-" "Python-urllib/3.6"
127.0.0.1 - - [07/Apr/2025:19:59:52 +0300] "GET /whm-server-status?auto HTTP/1.1" 404 10072 "-" "Python-urllib/3.6"
127.0.0.1 - - [07/Apr/2025:20:00:52 +0300] "GET /whm-server-status?auto HTTP/1.1" 404 10072 "-" "Python-urllib/3.6"
154.81.156.10 - - [07/Apr/2025:20:01:41 +0300] "PROPFIND / HTTP/1.1" 501 805 "-" "-"
127.0.0.1 - - [07/Apr/2025:20:01:52 +0300] "GET /whm-server-status?auto HTTP/1.1" 404 10072 "-" "Python-urllib/3.6"
127.0.0.1 - - [07/Apr/2025:20:02:52 +0300] "GET /whm-server-status?auto HTTP/1.1" 404 10072 "-" "Python-urllib/3.6"
127.0.0.1 - - [07/Apr/2025:20:04:52 +0300] "GET /whm-server-status?auto HTTP/1.1" 404 10072 "-" "Python-urllib/3.6"
127.0.0.1 - - [07/Apr/2025:20:06:52 +0300] "GET /whm-server-status?auto HTTP/1.1" 404 10072 "-" "Python-urllib/3.6"
127.0.0.1 - - [07/Apr/2025:20:07:52 +0300] "GET /whm-server-status?auto HTTP/1.1" 404 10072 "-" "Python-urllib/3.6"
127.0.0.1 - - [07/Apr/2025:20:08:52 +0300] "GET /whm-server-status?auto HTTP/1.1" 404 10072 "-" "Python-urllib/3.6"
185.242.226.158 - - [07/Apr/2025:20:09:47 +0300] "GET / HTTP/1.1" 200 163 "-" "Mozilla/5.0 (Windows NT 10.0; Win64; x64) AppleWebKit/537.36 (KHTML, like Gecko) Chrome/88.0.4324.190 Safari/537.36"
127.0.0.1 - - [07/Apr/2025:20:09:52 +0300] "GET /whm-server-status?auto HTTP/1.1" 404 10072 "-" "Python-urllib/3.6"
127.0.0.1 - - [07/Apr/2025:20:10:01 +0300] "GET /whm-server-status HTTP/1.0" 404 10045 "-" "-"
127.0.0.1 - - [07/Apr/2025:20:10:08 +0300] "GET / HTTP/1.0" 200 163 "-" "-"
127.0.0.1 - - [07/Apr/2025:20:12:52 +0300] "GET /whm-server-status?auto HTTP/1.1" 404 10072 "-" "Python-urllib/3.6"
127.0.0.1 - - [07/Apr/2025:20:13:52 +0300] "GET /whm-server-status?auto HTTP/1.1" 404 10072 "-" "Python-urllib/3.6"
127.0.0.1 - - [07/Apr/2025:20:15:01 +0300] "GET /whm-server-status HTTP/1.0" 404 10045 "-" "-"
127.0.0.1 - - [07/Apr/2025:20:17:52 +0300] "GET /whm-server-status?auto HTTP/1.1" 404 10072 "-" "Python-urllib/3.6"
127.0.0.1 - - [07/Apr/2025:20:18:52 +0300] "GET /whm-server-status?auto HTTP/1.1" 404 10072 "-" "Python-urllib/3.6"
127.0.0.1 - - [07/Apr/2025:20:20:01 +0300] "GET /whm-server-status HTTP/1.0" 404 10045 "-" "-"
127.0.0.1 - - [07/Apr/2025:20:21:52 +0300] "GET /whm-server-status?auto HTTP/1.1" 404 10072 "-" "Python-urllib/3.6"
127.0.0.1 - - [07/Apr/2025:20:23:52 +0300] "GET /whm-server-status?auto HTTP/1.1" 404 10072 "-" "Python-urllib/3.6"
127.0.0.1 - - [07/Apr/2025:20:24:52 +0300] "GET /whm-server-status?auto HTTP/1.1" 404 10072 "-" "Python-urllib/3.6"
127.0.0.1 - - [07/Apr/2025:20:25:09 +0300] "GET / HTTP/1.0" 200 163 "-" "-"
127.0.0.1 - - [07/Apr/2025:20:25:52 +0300] "GET /whm-server-status?auto HTTP/1.1" 404 10072 "-" "Python-urllib/3.6"
127.0.0.1 - - [07/Apr/2025:20:26:52 +0300] "GET /whm-server-status?auto HTTP/1.1" 404 10072 "-" "Python-urllib/3.6"
127.0.0.1 - - [07/Apr/2025:20:10:52 +0300] "GET /whm-server-status?auto HTTP/1.1" 404 10072 "-" "Python-urllib/3.6"
127.0.0.1 - - [07/Apr/2025:20:11:52 +0300] "GET /whm-server-status?auto HTTP/1.1" 404 10072 "-" "Python-urllib/3.6"
127.0.0.1 - - [07/Apr/2025:20:14:52 +0300] "GET /whm-server-status?auto HTTP/1.1" 404 10072 "-" "Python-urllib/3.6"
127.0.0.1 - - [07/Apr/2025:20:15:52 +0300] "GET /whm-server-status?auto HTTP/1.1" 404 10072 "-" "Python-urllib/3.6"
127.0.0.1 - - [07/Apr/2025:20:16:52 +0300] "GET /whm-server-status?auto HTTP/1.1" 404 10072 "-" "Python-urllib/3.6"
127.0.0.1 - - [07/Apr/2025:20:19:52 +0300] "GET /whm-server-status?auto HTTP/1.1" 404 10072 "-" "Python-urllib/3.6"
127.0.0.1 - - [07/Apr/2025:20:20:07 +0300] "GET / HTTP/1.0" 200 163 "-" "-"
127.0.0.1 - - [07/Apr/2025:20:20:52 +0300] "GET /whm-server-status?auto HTTP/1.1" 404 10072 "-" "Python-urllib/3.6"
127.0.0.1 - - [07/Apr/2025:20:22:52 +0300] "GET /whm-server-status?auto HTTP/1.1" 404 10072 "-" "Python-urllib/3.6"
127.0.0.1 - - [07/Apr/2025:20:25:01 +0300] "GET /whm-server-status HTTP/1.0" 404 10045 "-" "-"
192.187.120.162 - - [07/Apr/2025:20:25:35 +0300] "GET / HTTP/1.1" 200 163 "-" "Mozilla/5.0"
127.0.0.1 - - [07/Apr/2025:20:27:52 +0300] "GET /whm-server-status?auto HTTP/1.1" 404 10072 "-" "Python-urllib/3.6"
127.0.0.1 - - [07/Apr/2025:20:30:01 +0300] "GET /whm-server-status HTTP/1.0" 404 10045 "-" "-"
127.0.0.1 - - [07/Apr/2025:20:30:52 +0300] "GET /whm-server-status?auto HTTP/1.1" 404 10072 "-" "Python-urllib/3.6"
127.0.0.1 - - [07/Apr/2025:20:31:52 +0300] "GET /whm-server-status?auto HTTP/1.1" 404 10072 "-" "Python-urllib/3.6"
127.0.0.1 - - [07/Apr/2025:20:34:52 +0300] "GET /whm-server-status?auto HTTP/1.1" 404 10072 "-" "Python-urllib/3.6"
127.0.0.1 - - [07/Apr/2025:20:35:01 +0300] "GET /whm-server-status HTTP/1.0" 404 10045 "-" "-"
78.153.140.93 - - [07/Apr/2025:20:35:04 +0300] "GET /.env HTTP/1.1" 404 4929 "-" "Mozilla/5.0 (Windows NT 10.0; Win64; x64) AppleWebKit/537.36 (KHTML, like Gecko) Chrome/116.0.5845.140 Safari/537.36"
78.153.140.93 - - [07/Apr/2025:20:35:04 +0300] "GET /.env HTTP/1.1" 404 4930 "-" "Mozilla/5.0 (Windows NT 10.0; Win64; x64) AppleWebKit/537.36 (KHTML, like Gecko) Chrome/116.0.5845.140 Safari/537.36"
127.0.0.1 - - [07/Apr/2025:20:35:07 +0300] "GET / HTTP/1.0" 200 163 "-" "-"
93.174.93.12 - - [07/Apr/2025:20:35:33 +0300] "GET / HTTP/1.0" 200 163 "-" "Mozilla/5.0 (Linux; Android 9; ONEPLUS A5010) AppleWebKit/537.36 (KHTML, like Gecko) Chrome/76.0.3809.111 Mobile Safari/537.36"
127.0.0.1 - - [07/Apr/2025:20:37:52 +0300] "GET /whm-server-status?auto HTTP/1.1" 404 10072 "-" "Python-urllib/3.6"
127.0.0.1 - - [07/Apr/2025:20:39:52 +0300] "GET /whm-server-status?auto HTTP/1.1" 404 10072 "-" "Python-urllib/3.6"
127.0.0.1 - - [07/Apr/2025:20:40:01 +0300] "GET /whm-server-status HTTP/1.0" 404 10045 "-" "-"
127.0.0.1 - - [07/Apr/2025:20:41:52 +0300] "GET /whm-server-status?auto HTTP/1.1" 404 10072 "-" "Python-urllib/3.6"
127.0.0.1 - - [07/Apr/2025:20:43:52 +0300] "GET /whm-server-status?auto HTTP/1.1" 404 10072 "-" "Python-urllib/3.6"
154.81.156.35 - - [07/Apr/2025:20:28:09 +0300] "GET / HTTP/1.1" 200 163 "-" "Mozilla/5.0 (Windows NT 10.0; Win64; x64) AppleWebKit/537.36 (KHTML, like Gecko) Chrome/90.0.4430.85 Safari/537.36 Edg/90.0.818.46"
127.0.0.1 - - [07/Apr/2025:20:28:52 +0300] "GET /whm-server-status?auto HTTP/1.1" 404 10072 "-" "Python-urllib/3.6"
188.166.211.188 - - [07/Apr/2025:20:29:31 +0300] "GET /wp-admin/setup-config.php?step=1 HTTP/1.1" 404 4943 "-" "Apache/2.4.34 (Ubuntu) OpenSSL/1.1.1 (internal dummy connection)"
188.166.211.188 - - [07/Apr/2025:20:29:31 +0300] "GET /wordpress/wp-admin/setup-config.php?step=1 HTTP/1.1" 404 4943 "-" "Apache/2.4.34 (Ubuntu) OpenSSL/1.1.1 (internal dummy connection)"
127.0.0.1 - - [07/Apr/2025:20:29:52 +0300] "GET /whm-server-status?auto HTTP/1.1" 404 10072 "-" "Python-urllib/3.6"
127.0.0.1 - - [07/Apr/2025:20:32:52 +0300] "GET /whm-server-status?auto HTTP/1.1" 404 10072 "-" "Python-urllib/3.6"
127.0.0.1 - - [07/Apr/2025:20:33:52 +0300] "GET /whm-server-status?auto HTTP/1.1" 404 10072 "-" "Python-urllib/3.6"
78.153.140.93 - - [07/Apr/2025:20:35:04 +0300] "POST / HTTP/1.1" 200 163 "-" "Mozilla/5.0 (Windows NT 10.0; Win64; x64) AppleWebKit/537.36 (KHTML, like Gecko) Chrome/116.0.5845.140 Safari/537.36"
78.153.140.93 - - [07/Apr/2025:20:35:04 +0300] "POST / HTTP/1.1" 200 163 "-" "Mozilla/5.0 (Windows NT 10.0; Win64; x64) AppleWebKit/537.36 (KHTML, like Gecko) Chrome/116.0.5845.140 Safari/537.36"
127.0.0.1 - - [07/Apr/2025:20:35:52 +0300] "GET /whm-server-status?auto HTTP/1.1" 404 10072 "-" "Python-urllib/3.6"
127.0.0.1 - - [07/Apr/2025:20:36:52 +0300] "GET /whm-server-status?auto HTTP/1.1" 404 10072 "-" "Python-urllib/3.6"
127.0.0.1 - - [07/Apr/2025:20:38:52 +0300] "GET /whm-server-status?auto HTTP/1.1" 404 10072 "-" "Python-urllib/3.6"
127.0.0.1 - - [07/Apr/2025:20:40:09 +0300] "GET / HTTP/1.0" 200 163 "-" "-"
127.0.0.1 - - [07/Apr/2025:20:40:52 +0300] "GET /whm-server-status?auto HTTP/1.1" 404 10072 "-" "Python-urllib/3.6"
127.0.0.1 - - [07/Apr/2025:20:42:52 +0300] "GET /whm-server-status?auto HTTP/1.1" 404 10072 "-" "Python-urllib/3.6"
127.0.0.1 - - [07/Apr/2025:20:45:52 +0300] "GET /whm-server-status?auto HTTP/1.1" 404 10072 "-" "Python-urllib/3.6"
127.0.0.1 - - [07/Apr/2025:20:46:52 +0300] "GET /whm-server-status?auto HTTP/1.1" 404 10072 "-" "Python-urllib/3.6"
127.0.0.1 - - [07/Apr/2025:20:50:07 +0300] "GET / HTTP/1.0" 200 163 "-" "-"
127.0.0.1 - - [07/Apr/2025:20:50:52 +0300] "GET /whm-server-status?auto HTTP/1.1" 404 10072 "-" "Python-urllib/3.6"
127.0.0.1 - - [07/Apr/2025:20:51:52 +0300] "GET /whm-server-status?auto HTTP/1.1" 404 10072 "-" "Python-urllib/3.6"
127.0.0.1 - - [07/Apr/2025:20:55:52 +0300] "GET /whm-server-status?auto HTTP/1.1" 404 10072 "-" "Python-urllib/3.6"
127.0.0.1 - - [07/Apr/2025:20:56:52 +0300] "GET /whm-server-status?auto HTTP/1.1" 404 10072 "-" "Python-urllib/3.6"
127.0.0.1 - - [07/Apr/2025:20:57:52 +0300] "GET /whm-server-status?auto HTTP/1.1" 404 10072 "-" "Python-urllib/3.6"
127.0.0.1 - - [07/Apr/2025:20:58:52 +0300] "GET /whm-server-status?auto HTTP/1.1" 404 10072 "-" "Python-urllib/3.6"
127.0.0.1 - - [07/Apr/2025:21:00:01 +0300] "GET /whm-server-status HTTP/1.0" 404 10045 "-" "-"
127.0.0.1 - - [07/Apr/2025:20:44:52 +0300] "GET /whm-server-status?auto HTTP/1.1" 404 10072 "-" "Python-urllib/3.6"
127.0.0.1 - - [07/Apr/2025:20:45:01 +0300] "GET /whm-server-status HTTP/1.0" 404 10045 "-" "-"
127.0.0.1 - - [07/Apr/2025:20:47:52 +0300] "GET /whm-server-status?auto HTTP/1.1" 404 10072 "-" "Python-urllib/3.6"
127.0.0.1 - - [07/Apr/2025:20:48:52 +0300] "GET /whm-server-status?auto HTTP/1.1" 404 10072 "-" "Python-urllib/3.6"
127.0.0.1 - - [07/Apr/2025:20:49:52 +0300] "GET /whm-server-status?auto HTTP/1.1" 404 10072 "-" "Python-urllib/3.6"
127.0.0.1 - - [07/Apr/2025:20:50:01 +0300] "GET /whm-server-status HTTP/1.0" 404 10045 "-" "-"
154.81.156.10 - - [07/Apr/2025:20:51:31 +0300] "PROPFIND / HTTP/1.1" 501 805 "-" "-"
127.0.0.1 - - [07/Apr/2025:20:52:52 +0300] "GET /whm-server-status?auto HTTP/1.1" 404 10072 "-" "Python-urllib/3.6"
127.0.0.1 - - [07/Apr/2025:20:53:52 +0300] "GET /whm-server-status?auto HTTP/1.1" 404 10072 "-" "Python-urllib/3.6"
127.0.0.1 - - [07/Apr/2025:20:54:52 +0300] "GET /whm-server-status?auto HTTP/1.1" 404 10072 "-" "Python-urllib/3.6"
127.0.0.1 - - [07/Apr/2025:20:55:02 +0300] "GET /whm-server-status HTTP/1.0" 404 10045 "-" "-"
127.0.0.1 - - [07/Apr/2025:20:55:09 +0300] "GET / HTTP/1.0" 200 163 "-" "-"
154.81.156.34 - - [07/Apr/2025:20:55:23 +0300] "GET / HTTP/1.1" 200 163 "-" "Mozilla/5.0 (Windows NT 10.0; Win64; x64) AppleWebKit/537.36 (KHTML, like Gecko) Chrome/90.0.4430.85 Safari/537.36 Edg/90.0.818.46"
127.0.0.1 - - [07/Apr/2025:20:59:52 +0300] "GET /whm-server-status?auto HTTP/1.1" 404 10072 "-" "Python-urllib/3.6"
127.0.0.1 - - [07/Apr/2025:21:00:52 +0300] "GET /whm-server-status?auto HTTP/1.1" 404 10072 "-" "Python-urllib/3.6"
127.0.0.1 - - [07/Apr/2025:21:01:52 +0300] "GET /whm-server-status?auto HTTP/1.1" 404 10072 "-" "Python-urllib/3.6"
127.0.0.1 - - [07/Apr/2025:21:02:52 +0300] "GET /whm-server-status?auto HTTP/1.1" 404 10072 "-" "Python-urllib/3.6"
127.0.0.1 - - [07/Apr/2025:21:05:07 +0300] "GET / HTTP/1.0" 200 163 "-" "-"
127.0.0.1 - - [07/Apr/2025:21:05:52 +0300] "GET /whm-server-status?auto HTTP/1.1" 404 10072 "-" "Python-urllib/3.6"
127.0.0.1 - - [07/Apr/2025:21:07:52 +0300] "GET /whm-server-status?auto HTTP/1.1" 404 10072 "-" "Python-urllib/3.6"
127.0.0.1 - - [07/Apr/2025:21:08:52 +0300] "GET /whm-server-status?auto HTTP/1.1" 404 10072 "-" "Python-urllib/3.6"
4.236.191.71 - - [07/Apr/2025:21:10:28 +0300] "GET /autodiscover/autodiscover.json?@zdi/Powershell HTTP/1.1" 404 4930 "-" "Mozilla/5.0 zgrab/0.x"
127.0.0.1 - - [07/Apr/2025:21:10:52 +0300] "GET /whm-server-status?auto HTTP/1.1" 404 10072 "-" "Python-urllib/3.6"
127.0.0.1 - - [07/Apr/2025:21:11:52 +0300] "GET /whm-server-status?auto HTTP/1.1" 404 10072 "-" "Python-urllib/3.6"
127.0.0.1 - - [07/Apr/2025:21:12:52 +0300] "GET /whm-server-status?auto HTTP/1.1" 404 10072 "-" "Python-urllib/3.6"
127.0.0.1 - - [07/Apr/2025:21:16:52 +0300] "GET /whm-server-status?auto HTTP/1.1" 404 10072 "-" "Python-urllib/3.6"
127.0.0.1 - - [07/Apr/2025:21:03:52 +0300] "GET /whm-server-status?auto HTTP/1.1" 404 10072 "-" "Python-urllib/3.6"
127.0.0.1 - - [07/Apr/2025:21:04:52 +0300] "GET /whm-server-status?auto HTTP/1.1" 404 10072 "-" "Python-urllib/3.6"
127.0.0.1 - - [07/Apr/2025:21:05:01 +0300] "GET /whm-server-status HTTP/1.0" 404 10045 "-" "-"
127.0.0.1 - - [07/Apr/2025:21:06:52 +0300] "GET /whm-server-status?auto HTTP/1.1" 404 10072 "-" "Python-urllib/3.6"
92.255.57.58 - - [07/Apr/2025:21:08:06 +0300] "GET / HTTP/1.1" 200 163 "-" "Mozilla/5.0 (Windows NT 10.0; Win64; x64) AppleWebKit/537.36 (KHTML, like Gecko) Chrome/78.0.3904.108 Safari/537.36"
127.0.0.1 - - [07/Apr/2025:21:09:52 +0300] "GET /whm-server-status?auto HTTP/1.1" 404 10072 "-" "Python-urllib/3.6"
127.0.0.1 - - [07/Apr/2025:21:10:02 +0300] "GET /whm-server-status HTTP/1.0" 404 10045 "-" "-"
127.0.0.1 - - [07/Apr/2025:21:10:09 +0300] "GET / HTTP/1.0" 200 163 "-" "-"
92.255.57.58 - - [07/Apr/2025:21:13:47 +0300] "GET / HTTP/1.1" 200 163 "-" "Mozilla/5.0 (Windows NT 10.0; Win64; x64) AppleWebKit/537.36 (KHTML, like Gecko) Chrome/78.0.3904.108 Safari/537.36"
127.0.0.1 - - [07/Apr/2025:21:13:52 +0300] "GET /whm-server-status?auto HTTP/1.1" 404 10072 "-" "Python-urllib/3.6"
154.212.141.224 - - [07/Apr/2025:21:14:02 +0300] "GET /v1 HTTP/1.1" 404 10096 "-" "-"
154.212.141.224 - - [07/Apr/2025:21:14:03 +0300] "GET / HTTP/1.1" 200 163 "-" "-"
127.0.0.1 - - [07/Apr/2025:21:14:52 +0300] "GET /whm-server-status?auto HTTP/1.1" 404 10072 "-" "Python-urllib/3.6"
127.0.0.1 - - [07/Apr/2025:21:15:01 +0300] "GET /whm-server-status HTTP/1.0" 404 10045 "-" "-"
127.0.0.1 - - [07/Apr/2025:21:15:52 +0300] "GET /whm-server-status?auto HTTP/1.1" 404 10072 "-" "Python-urllib/3.6"
127.0.0.1 - - [07/Apr/2025:21:17:52 +0300] "GET /whm-server-status?auto HTTP/1.1" 404 10072 "-" "Python-urllib/3.6"
127.0.0.1 - - [07/Apr/2025:21:18:52 +0300] "GET /whm-server-status?auto HTTP/1.1" 404 10072 "-" "Python-urllib/3.6"
198.235.24.163 - - [07/Apr/2025:21:20:01 +0300] "GET / HTTP/1.1" 200 163 "-" "Expanse, a Palo Alto Networks company, searches across the global IPv4 space multiple times per day to identify customers&#39; presences on the Internet. If you would like to be excluded from our scans, please send IP addresses/domains to: scaninfo@paloaltonetworks.com"
127.0.0.1 - - [07/Apr/2025:21:20:07 +0300] "GET / HTTP/1.0" 200 163 "-" "-"
127.0.0.1 - - [07/Apr/2025:21:21:52 +0300] "GET /whm-server-status?auto HTTP/1.1" 404 10072 "-" "Python-urllib/3.6"
127.0.0.1 - - [07/Apr/2025:21:22:52 +0300] "GET /whm-server-status?auto HTTP/1.1" 404 10072 "-" "Python-urllib/3.6"
127.0.0.1 - - [07/Apr/2025:21:23:52 +0300] "GET /whm-server-status?auto HTTP/1.1" 404 10072 "-" "Python-urllib/3.6"
127.0.0.1 - - [07/Apr/2025:21:24:52 +0300] "GET /whm-server-status?auto HTTP/1.1" 404 10072 "-" "Python-urllib/3.6"
127.0.0.1 - - [07/Apr/2025:21:25:01 +0300] "GET /whm-server-status HTTP/1.0" 404 10045 "-" "-"
127.0.0.1 - - [07/Apr/2025:21:27:52 +0300] "GET /whm-server-status?auto HTTP/1.1" 404 10072 "-" "Python-urllib/3.6"
127.0.0.1 - - [07/Apr/2025:21:29:52 +0300] "GET /whm-server-status?auto HTTP/1.1" 404 10072 "-" "Python-urllib/3.6"
127.0.0.1 - - [07/Apr/2025:21:30:52 +0300] "GET /whm-server-status?auto HTTP/1.1" 404 10072 "-" "Python-urllib/3.6"
127.0.0.1 - - [07/Apr/2025:21:31:52 +0300] "GET /whm-server-status?auto HTTP/1.1" 404 10072 "-" "Python-urllib/3.6"
118.26.36.34 - - [07/Apr/2025:21:32:41 +0300] "GET / HTTP/1.1" 200 163 "http://184.27.252.93" "Mozilla/5.0 (Windows NT 6.1) AppleWebKit/537.36 (KHTML, like Gecko) Chrome/49.0.2623.112 Safari/537.36"
118.26.36.34 - - [07/Apr/2025:21:32:42 +0300] "GET /cgi-sys/favicon.ico HTTP/1.1" 404 10090 "http://142.132.169.165" "Mozilla/5.0 (Windows NT 6.1) AppleWebKit/537.36 (KHTML, like Gecko) Chrome/49.0.2623.112 Safari/537.36"
127.0.0.1 - - [07/Apr/2025:21:32:52 +0300] "GET /whm-server-status?auto HTTP/1.1" 404 10072 "-" "Python-urllib/3.6"
127.0.0.1 - - [07/Apr/2025:21:33:52 +0300] "GET /whm-server-status?auto HTTP/1.1" 404 10072 "-" "Python-urllib/3.6"
127.0.0.1 - - [07/Apr/2025:21:19:52 +0300] "GET /whm-server-status?auto HTTP/1.1" 404 10072 "-" "Python-urllib/3.6"
127.0.0.1 - - [07/Apr/2025:21:20:01 +0300] "GET /whm-server-status HTTP/1.0" 404 10045 "-" "-"
127.0.0.1 - - [07/Apr/2025:21:20:52 +0300] "GET /whm-server-status?auto HTTP/1.1" 404 10072 "-" "Python-urllib/3.6"
92.255.57.58 - - [07/Apr/2025:21:24:05 +0300] "POST /Autodiscover/Autodiscover.xml HTTP/1.1" 200 363 "-" "Mozilla/5.0 (Windows NT 10.0; Win64; x64) AppleWebKit/537.36 (KHTML, like Gecko) Chrome/78.0.3904.108 Safari/537.36"
127.0.0.1 - - [07/Apr/2025:21:25:52 +0300] "GET /whm-server-status?auto HTTP/1.1" 404 10072 "-" "Python-urllib/3.6"
127.0.0.1 - - [07/Apr/2025:21:26:52 +0300] "GET /whm-server-status?auto HTTP/1.1" 404 10072 "-" "Python-urllib/3.6"
127.0.0.1 - - [07/Apr/2025:21:28:48 +0300] "GET / HTTP/1.0" 200 163 "-" "-"
127.0.0.1 - - [07/Apr/2025:21:28:52 +0300] "GET /whm-server-status?auto HTTP/1.1" 404 10072 "-" "Python-urllib/3.6"
127.0.0.1 - - [07/Apr/2025:21:30:01 +0300] "GET /whm-server-status HTTP/1.0" 404 10045 "-" "-"
