103.102.230.20 - - [07/Apr/2025:21:30:47 +0300] "GET /.git/config HTTP/1.1" 403 72 "-" "Mozilla/5.0 (Macintosh; Intel Mac OS X 14_3) AppleWebKit/605.1.15 (KHTML, like Gecko) Version/17.4 Safari/605.1.15"
92.255.57.58 - - [07/Apr/2025:21:32:27 +0300] "POST /vendor/phpunit/phpunit/src/Util/PHP/eval-stdin.php HTTP/1.1" 404 4932 "-" "Mozilla/5.0 (Windows NT 10.0; Win64; x64) AppleWebKit/537.36 (KHTML, like Gecko) Chrome/78.0.3904.108 Safari/537.36"
118.26.36.34 - - [07/Apr/2025:21:32:42 +0300] "GET /cgi-sys/defaultwebpage.cgi HTTP/1.1" 200 6948 "http://223.29.45.155" "Mozilla/5.0 (Windows NT 6.1) AppleWebKit/537.36 (KHTML, like Gecko) Chrome/49.0.2623.112 Safari/537.36"
118.26.36.34 - - [07/Apr/2025:21:32:43 +0300] "GET /favicon.ico HTTP/1.1" 404 10090 "http://142.132.169.165" "Mozilla/5.0 (Windows NT 6.1) AppleWebKit/537.36 (KHTML, like Gecko) Chrome/49.0.2623.112 Safari/537.36"
167.94.138.39 - - [07/Apr/2025:21:34:42 +0300] "GET /favicon.ico HTTP/1.1" 404 4934 "http://142.132.169.165:443/favicon.ico" "Mozilla/5.0 (compatible; CensysInspect/1.1; +https://about.censys.io/)"
127.0.0.1 - - [07/Apr/2025:21:34:52 +0300] "GET /whm-server-status?auto HTTP/1.1" 404 10072 "-" "Python-urllib/3.6"
127.0.0.1 - - [07/Apr/2025:21:34:53 +0300] "GET / HTTP/1.0" 200 163 "-" "-"
127.0.0.1 - - [07/Apr/2025:21:35:01 +0300] "GET /whm-server-status HTTP/1.0" 404 10045 "-" "-"
127.0.0.1 - - [07/Apr/2025:21:35:52 +0300] "GET /whm-server-status?auto HTTP/1.1" 404 10072 "-" "Python-urllib/3.6"
127.0.0.1 - - [07/Apr/2025:21:37:52 +0300] "GET /whm-server-status?auto HTTP/1.1" 404 10072 "-" "Python-urllib/3.6"
127.0.0.1 - - [07/Apr/2025:21:38:52 +0300] "GET /whm-server-status?auto HTTP/1.1" 404 10072 "-" "Python-urllib/3.6"
127.0.0.1 - - [07/Apr/2025:21:39:57 +0300] "GET / HTTP/1.0" 200 163 "-" "-"
154.81.156.10 - - [07/Apr/2025:21:40:00 +0300] "PROPFIND / HTTP/1.1" 501 805 "-" "-"
127.0.0.1 - - [07/Apr/2025:21:40:01 +0300] "GET /whm-server-status HTTP/1.0" 404 10045 "-" "-"
127.0.0.1 - - [07/Apr/2025:21:43:52 +0300] "GET /whm-server-status?auto HTTP/1.1" 404 10072 "-" "Python-urllib/3.6"
127.0.0.1 - - [07/Apr/2025:21:44:52 +0300] "GET /whm-server-status?auto HTTP/1.1" 404 10072 "-" "Python-urllib/3.6"
127.0.0.1 - - [07/Apr/2025:21:44:59 +0300] "GET / HTTP/1.0" 200 163 "-" "-"
127.0.0.1 - - [07/Apr/2025:21:45:52 +0300] "GET /whm-server-status?auto HTTP/1.1" 404 10072 "-" "Python-urllib/3.6"
127.0.0.1 - - [07/Apr/2025:21:47:52 +0300] "GET /whm-server-status?auto HTTP/1.1" 404 10072 "-" "Python-urllib/3.6"
127.0.0.1 - - [07/Apr/2025:21:48:52 +0300] "GET /whm-server-status?auto HTTP/1.1" 404 10072 "-" "Python-urllib/3.6"
127.0.0.1 - - [07/Apr/2025:21:50:01 +0300] "GET /whm-server-status HTTP/1.0" 404 10045 "-" "-"
127.0.0.1 - - [07/Apr/2025:21:36:52 +0300] "GET /whm-server-status?auto HTTP/1.1" 404 10072 "-" "Python-urllib/3.6"
127.0.0.1 - - [07/Apr/2025:21:39:52 +0300] "GET /whm-server-status?auto HTTP/1.1" 404 10072 "-" "Python-urllib/3.6"
127.0.0.1 - - [07/Apr/2025:21:40:52 +0300] "GET /whm-server-status?auto HTTP/1.1" 404 10072 "-" "Python-urllib/3.6"
127.0.0.1 - - [07/Apr/2025:21:41:52 +0300] "GET /whm-server-status?auto HTTP/1.1" 404 10072 "-" "Python-urllib/3.6"
127.0.0.1 - - [07/Apr/2025:21:42:52 +0300] "GET /whm-server-status?auto HTTP/1.1" 404 10072 "-" "Python-urllib/3.6"
154.81.156.35 - - [07/Apr/2025:21:43:07 +0300] "GET / HTTP/1.1" 200 163 "-" "Mozilla/5.0 (Windows NT 10.0; Win64; x64) AppleWebKit/537.36 (KHTML, like Gecko) Chrome/90.0.4430.85 Safari/537.36 Edg/90.0.818.46"
127.0.0.1 - - [07/Apr/2025:21:45:02 +0300] "GET /whm-server-status HTTP/1.0" 404 10045 "-" "-"
92.255.57.58 - - [07/Apr/2025:21:46:26 +0300] "GET /vendor/phpunit/phpunit/src/Util/PHP/eval-stdin.php HTTP/1.1" 404 4932 "-" "Mozilla/5.0 (Windows NT 10.0; Win64; x64) AppleWebKit/537.36 (KHTML, like Gecko) Chrome/78.0.3904.108 Safari/537.36"
127.0.0.1 - - [07/Apr/2025:21:46:52 +0300] "GET /whm-server-status?auto HTTP/1.1" 404 10072 "-" "Python-urllib/3.6"
127.0.0.1 - - [07/Apr/2025:21:49:52 +0300] "GET /whm-server-status?auto HTTP/1.1" 404 10072 "-" "Python-urllib/3.6"
127.0.0.1 - - [07/Apr/2025:21:50:07 +0300] "GET / HTTP/1.0" 200 163 "-" "-"
192.187.120.162 - - [07/Apr/2025:21:50:47 +0300] "GET / HTTP/2" 200 163 "-" "Mozilla/5.0"
127.0.0.1 - - [07/Apr/2025:21:50:52 +0300] "GET /whm-server-status?auto HTTP/1.1" 404 10072 "-" "Python-urllib/3.6"
127.0.0.1 - - [07/Apr/2025:21:51:52 +0300] "GET /whm-server-status?auto HTTP/1.1" 404 10072 "-" "Python-urllib/3.6"
127.0.0.1 - - [07/Apr/2025:21:52:52 +0300] "GET /whm-server-status?auto HTTP/1.1" 404 10072 "-" "Python-urllib/3.6"
127.0.0.1 - - [07/Apr/2025:21:53:52 +0300] "GET /whm-server-status?auto HTTP/1.1" 404 10072 "-" "Python-urllib/3.6"
92.255.57.58 - - [07/Apr/2025:21:54:58 +0300] "GET /solr/admin/info/system?wt=json HTTP/1.1" 404 4932 "-" "Mozilla/5.0 (Windows NT 10.0; Win64; x64) AppleWebKit/537.36 (KHTML, like Gecko) Chrome/78.0.3904.108 Safari/537.36"
127.0.0.1 - - [07/Apr/2025:21:55:09 +0300] "GET / HTTP/1.0" 200 163 "-" "-"
127.0.0.1 - - [07/Apr/2025:21:56:52 +0300] "GET /whm-server-status?auto HTTP/1.1" 404 10072 "-" "Python-urllib/3.6"
127.0.0.1 - - [07/Apr/2025:22:00:01 +0300] "GET /whm-server-status HTTP/1.0" 404 10045 "-" "-"
127.0.0.1 - - [07/Apr/2025:22:00:52 +0300] "GET /whm-server-status?auto HTTP/1.1" 404 10072 "-" "Python-urllib/3.6"
127.0.0.1 - - [07/Apr/2025:22:04:52 +0300] "GET /whm-server-status?auto HTTP/1.1" 404 10072 "-" "Python-urllib/3.6"
127.0.0.1 - - [07/Apr/2025:22:05:06 +0300] "GET / HTTP/1.0" 200 163 "-" "-"
127.0.0.1 - - [07/Apr/2025:22:05:52 +0300] "GET /whm-server-status?auto HTTP/1.1" 404 10072 "-" "Python-urllib/3.6"
103.102.230.20 - - [07/Apr/2025:21:51:16 +0300] "GET /.git/config HTTP/1.1" 403 72 "-" "Mozilla/5.0 (Macintosh; Intel Mac OS X 10_15_7) AppleWebKit/605.1.15 (KHTML, like Gecko) Version/17.4.1 Safari/605.1.35"
127.0.0.1 - - [07/Apr/2025:21:54:52 +0300] "GET /whm-server-status?auto HTTP/1.1" 404 10072 "-" "Python-urllib/3.6"
127.0.0.1 - - [07/Apr/2025:21:55:01 +0300] "GET /whm-server-status HTTP/1.0" 404 10045 "-" "-"
127.0.0.1 - - [07/Apr/2025:21:55:52 +0300] "GET /whm-server-status?auto HTTP/1.1" 404 10072 "-" "Python-urllib/3.6"
127.0.0.1 - - [07/Apr/2025:21:57:52 +0300] "GET /whm-server-status?auto HTTP/1.1" 404 10072 "-" "Python-urllib/3.6"
127.0.0.1 - - [07/Apr/2025:21:58:52 +0300] "GET /whm-server-status?auto HTTP/1.1" 404 10072 "-" "Python-urllib/3.6"
127.0.0.1 - - [07/Apr/2025:21:59:52 +0300] "GET /whm-server-status?auto HTTP/1.1" 404 10072 "-" "Python-urllib/3.6"
127.0.0.1 - - [07/Apr/2025:22:01:52 +0300] "GET /whm-server-status?auto HTTP/1.1" 404 10072 "-" "Python-urllib/3.6"
127.0.0.1 - - [07/Apr/2025:22:02:52 +0300] "GET /whm-server-status?auto HTTP/1.1" 404 10072 "-" "Python-urllib/3.6"
127.0.0.1 - - [07/Apr/2025:22:03:52 +0300] "GET /whm-server-status?auto HTTP/1.1" 404 10072 "-" "Python-urllib/3.6"
127.0.0.1 - - [07/Apr/2025:22:05:01 +0300] "GET /whm-server-status HTTP/1.0" 404 10045 "-" "-"
127.0.0.1 - - [07/Apr/2025:22:06:52 +0300] "GET /whm-server-status?auto HTTP/1.1" 404 10072 "-" "Python-urllib/3.6"
127.0.0.1 - - [07/Apr/2025:22:08:52 +0300] "GET /whm-server-status?auto HTTP/1.1" 404 10072 "-" "Python-urllib/3.6"
127.0.0.1 - - [07/Apr/2025:22:10:01 +0300] "GET /whm-server-status HTTP/1.0" 404 10045 "-" "-"
127.0.0.1 - - [07/Apr/2025:22:11:52 +0300] "GET /whm-server-status?auto HTTP/1.1" 404 10072 "-" "Python-urllib/3.6"
127.0.0.1 - - [07/Apr/2025:22:14:52 +0300] "GET /whm-server-status?auto HTTP/1.1" 404 10072 "-" "Python-urllib/3.6"
127.0.0.1 - - [07/Apr/2025:22:16:52 +0300] "GET /whm-server-status?auto HTTP/1.1" 404 10072 "-" "Python-urllib/3.6"
127.0.0.1 - - [07/Apr/2025:22:18:52 +0300] "GET /whm-server-status?auto HTTP/1.1" 404 10072 "-" "Python-urllib/3.6"
127.0.0.1 - - [07/Apr/2025:22:19:52 +0300] "GET /whm-server-status?auto HTTP/1.1" 404 10072 "-" "Python-urllib/3.6"
127.0.0.1 - - [07/Apr/2025:22:20:01 +0300] "GET /whm-server-status HTTP/1.0" 404 10045 "-" "-"
127.0.0.1 - - [07/Apr/2025:22:21:52 +0300] "GET /whm-server-status?auto HTTP/1.1" 404 10072 "-" "Python-urllib/3.6"
92.255.57.58 - - [07/Apr/2025:22:22:28 +0300] "GET /?XDEBUG_SESSION_START=phpstorm HTTP/1.1" 200 163 "-" "Mozilla/5.0 (Windows NT 10.0; Win64; x64) AppleWebKit/537.36 (KHTML, like Gecko) Chrome/78.0.3904.108 Safari/537.36"
127.0.0.1 - - [07/Apr/2025:22:22:52 +0300] "GET /whm-server-status?auto HTTP/1.1" 404 10072 "-" "Python-urllib/3.6"
127.0.0.1 - - [07/Apr/2025:22:23:52 +0300] "GET /whm-server-status?auto HTTP/1.1" 404 10072 "-" "Python-urllib/3.6"
127.0.0.1 - - [07/Apr/2025:22:07:52 +0300] "GET /whm-server-status?auto HTTP/1.1" 404 10072 "-" "Python-urllib/3.6"
127.0.0.1 - - [07/Apr/2025:22:09:52 +0300] "GET /whm-server-status?auto HTTP/1.1" 404 10072 "-" "Python-urllib/3.6"
127.0.0.1 - - [07/Apr/2025:22:10:52 +0300] "GET /whm-server-status?auto HTTP/1.1" 404 10072 "-" "Python-urllib/3.6"
127.0.0.1 - - [07/Apr/2025:22:12:52 +0300] "GET /whm-server-status?auto HTTP/1.1" 404 10072 "-" "Python-urllib/3.6"
127.0.0.1 - - [07/Apr/2025:22:13:10 +0300] "GET / HTTP/1.0" 200 163 "-" "-"
127.0.0.1 - - [07/Apr/2025:22:13:52 +0300] "GET /whm-server-status?auto HTTP/1.1" 404 10072 "-" "Python-urllib/3.6"
127.0.0.1 - - [07/Apr/2025:22:15:02 +0300] "GET /whm-server-status HTTP/1.0" 404 10045 "-" "-"
127.0.0.1 - - [07/Apr/2025:22:15:52 +0300] "GET /whm-server-status?auto HTTP/1.1" 404 10072 "-" "Python-urllib/3.6"
127.0.0.1 - - [07/Apr/2025:22:17:52 +0300] "GET /whm-server-status?auto HTTP/1.1" 404 10072 "-" "Python-urllib/3.6"
127.0.0.1 - - [07/Apr/2025:22:20:07 +0300] "GET / HTTP/1.0" 200 163 "-" "-"
127.0.0.1 - - [07/Apr/2025:22:20:52 +0300] "GET /whm-server-status?auto HTTP/1.1" 404 10072 "-" "Python-urllib/3.6"
127.0.0.1 - - [07/Apr/2025:22:25:01 +0300] "GET /whm-server-status HTTP/1.0" 404 10045 "-" "-"
127.0.0.1 - - [07/Apr/2025:22:27:52 +0300] "GET /whm-server-status?auto HTTP/1.1" 404 10072 "-" "Python-urllib/3.6"
154.81.156.10 - - [07/Apr/2025:22:27:58 +0300] "PROPFIND / HTTP/1.1" 501 805 "-" "-"
127.0.0.1 - - [07/Apr/2025:22:29:52 +0300] "GET /whm-server-status?auto HTTP/1.1" 404 10072 "-" "Python-urllib/3.6"
127.0.0.1 - - [07/Apr/2025:22:30:52 +0300] "GET /whm-server-status?auto HTTP/1.1" 404 10072 "-" "Python-urllib/3.6"
127.0.0.1 - - [07/Apr/2025:22:33:52 +0300] "GET /whm-server-status?auto HTTP/1.1" 404 10072 "-" "Python-urllib/3.6"
127.0.0.1 - - [07/Apr/2025:22:34:52 +0300] "GET /whm-server-status?auto HTTP/1.1" 404 10072 "-" "Python-urllib/3.6"
127.0.0.1 - - [07/Apr/2025:22:35:07 +0300] "GET / HTTP/1.0" 200 163 "-" "-"
127.0.0.1 - - [07/Apr/2025:22:35:52 +0300] "GET /whm-server-status?auto HTTP/1.1" 404 10072 "-" "Python-urllib/3.6"
127.0.0.1 - - [07/Apr/2025:22:37:52 +0300] "GET /whm-server-status?auto HTTP/1.1" 404 10072 "-" "Python-urllib/3.6"
127.0.0.1 - - [07/Apr/2025:22:38:52 +0300] "GET /whm-server-status?auto HTTP/1.1" 404 10072 "-" "Python-urllib/3.6"
127.0.0.1 - - [07/Apr/2025:22:40:01 +0300] "GET /whm-server-status HTTP/1.0" 404 10045 "-" "-"
154.81.156.35 - - [07/Apr/2025:22:40:37 +0300] "GET / HTTP/1.1" 200 163 "-" "Mozilla/5.0 (Windows NT 10.0; Win64; x64) AppleWebKit/537.36 (KHTML, like Gecko) Chrome/90.0.4430.85 Safari/537.36 Edg/90.0.818.46"
127.0.0.1 - - [07/Apr/2025:22:40:52 +0300] "GET /whm-server-status?auto HTTP/1.1" 404 10072 "-" "Python-urllib/3.6"
127.0.0.1 - - [07/Apr/2025:22:24:52 +0300] "GET /whm-server-status?auto HTTP/1.1" 404 10072 "-" "Python-urllib/3.6"
127.0.0.1 - - [07/Apr/2025:22:25:09 +0300] "GET / HTTP/1.0" 200 163 "-" "-"
127.0.0.1 - - [07/Apr/2025:22:25:52 +0300] "GET /whm-server-status?auto HTTP/1.1" 404 10072 "-" "Python-urllib/3.6"
127.0.0.1 - - [07/Apr/2025:22:26:52 +0300] "GET /whm-server-status?auto HTTP/1.1" 404 10072 "-" "Python-urllib/3.6"
127.0.0.1 - - [07/Apr/2025:22:28:52 +0300] "GET /whm-server-status?auto HTTP/1.1" 404 10072 "-" "Python-urllib/3.6"
127.0.0.1 - - [07/Apr/2025:22:30:01 +0300] "GET /whm-server-status HTTP/1.0" 404 10045 "-" "-"
127.0.0.1 - - [07/Apr/2025:22:31:52 +0300] "GET /whm-server-status?auto HTTP/1.1" 404 10072 "-" "Python-urllib/3.6"
127.0.0.1 - - [07/Apr/2025:22:32:52 +0300] "GET /whm-server-status?auto HTTP/1.1" 404 10072 "-" "Python-urllib/3.6"
127.0.0.1 - - [07/Apr/2025:22:35:01 +0300] "GET /whm-server-status HTTP/1.0" 404 10045 "-" "-"
127.0.0.1 - - [07/Apr/2025:22:36:52 +0300] "GET /whm-server-status?auto HTTP/1.1" 404 10072 "-" "Python-urllib/3.6"
92.255.57.58 - - [07/Apr/2025:22:37:41 +0300] "GET /console/ HTTP/1.1" 404 4932 "-" "Mozilla/5.0 (Windows NT 10.0; Win64; x64) AppleWebKit/537.36 (KHTML, like Gecko) Chrome/78.0.3904.108 Safari/537.36"
127.0.0.1 - - [07/Apr/2025:22:39:52 +0300] "GET /whm-server-status?auto HTTP/1.1" 404 10072 "-" "Python-urllib/3.6"
127.0.0.1 - - [07/Apr/2025:22:41:30 +0300] "GET / HTTP/1.0" 200 163 "-" "-"
127.0.0.1 - - [07/Apr/2025:22:41:52 +0300] "GET /whm-server-status?auto HTTP/1.1" 404 10072 "-" "Python-urllib/3.6"
127.0.0.1 - - [07/Apr/2025:22:44:52 +0300] "GET /whm-server-status?auto HTTP/1.1" 404 10072 "-" "Python-urllib/3.6"
127.0.0.1 - - [07/Apr/2025:22:45:01 +0300] "GET /whm-server-status HTTP/1.0" 404 10045 "-" "-"
92.255.57.58 - - [07/Apr/2025:22:45:45 +0300] "GET /_ignition/execute-solution HTTP/1.1" 404 4932 "-" "Mozilla/5.0 (Windows NT 10.0; Win64; x64) AppleWebKit/537.36 (KHTML, like Gecko) Chrome/78.0.3904.108 Safari/537.36"
127.0.0.1 - - [07/Apr/2025:22:45:52 +0300] "GET /whm-server-status?auto HTTP/1.1" 404 10072 "-" "Python-urllib/3.6"
127.0.0.1 - - [07/Apr/2025:22:46:52 +0300] "GET /whm-server-status?auto HTTP/1.1" 404 10072 "-" "Python-urllib/3.6"
127.0.0.1 - - [07/Apr/2025:22:47:52 +0300] "GET /whm-server-status?auto HTTP/1.1" 404 10072 "-" "Python-urllib/3.6"
127.0.0.1 - - [07/Apr/2025:22:48:52 +0300] "GET /whm-server-status?auto HTTP/1.1" 404 10072 "-" "Python-urllib/3.6"
127.0.0.1 - - [07/Apr/2025:22:50:07 +0300] "GET / HTTP/1.0" 200 163 "-" "-"
195.178.110.159 - - [07/Apr/2025:22:51:19 +0300] "GET /app/.git/config HTTP/1.1" 403 72 "-" "l9explore/1.2.2"
195.178.110.159 - - [07/Apr/2025:22:51:19 +0300] "GET /repository/.git/config HTTP/1.1" 403 72 "-" "l9explore/1.2.2"
195.178.110.159 - - [07/Apr/2025:22:51:19 +0300] "GET /beta/.git/config HTTP/1.1" 403 72 "-" "l9explore/1.2.2"
195.178.110.159 - - [07/Apr/2025:22:51:19 +0300] "GET /old-cuburn/.git/config HTTP/1.1" 403 72 "-" "l9explore/1.2.2"
195.178.110.159 - - [07/Apr/2025:22:51:19 +0300] "GET /staging/.git/config HTTP/1.1" 403 72 "-" "l9explore/1.2.2"
195.178.110.159 - - [07/Apr/2025:22:51:19 +0300] "GET /awsconf.git/config HTTP/1.1" 404 4929 "-" "l9explore/1.2.2"
195.178.110.159 - - [07/Apr/2025:22:51:19 +0300] "GET /data/.git/config HTTP/1.1" 403 72 "-" "l9explore/1.2.2"
195.178.110.159 - - [07/Apr/2025:22:51:19 +0300] "GET /demo/.git/config HTTP/1.1" 403 72 "-" "l9explore/1.2.2"
195.178.110.159 - - [07/Apr/2025:22:51:19 +0300] "GET /.git/config HTTP/1.1" 403 72 "-" "l9explore/1.2.2"
195.178.110.159 - - [07/Apr/2025:22:51:19 +0300] "GET /aomanalyzer/.git/config HTTP/1.1" 403 72 "-" "l9explore/1.2.2"
195.178.110.159 - - [07/Apr/2025:22:51:19 +0300] "GET /developer/.git/config HTTP/1.1" 403 72 "-" "l9explore/1.2.2"
195.178.110.159 - - [07/Apr/2025:22:51:19 +0300] "GET /dot.git/config HTTP/1.1" 404 4929 "-" "l9explore/1.2.2"
195.178.110.159 - - [07/Apr/2025:22:51:19 +0300] "GET /repos/.git/config HTTP/1.1" 403 72 "-" "l9explore/1.2.2"
195.178.110.159 - - [07/Apr/2025:22:51:19 +0300] "GET /application/.git/config HTTP/1.1" 403 72 "-" "l9explore/1.2.2"
195.178.110.159 - - [07/Apr/2025:22:51:19 +0300] "GET /database/.git/config HTTP/1.1" 403 72 "-" "l9explore/1.2.2"
195.178.110.159 - - [07/Apr/2025:22:51:19 +0300] "GET /git/.git/config HTTP/1.1" 403 72 "-" "l9explore/1.2.2"
195.178.110.159 - - [07/Apr/2025:22:51:19 +0300] "GET /m/.git/config HTTP/1.1" 403 72 "-" "l9explore/1.2.2"
195.178.110.159 - - [07/Apr/2025:22:51:19 +0300] "GET /new/.git/config HTTP/1.1" 403 72 "-" "l9explore/1.2.2"
195.178.110.159 - - [07/Apr/2025:22:51:19 +0300] "GET /shop/.git/config HTTP/1.1" 403 72 "-" "l9explore/1.2.2"
195.178.110.159 - - [07/Apr/2025:22:51:20 +0300] "GET /wiki/.git/config HTTP/1.1" 403 72 "-" "l9explore/1.2.2"
195.178.110.159 - - [07/Apr/2025:22:51:20 +0300] "GET /wp-content/plugins/.git/config HTTP/1.1" 403 72 "-" "l9explore/1.2.2"
195.178.110.159 - - [07/Apr/2025:22:51:20 +0300] "GET /store/.git/config HTTP/1.1" 403 72 "-" "l9explore/1.2.2"
195.178.110.159 - - [07/Apr/2025:22:51:20 +0300] "GET /dev/.git/config HTTP/1.1" 403 72 "-" "l9explore/1.2.2"
195.178.110.159 - - [07/Apr/2025:22:51:20 +0300] "GET /s3/.git/config HTTP/1.1" 403 72 "-" "l9explore/1.2.2"
195.178.110.159 - - [07/Apr/2025:22:51:20 +0300] "GET /wp-includes/js/.git/config HTTP/1.1" 403 72 "-" "l9explore/1.2.2"
127.0.0.1 - - [07/Apr/2025:22:42:52 +0300] "GET /whm-server-status?auto HTTP/1.1" 404 10072 "-" "Python-urllib/3.6"
127.0.0.1 - - [07/Apr/2025:22:43:52 +0300] "GET /whm-server-status?auto HTTP/1.1" 404 10072 "-" "Python-urllib/3.6"
154.81.156.10 - - [07/Apr/2025:22:45:37 +0300] "PROPFIND / HTTP/1.1" 501 805 "-" "-"
127.0.0.1 - - [07/Apr/2025:22:49:52 +0300] "GET /whm-server-status?auto HTTP/1.1" 404 10072 "-" "Python-urllib/3.6"
127.0.0.1 - - [07/Apr/2025:22:50:01 +0300] "GET /whm-server-status HTTP/1.0" 404 10045 "-" "-"
127.0.0.1 - - [07/Apr/2025:22:50:52 +0300] "GET /whm-server-status?auto HTTP/1.1" 404 10072 "-" "Python-urllib/3.6"
195.178.110.159 - - [07/Apr/2025:22:51:19 +0300] "GET / HTTP/1.1" 200 163 "-" "l9tcpid/v1.1.0"
195.178.110.159 - - [07/Apr/2025:22:51:19 +0300] "GET //.git/config HTTP/1.1" 403 72 "-" "l9explore/1.2.2"
195.178.110.159 - - [07/Apr/2025:22:51:19 +0300] "GET /.git/configf HTTP/1.1" 403 72 "-" "l9explore/1.2.2"
195.178.110.159 - - [07/Apr/2025:22:51:19 +0300] "GET /api/.git/config HTTP/1.1" 403 72 "-" "l9explore/1.2.2"
195.178.110.159 - - [07/Apr/2025:22:51:19 +0300] "GET /backup/.git/config HTTP/1.1" 403 72 "-" "l9explore/1.2.2"
195.178.110.159 - - [07/Apr/2025:22:51:19 +0300] "GET /build/.git/config HTTP/1.1" 403 72 "-" "l9explore/1.2.2"
195.178.110.159 - - [07/Apr/2025:22:51:19 +0300] "GET /common/.git/config HTTP/1.1" 403 72 "-" "l9explore/1.2.2"
195.178.110.159 - - [07/Apr/2025:22:51:19 +0300] "GET /flock/.git/config HTTP/1.1" 403 72 "-" "l9explore/1.2.2"
195.178.110.159 - - [07/Apr/2025:22:51:19 +0300] "GET /site/.git/config HTTP/1.1" 403 72 "-" "l9explore/1.2.2"
195.178.110.159 - - [07/Apr/2025:22:51:19 +0300] "GET /web/.git/config HTTP/1.1" 403 72 "-" "l9explore/1.2.2"
195.178.110.159 - - [07/Apr/2025:22:51:19 +0300] "GET /__macosx/.git/config HTTP/1.1" 403 72 "-" "l9explore/1.2.2"
195.178.110.159 - - [07/Apr/2025:22:51:19 +0300] "GET /a/.git/config HTTP/1.1" 403 72 "-" "l9explore/1.2.2"
195.178.110.159 - - [07/Apr/2025:22:51:19 +0300] "GET /blog/.git/config HTTP/1.1" 403 72 "-" "l9explore/1.2.2"
195.178.110.159 - - [07/Apr/2025:22:51:19 +0300] "GET /wp-content/themes/.git/config HTTP/1.1" 403 72 "-" "l9explore/1.2.2"
195.178.110.159 - - [07/Apr/2025:22:51:19 +0300] "GET /admin/.git/config HTTP/1.1" 403 72 "-" "l9explore/1.2.2"
195.178.110.159 - - [07/Apr/2025:22:51:19 +0300] "GET /cms/.git/config HTTP/1.1" 403 72 "-" "l9explore/1.2.2"
195.178.110.159 - - [07/Apr/2025:22:51:19 +0300] "GET /public/.git/config HTTP/1.1" 403 72 "-" "l9explore/1.2.2"
195.178.110.159 - - [07/Apr/2025:22:51:19 +0300] "GET /live/.git/config HTTP/1.1" 403 72 "-" "l9explore/1.2.2"
195.178.110.159 - - [07/Apr/2025:22:51:19 +0300] "GET /prod.git/config HTTP/1.1" 404 4929 "-" "l9explore/1.2.2"
195.178.110.159 - - [07/Apr/2025:22:51:19 +0300] "GET /qa/.git/config HTTP/1.1" 403 72 "-" "l9explore/1.2.2"
195.178.110.159 - - [07/Apr/2025:22:51:20 +0300] "GET /amphtml/.git/config HTTP/1.1" 403 72 "-" "l9explore/1.2.2"
195.178.110.159 - - [07/Apr/2025:22:51:20 +0300] "GET /blog/wp-content/themes/.git/config HTTP/1.1" 403 72 "-" "l9explore/1.2.2"
195.178.110.159 - - [07/Apr/2025:22:51:20 +0300] "GET /samples/.git/config HTTP/1.1" 403 72 "-" "l9explore/1.2.2"
195.178.110.159 - - [07/Apr/2025:22:51:20 +0300] "GET /vendor/.git/config HTTP/1.1" 403 72 "-" "l9explore/1.2.2"
195.178.110.159 - - [07/Apr/2025:22:51:20 +0300] "GET /wp-content/.git/config HTTP/1.1" 403 72 "-" "l9explore/1.2.2"
195.178.110.159 - - [07/Apr/2025:22:51:20 +0300] "GET /static/.git/config HTTP/1.1" 403 72 "-" "l9explore/1.2.2"
127.0.0.1 - - [07/Apr/2025:22:52:52 +0300] "GET /whm-server-status?auto HTTP/1.1" 404 10072 "-" "Python-urllib/3.6"
127.0.0.1 - - [07/Apr/2025:22:55:01 +0300] "GET /whm-server-status HTTP/1.0" 404 10045 "-" "-"
127.0.0.1 - - [07/Apr/2025:22:55:09 +0300] "GET / HTTP/1.0" 200 163 "-" "-"
127.0.0.1 - - [07/Apr/2025:22:55:52 +0300] "GET /whm-server-status?auto HTTP/1.1" 404 10072 "-" "Python-urllib/3.6"
127.0.0.1 - - [07/Apr/2025:22:56:52 +0300] "GET /whm-server-status?auto HTTP/1.1" 404 10072 "-" "Python-urllib/3.6"
127.0.0.1 - - [07/Apr/2025:22:51:52 +0300] "GET /whm-server-status?auto HTTP/1.1" 404 10072 "-" "Python-urllib/3.6"
127.0.0.1 - - [07/Apr/2025:22:53:52 +0300] "GET /whm-server-status?auto HTTP/1.1" 404 10072 "-" "Python-urllib/3.6"
127.0.0.1 - - [07/Apr/2025:22:54:52 +0300] "GET /whm-server-status?auto HTTP/1.1" 404 10072 "-" "Python-urllib/3.6"
92.255.57.58 - - [07/Apr/2025:22:56:06 +0300] "GET / HTTP/1.1" 200 163 "-" "Mozilla/5.0 (Windows NT 10.0; Win64; x64) AppleWebKit/537.36 (KHTML, like Gecko) Chrome/78.0.3904.108 Safari/537.36"
103.102.230.20 - - [07/Apr/2025:22:57:26 +0300] "GET /.git/config HTTP/1.1" 403 72 "-" "Mozilla/5.0 (Windows NT 10.0; Win64; x64) AppleWebKit/537.36 (KHTML, like Gecko) Chrome/88.0.4324.182 Safari/537.36"
127.0.0.1 - - [07/Apr/2025:22:57:52 +0300] "GET /whm-server-status?auto HTTP/1.1" 404 10072 "-" "Python-urllib/3.6"
127.0.0.1 - - [07/Apr/2025:22:58:52 +0300] "GET /whm-server-status?auto HTTP/1.1" 404 10072 "-" "Python-urllib/3.6"
127.0.0.1 - - [07/Apr/2025:23:00:01 +0300] "GET /whm-server-status HTTP/1.0" 404 10045 "-" "-"
127.0.0.1 - - [07/Apr/2025:23:01:52 +0300] "GET /whm-server-status?auto HTTP/1.1" 404 10072 "-" "Python-urllib/3.6"
127.0.0.1 - - [07/Apr/2025:23:03:52 +0300] "GET /whm-server-status?auto HTTP/1.1" 404 10072 "-" "Python-urllib/3.6"
127.0.0.1 - - [07/Apr/2025:23:06:52 +0300] "GET /whm-server-status?auto HTTP/1.1" 404 10072 "-" "Python-urllib/3.6"
127.0.0.1 - - [07/Apr/2025:23:07:52 +0300] "GET /whm-server-status?auto HTTP/1.1" 404 10072 "-" "Python-urllib/3.6"
127.0.0.1 - - [07/Apr/2025:23:09:52 +0300] "GET /whm-server-status?auto HTTP/1.1" 404 10072 "-" "Python-urllib/3.6"
127.0.0.1 - - [07/Apr/2025:23:10:52 +0300] "GET /whm-server-status?auto HTTP/1.1" 404 10072 "-" "Python-urllib/3.6"
127.0.0.1 - - [07/Apr/2025:23:13:52 +0300] "GET /whm-server-status?auto HTTP/1.1" 404 10072 "-" "Python-urllib/3.6"
121.152.84.54 - - [07/Apr/2025:22:58:16 +0300] "GET / HTTP/1.0" 200 163 "-" "curl/7.88.1"
127.0.0.1 - - [07/Apr/2025:22:59:52 +0300] "GET /whm-server-status?auto HTTP/1.1" 404 10072 "-" "Python-urllib/3.6"
127.0.0.1 - - [07/Apr/2025:23:00:52 +0300] "GET /whm-server-status?auto HTTP/1.1" 404 10072 "-" "Python-urllib/3.6"
103.102.230.20 - - [07/Apr/2025:23:02:21 +0300] "GET /.git/config HTTP/1.1" 403 72 "-" "Mozilla/5.0 (X11; Linux x86_64; rv:123.0) Gecko/20100101 Firefox/123.0"
127.0.0.1 - - [07/Apr/2025:23:02:52 +0300] "GET /whm-server-status?auto HTTP/1.1" 404 10072 "-" "Python-urllib/3.6"
127.0.0.1 - - [07/Apr/2025:23:04:52 +0300] "GET /whm-server-status?auto HTTP/1.1" 404 10072 "-" "Python-urllib/3.6"
127.0.0.1 - - [07/Apr/2025:23:05:01 +0300] "GET /whm-server-status HTTP/1.0" 404 10045 "-" "-"
127.0.0.1 - - [07/Apr/2025:23:05:07 +0300] "GET / HTTP/1.0" 200 163 "-" "-"
127.0.0.1 - - [07/Apr/2025:23:05:52 +0300] "GET /whm-server-status?auto HTTP/1.1" 404 10072 "-" "Python-urllib/3.6"
127.0.0.1 - - [07/Apr/2025:23:08:52 +0300] "GET /whm-server-status?auto HTTP/1.1" 404 10072 "-" "Python-urllib/3.6"
127.0.0.1 - - [07/Apr/2025:23:10:01 +0300] "GET /whm-server-status HTTP/1.0" 404 10045 "-" "-"
127.0.0.1 - - [07/Apr/2025:23:11:52 +0300] "GET /whm-server-status?auto HTTP/1.1" 404 10072 "-" "Python-urllib/3.6"
127.0.0.1 - - [07/Apr/2025:23:12:52 +0300] "GET /whm-server-status?auto HTTP/1.1" 404 10072 "-" "Python-urllib/3.6"
127.0.0.1 - - [07/Apr/2025:23:14:30 +0300] "GET / HTTP/1.0" 200 163 "-" "-"
127.0.0.1 - - [07/Apr/2025:23:16:52 +0300] "GET /whm-server-status?auto HTTP/1.1" 404 10072 "-" "Python-urllib/3.6"
127.0.0.1 - - [07/Apr/2025:23:20:01 +0300] "GET /whm-server-status HTTP/1.0" 404 10045 "-" "-"
127.0.0.1 - - [07/Apr/2025:23:22:52 +0300] "GET /whm-server-status?auto HTTP/1.1" 404 10072 "-" "Python-urllib/3.6"
127.0.0.1 - - [07/Apr/2025:23:24:52 +0300] "GET /whm-server-status?auto HTTP/1.1" 404 10072 "-" "Python-urllib/3.6"
127.0.0.1 - - [07/Apr/2025:23:25:52 +0300] "GET /whm-server-status?auto HTTP/1.1" 404 10072 "-" "Python-urllib/3.6"
170.64.224.237 - - [07/Apr/2025:23:27:35 +0300] "GET /ab2g HTTP/1.1" 404 4930 "-" "Mozilla/5.0 zgrab/0.x"
170.64.224.237 - - [07/Apr/2025:23:27:36 +0300] "GET /ab2h HTTP/1.1" 404 4930 "-" "Mozilla/5.0 zgrab/0.x"
170.64.224.237 - - [07/Apr/2025:23:27:43 +0300] "GET / HTTP/1.1" 200 163 "http://142.132.169.165:443/" "Mozilla/5.0 (Windows NT 10.0; Win64; x64) AppleWebKit/537.36 (KHTML, like Gecko) Chrome/108.0.0.0 Safari/537.36"
170.64.224.237 - - [07/Apr/2025:23:27:44 +0300] "GET /t4 HTTP/1.1" 404 4930 "-" "Mozilla/5.0"
170.64.224.237 - - [07/Apr/2025:23:27:46 +0300] "GET /favicon.ico HTTP/1.1" 404 4930 "-" "Mozilla/5.0 (Windows NT 10.0; Win64; x64) AppleWebKit/537.36 (KHTML, like Gecko) Chrome/108.0.0.0 Safari/537.36"
170.64.224.237 - - [07/Apr/2025:23:27:47 +0300] "GET / HTTP/1.1" 200 163 "-" "Mozilla/4.0 (compatible; MSIE 9.0; Windows NT 10.0; .NET4.0C; .NET4.0E; .NET CLR 2.0.50727; .NET CLR 3.0.30729; .NET CLR 3.5.30729)"
170.64.224.237 - - [07/Apr/2025:23:27:48 +0300] "GET /teorema505?t=1 HTTP/1.1" 404 4930 "-" "Mozilla/5.0 (Windows NT 10.0; Win64; x64) AppleWebKit/537.36 (KHTML, like Gecko) Chrome/108.0.0.0 Safari/537.36"
127.0.0.1 - - [07/Apr/2025:23:28:52 +0300] "GET /whm-server-status?auto HTTP/1.1" 404 10072 "-" "Python-urllib/3.6"
127.0.0.1 - - [07/Apr/2025:23:29:52 +0300] "GET /whm-server-status?auto HTTP/1.1" 404 10072 "-" "Python-urllib/3.6"
127.0.0.1 - - [07/Apr/2025:23:30:02 +0300] "GET /whm-server-status HTTP/1.0" 404 10045 "-" "-"
92.255.57.58 - - [07/Apr/2025:23:14:31 +0300] "GET / HTTP/1.1" 200 163 "-" "Mozilla/5.0 (Windows NT 10.0; Win64; x64) AppleWebKit/537.36 (KHTML, like Gecko) Chrome/78.0.3904.108 Safari/537.36"
127.0.0.1 - - [07/Apr/2025:23:14:52 +0300] "GET /whm-server-status?auto HTTP/1.1" 404 10072 "-" "Python-urllib/3.6"
127.0.0.1 - - [07/Apr/2025:23:15:02 +0300] "GET /whm-server-status HTTP/1.0" 404 10045 "-" "-"
127.0.0.1 - - [07/Apr/2025:23:15:52 +0300] "GET /whm-server-status?auto HTTP/1.1" 404 10072 "-" "Python-urllib/3.6"
92.255.57.58 - - [07/Apr/2025:23:17:36 +0300] "GET /actuator/gateway/routes HTTP/1.1" 404 4932 "-" "Mozilla/5.0 (Windows NT 10.0; Win64; x64) AppleWebKit/537.36 (KHTML, like Gecko) Chrome/78.0.3904.108 Safari/537.36"
127.0.0.1 - - [07/Apr/2025:23:17:52 +0300] "GET /whm-server-status?auto HTTP/1.1" 404 10072 "-" "Python-urllib/3.6"
127.0.0.1 - - [07/Apr/2025:23:18:52 +0300] "GET /whm-server-status?auto HTTP/1.1" 404 10072 "-" "Python-urllib/3.6"
127.0.0.1 - - [07/Apr/2025:23:19:52 +0300] "GET /whm-server-status?auto HTTP/1.1" 404 10072 "-" "Python-urllib/3.6"
127.0.0.1 - - [07/Apr/2025:23:20:07 +0300] "GET / HTTP/1.0" 200 163 "-" "-"
127.0.0.1 - - [07/Apr/2025:23:20:52 +0300] "GET /whm-server-status?auto HTTP/1.1" 404 10072 "-" "Python-urllib/3.6"
149.57.180.92 - - [07/Apr/2025:23:21:13 +0300] "GET / HTTP/1.1" 200 163 "-" "Mozilla/5.0 (X11; Linux i686; rv:109.0) Gecko/20100101 Firefox/120.0"
23.27.145.129 - - [07/Apr/2025:23:21:34 +0300] "GET / HTTP/1.1" 200 163 "-" "Mozilla/5.0 (X11; Linux i686; rv:109.0) Gecko/20100101 Firefox/120.0"
127.0.0.1 - - [07/Apr/2025:23:21:52 +0300] "GET /whm-server-status?auto HTTP/1.1" 404 10072 "-" "Python-urllib/3.6"
127.0.0.1 - - [07/Apr/2025:23:23:52 +0300] "GET /whm-server-status?auto HTTP/1.1" 404 10072 "-" "Python-urllib/3.6"
127.0.0.1 - - [07/Apr/2025:23:25:01 +0300] "GET /whm-server-status HTTP/1.0" 404 10045 "-" "-"
127.0.0.1 - - [07/Apr/2025:23:25:09 +0300] "GET / HTTP/1.0" 200 163 "-" "-"
127.0.0.1 - - [07/Apr/2025:23:26:52 +0300] "GET /whm-server-status?auto HTTP/1.1" 404 10072 "-" "Python-urllib/3.6"
170.64.224.237 - - [07/Apr/2025:23:27:37 +0300] "GET /alive.php HTTP/1.1" 404 4930 "-" "Mozilla/5.0 (Windows NT 10.0; Win64; x64) AppleWebKit/537.36 (KHTML, like Gecko) Chrome/108.0.0.0 Safari/537.36"
127.0.0.1 - - [07/Apr/2025:23:27:52 +0300] "GET /whm-server-status?auto HTTP/1.1" 404 10072 "-" "Python-urllib/3.6"
154.81.156.10 - - [07/Apr/2025:23:30:38 +0300] "PROPFIND / HTTP/1.1" 501 805 "-" "-"
127.0.0.1 - - [07/Apr/2025:23:30:52 +0300] "GET /whm-server-status?auto HTTP/1.1" 404 10072 "-" "Python-urllib/3.6"
127.0.0.1 - - [07/Apr/2025:23:31:52 +0300] "GET /whm-server-status?auto HTTP/1.1" 404 10072 "-" "Python-urllib/3.6"
127.0.0.1 - - [07/Apr/2025:23:33:52 +0300] "GET /whm-server-status?auto HTTP/1.1" 404 10072 "-" "Python-urllib/3.6"
127.0.0.1 - - [07/Apr/2025:23:35:01 +0300] "GET /whm-server-status HTTP/1.0" 404 10045 "-" "-"
127.0.0.1 - - [07/Apr/2025:23:35:07 +0300] "GET / HTTP/1.0" 200 163 "-" "-"
127.0.0.1 - - [07/Apr/2025:23:36:52 +0300] "GET /whm-server-status?auto HTTP/1.1" 404 10072 "-" "Python-urllib/3.6"
127.0.0.1 - - [07/Apr/2025:23:38:52 +0300] "GET /whm-server-status?auto HTTP/1.1" 404 10072 "-" "Python-urllib/3.6"
127.0.0.1 - - [07/Apr/2025:23:40:01 +0300] "GET /whm-server-status HTTP/1.0" 404 10045 "-" "-"
127.0.0.1 - - [07/Apr/2025:23:40:52 +0300] "GET /whm-server-status?auto HTTP/1.1" 404 10072 "-" "Python-urllib/3.6"
127.0.0.1 - - [07/Apr/2025:23:42:52 +0300] "GET /whm-server-status?auto HTTP/1.1" 404 10072 "-" "Python-urllib/3.6"
127.0.0.1 - - [07/Apr/2025:23:44:52 +0300] "GET /whm-server-status?auto HTTP/1.1" 404 10072 "-" "Python-urllib/3.6"
127.0.0.1 - - [07/Apr/2025:23:45:01 +0300] "GET /whm-server-status HTTP/1.0" 404 10045 "-" "-"
127.0.0.1 - - [07/Apr/2025:23:45:52 +0300] "GET /whm-server-status?auto HTTP/1.1" 404 10072 "-" "Python-urllib/3.6"
127.0.0.1 - - [07/Apr/2025:23:46:52 +0300] "GET /whm-server-status?auto HTTP/1.1" 404 10072 "-" "Python-urllib/3.6"
199.45.154.139 - - [07/Apr/2025:23:47:21 +0300] "GET / HTTP/1.1" 200 163 "-" "-"
199.45.154.139 - - [07/Apr/2025:23:47:32 +0300] "GET / HTTP/1.1" 200 163 "-" "Mozilla/5.0 (compatible; CensysInspect/1.1; +https://about.censys.io/)"
199.45.154.139 - - [07/Apr/2025:23:47:33 +0300] "GET /favicon.ico HTTP/1.1" 404 4930 "-" "Mozilla/5.0 (compatible; CensysInspect/1.1; +https://about.censys.io/)"
127.0.0.1 - - [07/Apr/2025:23:32:52 +0300] "GET /whm-server-status?auto HTTP/1.1" 404 10072 "-" "Python-urllib/3.6"
127.0.0.1 - - [07/Apr/2025:23:34:52 +0300] "GET /whm-server-status?auto HTTP/1.1" 404 10072 "-" "Python-urllib/3.6"
127.0.0.1 - - [07/Apr/2025:23:35:52 +0300] "GET /whm-server-status?auto HTTP/1.1" 404 10072 "-" "Python-urllib/3.6"
78.153.140.93 - - [07/Apr/2025:23:37:05 +0300] "GET /.env HTTP/1.1" 404 4929 "-" "Mozilla/5.0 (Windows NT 10.0; Win64; x64) AppleWebKit/537.36 (KHTML, like Gecko) Chrome/116.0.5845.140 Safari/537.36"
78.153.140.93 - - [07/Apr/2025:23:37:05 +0300] "GET /.env HTTP/1.1" 404 4930 "-" "Mozilla/5.0 (Windows NT 10.0; Win64; x64) AppleWebKit/537.36 (KHTML, like Gecko) Chrome/116.0.5845.140 Safari/537.36"
78.153.140.93 - - [07/Apr/2025:23:37:05 +0300] "POST / HTTP/1.1" 200 163 "-" "Mozilla/5.0 (Windows NT 10.0; Win64; x64) AppleWebKit/537.36 (KHTML, like Gecko) Chrome/116.0.5845.140 Safari/537.36"
78.153.140.93 - - [07/Apr/2025:23:37:06 +0300] "POST / HTTP/1.1" 200 163 "-" "Mozilla/5.0 (Windows NT 10.0; Win64; x64) AppleWebKit/537.36 (KHTML, like Gecko) Chrome/116.0.5845.140 Safari/537.36"
127.0.0.1 - - [07/Apr/2025:23:37:52 +0300] "GET /whm-server-status?auto HTTP/1.1" 404 10072 "-" "Python-urllib/3.6"
127.0.0.1 - - [07/Apr/2025:23:39:52 +0300] "GET /whm-server-status?auto HTTP/1.1" 404 10072 "-" "Python-urllib/3.6"
127.0.0.1 - - [07/Apr/2025:23:40:09 +0300] "GET / HTTP/1.0" 200 163 "-" "-"
127.0.0.1 - - [07/Apr/2025:23:41:52 +0300] "GET /whm-server-status?auto HTTP/1.1" 404 10072 "-" "Python-urllib/3.6"
127.0.0.1 - - [07/Apr/2025:23:43:52 +0300] "GET /whm-server-status?auto HTTP/1.1" 404 10072 "-" "Python-urllib/3.6"
127.0.0.1 - - [07/Apr/2025:23:45:26 +0300] "GET / HTTP/1.0" 200 163 "-" "-"
199.45.154.139 - - [07/Apr/2025:23:47:51 +0300] "GET /favicon.ico HTTP/1.1" 404 4930 "-" "Mozilla/5.0 (compatible; CensysInspect/1.1; +https://about.censys.io/)"
127.0.0.1 - - [07/Apr/2025:23:47:52 +0300] "GET /whm-server-status?auto HTTP/1.1" 404 10072 "-" "Python-urllib/3.6"
127.0.0.1 - - [07/Apr/2025:23:49:52 +0300] "GET /whm-server-status?auto HTTP/1.1" 404 10072 "-" "Python-urllib/3.6"
127.0.0.1 - - [07/Apr/2025:23:50:52 +0300] "GET / HTTP/1.0" 200 163 "-" "-"
167.94.138.199 - - [07/Apr/2025:23:51:18 +0300] "GET / HTTP/1.1" 200 163 "-" "-"
167.94.138.199 - - [07/Apr/2025:23:51:29 +0300] "GET / HTTP/1.1" 200 163 "-" "Mozilla/5.0 (compatible; CensysInspect/1.1; +https://about.censys.io/)"
167.94.138.199 - - [07/Apr/2025:23:51:30 +0300] "GET /favicon.ico HTTP/1.1" 404 4929 "-" "Mozilla/5.0 (compatible; CensysInspect/1.1; +https://about.censys.io/)"
127.0.0.1 - - [07/Apr/2025:23:51:52 +0300] "GET /whm-server-status?auto HTTP/1.1" 404 10072 "-" "Python-urllib/3.6"
206.168.34.126 - - [07/Apr/2025:23:53:24 +0300] "GET /favicon.ico HTTP/1.1" 404 4929 "-" "Mozilla/5.0 (compatible; CensysInspect/1.1; +https://about.censys.io/)"
154.81.156.35 - - [07/Apr/2025:23:54:24 +0300] "GET / HTTP/1.1" 200 163 "-" "Mozilla/5.0 (Windows NT 10.0; Win64; x64) AppleWebKit/537.36 (KHTML, like Gecko) Chrome/90.0.4430.85 Safari/537.36 Edg/90.0.818.46"
127.0.0.1 - - [07/Apr/2025:23:54:52 +0300] "GET /whm-server-status?auto HTTP/1.1" 404 10072 "-" "Python-urllib/3.6"
127.0.0.1 - - [07/Apr/2025:23:55:52 +0300] "GET /whm-server-status?auto HTTP/1.1" 404 10072 "-" "Python-urllib/3.6"
127.0.0.1 - - [07/Apr/2025:23:55:54 +0300] "GET / HTTP/1.0" 200 163 "-" "-"
127.0.0.1 - - [07/Apr/2025:23:58:52 +0300] "GET /whm-server-status?auto HTTP/1.1" 404 10072 "-" "Python-urllib/3.6"
127.0.0.1 - - [08/Apr/2025:00:00:02 +0300] "GET /whm-server-status HTTP/1.0" 404 10046 "-" "-"
127.0.0.1 - - [08/Apr/2025:00:00:52 +0300] "GET /whm-server-status?auto HTTP/1.1" 404 10073 "-" "Python-urllib/3.6"
127.0.0.1 - - [08/Apr/2025:00:03:52 +0300] "GET /whm-server-status?auto HTTP/1.1" 404 10073 "-" "Python-urllib/3.6"
92.255.57.58 - - [07/Apr/2025:23:47:48 +0300] "GET /geoserver HTTP/1.1" 404 4932 "-" "Mozilla/5.0 (Windows NT 10.0; Win64; x64) AppleWebKit/537.36 (KHTML, like Gecko) Chrome/78.0.3904.108 Safari/537.36"
127.0.0.1 - - [07/Apr/2025:23:48:52 +0300] "GET /whm-server-status?auto HTTP/1.1" 404 10072 "-" "Python-urllib/3.6"
127.0.0.1 - - [07/Apr/2025:23:50:01 +0300] "GET /whm-server-status HTTP/1.0" 404 10045 "-" "-"
162.142.125.120 - - [07/Apr/2025:23:50:48 +0300] "GET /favicon.ico HTTP/1.1" 404 4934 "http://142.132.169.165:443/favicon.ico" "Mozilla/5.0 (compatible; CensysInspect/1.1; +https://about.censys.io/)"
127.0.0.1 - - [07/Apr/2025:23:50:52 +0300] "GET /whm-server-status?auto HTTP/1.1" 404 10072 "-" "Python-urllib/3.6"
167.94.138.199 - - [07/Apr/2025:23:51:38 +0300] "GET /favicon.ico HTTP/1.1" 404 4929 "-" "Mozilla/5.0 (compatible; CensysInspect/1.1; +https://about.censys.io/)"
127.0.0.1 - - [07/Apr/2025:23:52:52 +0300] "GET /whm-server-status?auto HTTP/1.1" 404 10072 "-" "Python-urllib/3.6"
206.168.34.126 - - [07/Apr/2025:23:53:12 +0300] "GET / HTTP/1.1" 200 163 "-" "-"
206.168.34.126 - - [07/Apr/2025:23:53:23 +0300] "GET / HTTP/1.1" 200 163 "-" "Mozilla/5.0 (compatible; CensysInspect/1.1; +https://about.censys.io/)"
206.168.34.126 - - [07/Apr/2025:23:53:29 +0300] "GET /favicon.ico HTTP/1.1" 404 4929 "-" "Mozilla/5.0 (compatible; CensysInspect/1.1; +https://about.censys.io/)"
154.81.156.10 - - [07/Apr/2025:23:53:30 +0300] "PROPFIND / HTTP/1.1" 501 805 "-" "-"
127.0.0.1 - - [07/Apr/2025:23:53:52 +0300] "GET /whm-server-status?auto HTTP/1.1" 404 10072 "-" "Python-urllib/3.6"
127.0.0.1 - - [07/Apr/2025:23:55:01 +0300] "GET /whm-server-status HTTP/1.0" 404 10045 "-" "-"
127.0.0.1 - - [07/Apr/2025:23:56:52 +0300] "GET /whm-server-status?auto HTTP/1.1" 404 10072 "-" "Python-urllib/3.6"
127.0.0.1 - - [07/Apr/2025:23:57:52 +0300] "GET /whm-server-status?auto HTTP/1.1" 404 10072 "-" "Python-urllib/3.6"
127.0.0.1 - - [07/Apr/2025:23:59:52 +0300] "GET /whm-server-status?auto HTTP/1.1" 404 10072 "-" "Python-urllib/3.6"
127.0.0.1 - - [08/Apr/2025:00:01:52 +0300] "GET /whm-server-status?auto HTTP/1.1" 404 10073 "-" "Python-urllib/3.6"
127.0.0.1 - - [08/Apr/2025:00:02:52 +0300] "GET /whm-server-status?auto HTTP/1.1" 404 10073 "-" "Python-urllib/3.6"
127.0.0.1 - - [08/Apr/2025:00:04:52 +0300] "GET /whm-server-status?auto HTTP/1.1" 404 10073 "-" "Python-urllib/3.6"
127.0.0.1 - - [08/Apr/2025:00:05:01 +0300] "GET /whm-server-status HTTP/1.0" 404 10046 "-" "-"
127.0.0.1 - - [08/Apr/2025:00:10:52 +0300] "GET /whm-server-status?auto HTTP/1.1" 404 10073 "-" "Python-urllib/3.6"
127.0.0.1 - - [08/Apr/2025:00:13:05 +0300] "GET / HTTP/1.0" 200 163 "-" "-"
127.0.0.1 - - [08/Apr/2025:00:13:52 +0300] "GET /whm-server-status?auto HTTP/1.1" 404 10073 "-" "Python-urllib/3.6"
23.27.145.75 - - [08/Apr/2025:00:14:37 +0300] "GET / HTTP/1.1" 200 163 "-" "Mozilla/5.0 (X11; Linux i686; rv:109.0) Gecko/20100101 Firefox/120.0"
127.0.0.1 - - [08/Apr/2025:00:15:01 +0300] "GET /whm-server-status HTTP/1.0" 404 10046 "-" "-"
127.0.0.1 - - [08/Apr/2025:00:15:52 +0300] "GET /whm-server-status?auto HTTP/1.1" 404 10073 "-" "Python-urllib/3.6"
127.0.0.1 - - [08/Apr/2025:00:16:52 +0300] "GET /whm-server-status?auto HTTP/1.1" 404 10073 "-" "Python-urllib/3.6"
127.0.0.1 - - [08/Apr/2025:00:20:01 +0300] "GET /whm-server-status HTTP/1.0" 404 10046 "-" "-"
127.0.0.1 - - [08/Apr/2025:00:20:07 +0300] "GET / HTTP/1.0" 200 163 "-" "-"
127.0.0.1 - - [08/Apr/2025:00:20:52 +0300] "GET /whm-server-status?auto HTTP/1.1" 404 10073 "-" "Python-urllib/3.6"
127.0.0.1 - - [08/Apr/2025:00:05:06 +0300] "GET / HTTP/1.0" 200 163 "-" "-"
127.0.0.1 - - [08/Apr/2025:00:05:52 +0300] "GET /whm-server-status?auto HTTP/1.1" 404 10073 "-" "Python-urllib/3.6"
127.0.0.1 - - [08/Apr/2025:00:06:52 +0300] "GET /whm-server-status?auto HTTP/1.1" 404 10073 "-" "Python-urllib/3.6"
127.0.0.1 - - [08/Apr/2025:00:07:52 +0300] "GET /whm-server-status?auto HTTP/1.1" 404 10073 "-" "Python-urllib/3.6"
127.0.0.1 - - [08/Apr/2025:00:08:52 +0300] "GET /whm-server-status?auto HTTP/1.1" 404 10073 "-" "Python-urllib/3.6"
127.0.0.1 - - [08/Apr/2025:00:09:52 +0300] "GET /whm-server-status?auto HTTP/1.1" 404 10073 "-" "Python-urllib/3.6"
127.0.0.1 - - [08/Apr/2025:00:10:01 +0300] "GET /whm-server-status HTTP/1.0" 404 10046 "-" "-"
127.0.0.1 - - [08/Apr/2025:00:11:52 +0300] "GET /whm-server-status?auto HTTP/1.1" 404 10073 "-" "Python-urllib/3.6"
127.0.0.1 - - [08/Apr/2025:00:12:52 +0300] "GET /whm-server-status?auto HTTP/1.1" 404 10073 "-" "Python-urllib/3.6"
127.0.0.1 - - [08/Apr/2025:00:14:52 +0300] "GET /whm-server-status?auto HTTP/1.1" 404 10073 "-" "Python-urllib/3.6"
149.57.180.72 - - [08/Apr/2025:00:14:57 +0300] "GET / HTTP/1.1" 200 163 "-" "Mozilla/5.0 (X11; Linux i686; rv:109.0) Gecko/20100101 Firefox/120.0"
23.27.145.203 - - [08/Apr/2025:00:15:10 +0300] "GET / HTTP/1.1" 200 163 "-" "Mozilla/5.0 (X11; Linux i686; rv:109.0) Gecko/20100101 Firefox/120.0"
149.57.180.24 - - [08/Apr/2025:00:15:52 +0300] "GET / HTTP/1.1" 200 163 "-" "Mozilla/5.0 (X11; Linux i686; rv:109.0) Gecko/20100101 Firefox/120.0"
127.0.0.1 - - [08/Apr/2025:00:17:52 +0300] "GET /whm-server-status?auto HTTP/1.1" 404 10073 "-" "Python-urllib/3.6"
127.0.0.1 - - [08/Apr/2025:00:18:52 +0300] "GET /whm-server-status?auto HTTP/1.1" 404 10073 "-" "Python-urllib/3.6"
127.0.0.1 - - [08/Apr/2025:00:19:52 +0300] "GET /whm-server-status?auto HTTP/1.1" 404 10073 "-" "Python-urllib/3.6"
127.0.0.1 - - [08/Apr/2025:00:21:52 +0300] "GET /whm-server-status?auto HTTP/1.1" 404 10073 "-" "Python-urllib/3.6"
127.0.0.1 - - [08/Apr/2025:00:22:52 +0300] "GET /whm-server-status?auto HTTP/1.1" 404 10073 "-" "Python-urllib/3.6"
127.0.0.1 - - [08/Apr/2025:00:24:52 +0300] "GET /whm-server-status?auto HTTP/1.1" 404 10073 "-" "Python-urllib/3.6"
127.0.0.1 - - [08/Apr/2025:00:25:01 +0300] "GET /whm-server-status HTTP/1.0" 404 10046 "-" "-"
127.0.0.1 - - [08/Apr/2025:00:25:09 +0300] "GET / HTTP/1.0" 200 163 "-" "-"
127.0.0.1 - - [08/Apr/2025:00:25:52 +0300] "GET /whm-server-status?auto HTTP/1.1" 404 10073 "-" "Python-urllib/3.6"
127.0.0.1 - - [08/Apr/2025:00:26:52 +0300] "GET /whm-server-status?auto HTTP/1.1" 404 10073 "-" "Python-urllib/3.6"
127.0.0.1 - - [08/Apr/2025:00:27:52 +0300] "GET /whm-server-status?auto HTTP/1.1" 404 10073 "-" "Python-urllib/3.6"
127.0.0.1 - - [08/Apr/2025:00:28:52 +0300] "GET /whm-server-status?auto HTTP/1.1" 404 10073 "-" "Python-urllib/3.6"
127.0.0.1 - - [08/Apr/2025:00:30:01 +0300] "GET /whm-server-status HTTP/1.0" 404 10046 "-" "-"
127.0.0.1 - - [08/Apr/2025:00:30:52 +0300] "GET /whm-server-status?auto HTTP/1.1" 404 10073 "-" "Python-urllib/3.6"
127.0.0.1 - - [08/Apr/2025:00:32:52 +0300] "GET /whm-server-status?auto HTTP/1.1" 404 10073 "-" "Python-urllib/3.6"
127.0.0.1 - - [08/Apr/2025:00:33:52 +0300] "GET /whm-server-status?auto HTTP/1.1" 404 10073 "-" "Python-urllib/3.6"
127.0.0.1 - - [08/Apr/2025:00:34:52 +0300] "GET /whm-server-status?auto HTTP/1.1" 404 10073 "-" "Python-urllib/3.6"
127.0.0.1 - - [08/Apr/2025:00:35:07 +0300] "GET / HTTP/1.0" 200 163 "-" "-"
127.0.0.1 - - [08/Apr/2025:00:35:52 +0300] "GET /whm-server-status?auto HTTP/1.1" 404 10073 "-" "Python-urllib/3.6"
127.0.0.1 - - [08/Apr/2025:00:36:52 +0300] "GET /whm-server-status?auto HTTP/1.1" 404 10073 "-" "Python-urllib/3.6"
127.0.0.1 - - [08/Apr/2025:00:23:52 +0300] "GET /whm-server-status?auto HTTP/1.1" 404 10073 "-" "Python-urllib/3.6"
127.0.0.1 - - [08/Apr/2025:00:29:52 +0300] "GET /whm-server-status?auto HTTP/1.1" 404 10073 "-" "Python-urllib/3.6"
127.0.0.1 - - [08/Apr/2025:00:31:52 +0300] "GET /whm-server-status?auto HTTP/1.1" 404 10073 "-" "Python-urllib/3.6"
154.81.156.10 - - [08/Apr/2025:00:32:23 +0300] "PROPFIND / HTTP/1.1" 501 805 "-" "-"
127.0.0.1 - - [08/Apr/2025:00:35:02 +0300] "GET /whm-server-status HTTP/1.0" 404 10046 "-" "-"
127.0.0.1 - - [08/Apr/2025:00:38:52 +0300] "GET /whm-server-status?auto HTTP/1.1" 404 10073 "-" "Python-urllib/3.6"
127.0.0.1 - - [08/Apr/2025:00:40:01 +0300] "GET /whm-server-status HTTP/1.0" 404 10046 "-" "-"
127.0.0.1 - - [08/Apr/2025:00:37:52 +0300] "GET /whm-server-status?auto HTTP/1.1" 404 10073 "-" "Python-urllib/3.6"
127.0.0.1 - - [08/Apr/2025:00:39:52 +0300] "GET /whm-server-status?auto HTTP/1.1" 404 10073 "-" "Python-urllib/3.6"
127.0.0.1 - - [08/Apr/2025:00:40:09 +0300] "GET / HTTP/1.0" 200 163 "-" "-"
127.0.0.1 - - [08/Apr/2025:00:40:52 +0300] "GET /whm-server-status?auto HTTP/1.1" 404 10073 "-" "Python-urllib/3.6"
127.0.0.1 - - [08/Apr/2025:00:41:52 +0300] "GET /whm-server-status?auto HTTP/1.1" 404 10073 "-" "Python-urllib/3.6"
127.0.0.1 - - [08/Apr/2025:00:44:52 +0300] "GET /whm-server-status?auto HTTP/1.1" 404 10073 "-" "Python-urllib/3.6"
127.0.0.1 - - [08/Apr/2025:00:45:01 +0300] "GET /whm-server-status HTTP/1.0" 404 10046 "-" "-"
127.0.0.1 - - [08/Apr/2025:00:45:17 +0300] "GET / HTTP/1.0" 200 163 "-" "-"
127.0.0.1 - - [08/Apr/2025:00:45:52 +0300] "GET /whm-server-status?auto HTTP/1.1" 404 10073 "-" "Python-urllib/3.6"
127.0.0.1 - - [08/Apr/2025:00:42:52 +0300] "GET /whm-server-status?auto HTTP/1.1" 404 10073 "-" "Python-urllib/3.6"
127.0.0.1 - - [08/Apr/2025:00:43:52 +0300] "GET /whm-server-status?auto HTTP/1.1" 404 10073 "-" "Python-urllib/3.6"
127.0.0.1 - - [08/Apr/2025:00:46:52 +0300] "GET /whm-server-status?auto HTTP/1.1" 404 10073 "-" "Python-urllib/3.6"
127.0.0.1 - - [08/Apr/2025:00:47:52 +0300] "GET /whm-server-status?auto HTTP/1.1" 404 10073 "-" "Python-urllib/3.6"
127.0.0.1 - - [08/Apr/2025:00:48:52 +0300] "GET /whm-server-status?auto HTTP/1.1" 404 10073 "-" "Python-urllib/3.6"
213.232.87.232 - - [08/Apr/2025:00:49:47 +0300] "GET /api/.env HTTP/1.1" 404 4940 "-" "Go-http-client/1.1"
213.232.87.232 - - [08/Apr/2025:00:49:47 +0300] "GET /config.json HTTP/1.1" 404 4940 "-" "Go-http-client/1.1"
213.232.87.232 - - [08/Apr/2025:00:49:47 +0300] "GET /config/production.json HTTP/1.1" 404 4940 "-" "Go-http-client/1.1"
213.232.87.232 - - [08/Apr/2025:00:49:47 +0300] "GET /dump.sql HTTP/1.1" 404 4940 "-" "Go-http-client/1.1"
213.232.87.232 - - [08/Apr/2025:00:49:47 +0300] "GET /server.key HTTP/1.1" 404 4940 "-" "Go-http-client/1.1"
213.232.87.232 - - [08/Apr/2025:00:49:47 +0300] "GET /server-status HTTP/1.1" 404 4940 "-" "Go-http-client/1.1"
213.232.87.232 - - [08/Apr/2025:00:49:47 +0300] "GET /config.php HTTP/1.1" 404 4940 "-" "Go-http-client/1.1"
213.232.87.232 - - [08/Apr/2025:00:49:47 +0300] "GET /.env HTTP/1.1" 404 4940 "-" "Go-http-client/1.1"
213.232.87.232 - - [08/Apr/2025:00:49:47 +0300] "GET /.aws/credentials HTTP/1.1" 404 4940 "-" "Go-http-client/1.1"
213.232.87.232 - - [08/Apr/2025:00:49:47 +0300] "GET /secrets.json HTTP/1.1" 404 4940 "-" "Go-http-client/1.1"
213.232.87.232 - - [08/Apr/2025:00:49:47 +0300] "GET /database_backup.sql HTTP/1.1" 404 4940 "-" "Go-http-client/1.1"
213.232.87.232 - - [08/Apr/2025:00:49:47 +0300] "GET /settings.py HTTP/1.1" 404 4940 "-" "Go-http-client/1.1"
213.232.87.232 - - [08/Apr/2025:00:49:47 +0300] "GET /feed HTTP/1.1" 404 4940 "-" "Go-http-client/1.1"
213.232.87.232 - - [08/Apr/2025:00:49:47 +0300] "GET /.vscode/sftp.json HTTP/1.1" 404 4940 "-" "Go-http-client/1.1"
213.232.87.232 - - [08/Apr/2025:00:49:49 +0300] "GET /backup.tar.gz HTTP/1.1" 404 4940 "-" "Go-http-client/1.1"
127.0.0.1 - - [08/Apr/2025:00:49:52 +0300] "GET /whm-server-status?auto HTTP/1.1" 404 10073 "-" "Python-urllib/3.6"
127.0.0.1 - - [08/Apr/2025:00:50:52 +0300] "GET /whm-server-status?auto HTTP/1.1" 404 10073 "-" "Python-urllib/3.6"
127.0.0.1 - - [08/Apr/2025:00:51:52 +0300] "GET /whm-server-status?auto HTTP/1.1" 404 10073 "-" "Python-urllib/3.6"
127.0.0.1 - - [08/Apr/2025:00:52:52 +0300] "GET /whm-server-status?auto HTTP/1.1" 404 10073 "-" "Python-urllib/3.6"
127.0.0.1 - - [08/Apr/2025:00:53:52 +0300] "GET /whm-server-status?auto HTTP/1.1" 404 10073 "-" "Python-urllib/3.6"
185.218.86.4 - - [08/Apr/2025:00:47:00 +0300] "GET / HTTP/1.1" 200 163 "-" "Mozilla/5.0 (Windows NT 10.0; Win64; x64) AppleWebKit/537.36 (KHTML, like Gecko) Chrome/90.0.4430.85 Safari/537.36 Edg/90.0.818.46"
213.232.87.232 - - [08/Apr/2025:00:49:47 +0300] "GET /wp-config.php HTTP/1.1" 404 4940 "-" "Go-http-client/1.1"
213.232.87.232 - - [08/Apr/2025:00:49:47 +0300] "GET /config.yaml HTTP/1.1" 404 4940 "-" "Go-http-client/1.1"
213.232.87.232 - - [08/Apr/2025:00:49:47 +0300] "GET /.ssh/id_rsa HTTP/1.1" 404 4940 "-" "Go-http-client/1.1"
213.232.87.232 - - [08/Apr/2025:00:49:47 +0300] "GET /user_secrets.yml HTTP/1.1" 404 4940 "-" "Go-http-client/1.1"
213.232.87.232 - - [08/Apr/2025:00:49:47 +0300] "GET /web.config HTTP/1.1" 404 4940 "-" "Go-http-client/1.1"
213.232.87.232 - - [08/Apr/2025:00:49:47 +0300] "GET /.svn/wc.db HTTP/1.1" 403 72 "-" "Go-http-client/1.1"
213.232.87.232 - - [08/Apr/2025:00:49:47 +0300] "GET /phpinfo.php HTTP/1.1" 404 4940 "-" "Go-http-client/1.1"
213.232.87.232 - - [08/Apr/2025:00:49:47 +0300] "GET /db/schema.rb HTTP/1.1" 404 4940 "-" "Go-http-client/1.1"
213.232.87.232 - - [08/Apr/2025:00:49:47 +0300] "GET /docker-compose.yml HTTP/1.1" 404 4940 "-" "Go-http-client/1.1"
213.232.87.232 - - [08/Apr/2025:00:49:47 +0300] "GET /database.sql HTTP/1.1" 404 4940 "-" "Go-http-client/1.1"
213.232.87.232 - - [08/Apr/2025:00:49:47 +0300] "GET /.env.production HTTP/1.1" 404 4940 "-" "Go-http-client/1.1"
213.232.87.232 - - [08/Apr/2025:00:49:47 +0300] "GET /backup.sql HTTP/1.1" 404 4940 "-" "Go-http-client/1.1"
213.232.87.232 - - [08/Apr/2025:00:49:47 +0300] "GET /.ssh/id_ecdsa HTTP/1.1" 404 4940 "-" "Go-http-client/1.1"
213.232.87.232 - - [08/Apr/2025:00:49:47 +0300] "GET /.git/HEAD HTTP/1.1" 403 72 "-" "Go-http-client/1.1"
213.232.87.232 - - [08/Apr/2025:00:49:47 +0300] "GET /_vti_pvt/service.pwd HTTP/1.1" 404 4940 "-" "Go-http-client/1.1"
213.232.87.232 - - [08/Apr/2025:00:49:47 +0300] "GET /config.yml HTTP/1.1" 404 4940 "-" "Go-http-client/1.1"
213.232.87.232 - - [08/Apr/2025:00:49:47 +0300] "GET /cloud-config.yml HTTP/1.1" 404 4940 "-" "Go-http-client/1.1"
213.232.87.232 - - [08/Apr/2025:00:49:47 +0300] "GET /etc/ssl/private/server.key HTTP/1.1" 404 4940 "-" "Go-http-client/1.1"
213.232.87.232 - - [08/Apr/2025:00:49:47 +0300] "GET /backup.zip HTTP/1.1" 404 4940 "-" "Go-http-client/1.1"
213.232.87.232 - - [08/Apr/2025:00:49:47 +0300] "GET /config.xml HTTP/1.1" 404 4940 "-" "Go-http-client/1.1"
213.232.87.232 - - [08/Apr/2025:00:49:47 +0300] "GET /.ssh/id_ed25519 HTTP/1.1" 404 4940 "-" "Go-http-client/1.1"
213.232.87.232 - - [08/Apr/2025:00:49:47 +0300] "GET / HTTP/1.1" 200 163 "-" "Go-http-client/1.1"
213.232.87.232 - - [08/Apr/2025:00:49:47 +0300] "GET /wp-admin/setup-config.php HTTP/1.1" 404 4940 "-" "Go-http-client/1.1"
127.0.0.1 - - [08/Apr/2025:00:50:02 +0300] "GET /whm-server-status HTTP/1.0" 404 10046 "-" "-"
127.0.0.1 - - [08/Apr/2025:00:50:19 +0300] "GET / HTTP/1.0" 200 163 "-" "-"
88.133.78.74 - - [08/Apr/2025:00:51:41 +0300] "HEAD / HTTP/1.1" 200 0 "-" "Mozilla/5.0 (Windows NT 6.1; WOW64) AppleWebKit/537.36 (KHTML, like Gecko) Chrome/42.0.2311.152 Safari/537.36"
88.133.78.74 - - [08/Apr/2025:00:51:41 +0300] "GET / HTTP/1.1" 200 163 "-" "Mozilla/5.0 (Windows NT 6.1; WOW64) AppleWebKit/537.36 (KHTML, like Gecko) Chrome/42.0.2311.152 Safari/537.36"
127.0.0.1 - - [08/Apr/2025:00:54:52 +0300] "GET /whm-server-status?auto HTTP/1.1" 404 10073 "-" "Python-urllib/3.6"
127.0.0.1 - - [08/Apr/2025:00:55:21 +0300] "GET / HTTP/1.0" 200 163 "-" "-"
127.0.0.1 - - [08/Apr/2025:00:55:01 +0300] "GET /whm-server-status HTTP/1.0" 404 10046 "-" "-"
