103.39.93.93 - - [07/Apr/2025:04:01:53 +0300] "GET /vendor/vendor/phpunit/phpunit/src/Util/PHP/eval-stdin.php HTTP/1.1" 404 10100 "-" "Custom-AsyncHttpClient"
103.39.93.93 - - [07/Apr/2025:04:01:54 +0300] "GET /phpunit/phpunit/src/Util/PHP/eval-stdin.php HTTP/1.1" 404 10100 "-" "Custom-AsyncHttpClient"
103.39.93.93 - - [07/Apr/2025:04:01:54 +0300] "GET /phpunit/phpunit/Util/PHP/eval-stdin.php HTTP/1.1" 404 10100 "-" "Custom-AsyncHttpClient"
103.39.93.93 - - [07/Apr/2025:04:01:55 +0300] "GET /phpunit/src/Util/PHP/eval-stdin.php HTTP/1.1" 404 10100 "-" "Custom-AsyncHttpClient"
103.39.93.93 - - [07/Apr/2025:04:01:56 +0300] "GET /phpunit/Util/PHP/eval-stdin.php HTTP/1.1" 404 10100 "-" "Custom-AsyncHttpClient"
103.39.93.93 - - [07/Apr/2025:04:01:56 +0300] "GET /lib/phpunit/phpunit/src/Util/PHP/eval-stdin.php HTTP/1.1" 404 10100 "-" "Custom-AsyncHttpClient"
103.39.93.93 - - [07/Apr/2025:04:01:57 +0300] "GET /lib/phpunit/phpunit/Util/PHP/eval-stdin.php HTTP/1.1" 404 10100 "-" "Custom-AsyncHttpClient"
103.39.93.93 - - [07/Apr/2025:04:01:58 +0300] "GET /lib/phpunit/src/Util/PHP/eval-stdin.php HTTP/1.1" 404 10100 "-" "Custom-AsyncHttpClient"
103.39.93.93 - - [07/Apr/2025:04:01:59 +0300] "GET /lib/phpunit/Util/PHP/eval-stdin.php HTTP/1.1" 404 10100 "-" "Custom-AsyncHttpClient"
103.39.93.93 - - [07/Apr/2025:04:02:00 +0300] "GET /lib/vendor/phpunit/phpunit/src/Util/PHP/eval-stdin.php HTTP/1.1" 404 10100 "-" "Custom-AsyncHttpClient"
103.39.93.93 - - [07/Apr/2025:04:02:00 +0300] "GET /laravel/vendor/phpunit/phpunit/src/Util/PHP/eval-stdin.php HTTP/1.1" 404 10100 "-" "Custom-AsyncHttpClient"
103.39.93.93 - - [07/Apr/2025:04:02:02 +0300] "GET /www/vendor/phpunit/phpunit/src/Util/PHP/eval-stdin.php HTTP/1.1" 404 10100 "-" "Custom-AsyncHttpClient"
103.39.93.93 - - [07/Apr/2025:04:02:02 +0300] "GET /ws/vendor/phpunit/phpunit/src/Util/PHP/eval-stdin.php HTTP/1.1" 404 10100 "-" "Custom-AsyncHttpClient"
103.39.93.93 - - [07/Apr/2025:04:02:03 +0300] "GET /yii/vendor/phpunit/phpunit/src/Util/PHP/eval-stdin.php HTTP/1.1" 404 10100 "-" "Custom-AsyncHttpClient"
103.39.93.93 - - [07/Apr/2025:04:02:04 +0300] "GET /zend/vendor/phpunit/phpunit/src/Util/PHP/eval-stdin.php HTTP/1.1" 404 10100 "-" "Custom-AsyncHttpClient"
103.39.93.93 - - [07/Apr/2025:04:02:06 +0300] "GET /ws/ec/vendor/phpunit/phpunit/src/Util/PHP/eval-stdin.php HTTP/1.1" 404 10100 "-" "Custom-AsyncHttpClient"
103.39.93.93 - - [07/Apr/2025:04:02:07 +0300] "GET /V2/vendor/phpunit/phpunit/src/Util/PHP/eval-stdin.php HTTP/1.1" 404 10100 "-" "Custom-AsyncHttpClient"
103.39.93.93 - - [07/Apr/2025:04:02:08 +0300] "GET /tests/vendor/phpunit/phpunit/src/Util/PHP/eval-stdin.php HTTP/1.1" 404 10100 "-" "Custom-AsyncHttpClient"
103.39.93.93 - - [07/Apr/2025:04:02:09 +0300] "GET /test/vendor/phpunit/phpunit/src/Util/PHP/eval-stdin.php HTTP/1.1" 404 10100 "-" "Custom-AsyncHttpClient"
103.39.93.93 - - [07/Apr/2025:04:02:10 +0300] "GET /testing/vendor/phpunit/phpunit/src/Util/PHP/eval-stdin.php HTTP/1.1" 404 10100 "-" "Custom-AsyncHttpClient"
103.39.93.93 - - [07/Apr/2025:04:02:11 +0300] "GET /api/vendor/phpunit/phpunit/src/Util/PHP/eval-stdin.php HTTP/1.1" 404 10100 "-" "Custom-AsyncHttpClient"
103.39.93.93 - - [07/Apr/2025:04:02:12 +0300] "GET /demo/vendor/phpunit/phpunit/src/Util/PHP/eval-stdin.php HTTP/1.1" 404 10100 "-" "Custom-AsyncHttpClient"
103.39.93.93 - - [07/Apr/2025:04:02:12 +0300] "GET /cms/vendor/phpunit/phpunit/src/Util/PHP/eval-stdin.php HTTP/1.1" 404 10100 "-" "Custom-AsyncHttpClient"
103.39.93.93 - - [07/Apr/2025:04:02:13 +0300] "GET /crm/vendor/phpunit/phpunit/src/Util/PHP/eval-stdin.php HTTP/1.1" 404 10100 "-" "Custom-AsyncHttpClient"
103.39.93.93 - - [07/Apr/2025:04:02:14 +0300] "GET /admin/vendor/phpunit/phpunit/src/Util/PHP/eval-stdin.php HTTP/1.1" 404 10100 "-" "Custom-AsyncHttpClient"
103.39.93.93 - - [07/Apr/2025:04:02:14 +0300] "GET /backup/vendor/phpunit/phpunit/src/Util/PHP/eval-stdin.php HTTP/1.1" 404 10100 "-" "Custom-AsyncHttpClient"
103.39.93.93 - - [07/Apr/2025:04:02:15 +0300] "GET /blog/vendor/phpunit/phpunit/src/Util/PHP/eval-stdin.php HTTP/1.1" 404 10100 "-" "Custom-AsyncHttpClient"
103.39.93.93 - - [07/Apr/2025:04:02:16 +0300] "GET /workspace/drupal/vendor/phpunit/phpunit/src/Util/PHP/eval-stdin.php HTTP/1.1" 404 10100 "-" "Custom-AsyncHttpClient"
103.39.93.93 - - [07/Apr/2025:04:02:16 +0300] "GET /panel/vendor/phpunit/phpunit/src/Util/PHP/eval-stdin.php HTTP/1.1" 404 10100 "-" "Custom-AsyncHttpClient"
103.39.93.93 - - [07/Apr/2025:04:02:17 +0300] "GET /public/vendor/phpunit/phpunit/src/Util/PHP/eval-stdin.php HTTP/1.1" 404 10100 "-" "Custom-AsyncHttpClient"
127.0.0.1 - - [07/Apr/2025:03:48:49 +0300] "GET /whm-server-status?auto HTTP/1.1" 404 10072 "-" "Python-urllib/3.6"
127.0.0.1 - - [07/Apr/2025:03:49:49 +0300] "GET /whm-server-status?auto HTTP/1.1" 404 10072 "-" "Python-urllib/3.6"
167.94.138.183 - - [07/Apr/2025:03:49:56 +0300] "GET / HTTP/1.1" 200 163 "-" "Mozilla/5.0 (compatible; CensysInspect/1.1; +https://about.censys.io/)"
127.0.0.1 - - [07/Apr/2025:03:50:06 +0300] "GET / HTTP/1.0" 200 163 "-" "-"
199.45.154.140 - - [07/Apr/2025:03:50:46 +0300] "GET / HTTP/1.1" 200 163 "-" "-"
127.0.0.1 - - [07/Apr/2025:03:50:49 +0300] "GET /whm-server-status?auto HTTP/1.1" 404 10072 "-" "Python-urllib/3.6"
199.45.154.140 - - [07/Apr/2025:03:51:04 +0300] "GET /favicon.ico HTTP/1.1" 404 4943 "-" "Mozilla/5.0 (compatible; CensysInspect/1.1; +https://about.censys.io/)"
127.0.0.1 - - [07/Apr/2025:03:51:49 +0300] "GET /whm-server-status?auto HTTP/1.1" 404 10072 "-" "Python-urllib/3.6"
127.0.0.1 - - [07/Apr/2025:03:52:49 +0300] "GET /whm-server-status?auto HTTP/1.1" 404 10072 "-" "Python-urllib/3.6"
162.216.149.119 - - [07/Apr/2025:03:53:43 +0300] "GET / HTTP/1.1" 200 163 "-" "Expanse, a Palo Alto Networks company, searches across the global IPv4 space multiple times per day to identify customers&#39; presences on the Internet. If you would like to be excluded from our scans, please send IP addresses/domains to: scaninfo@paloaltonetworks.com"
127.0.0.1 - - [07/Apr/2025:03:54:49 +0300] "GET /whm-server-status?auto HTTP/1.1" 404 10072 "-" "Python-urllib/3.6"
127.0.0.1 - - [07/Apr/2025:03:55:09 +0300] "GET / HTTP/1.0" 200 163 "-" "-"
127.0.0.1 - - [07/Apr/2025:03:57:49 +0300] "GET /whm-server-status?auto HTTP/1.1" 404 10072 "-" "Python-urllib/3.6"
127.0.0.1 - - [07/Apr/2025:04:00:01 +0300] "GET /whm-server-status HTTP/1.0" 404 10045 "-" "-"
127.0.0.1 - - [07/Apr/2025:04:00:49 +0300] "GET /whm-server-status?auto HTTP/1.1" 404 10072 "-" "Python-urllib/3.6"
103.39.93.93 - - [07/Apr/2025:04:02:18 +0300] "GET /apps/vendor/phpunit/phpunit/src/Util/PHP/eval-stdin.php HTTP/1.1" 404 10100 "-" "Custom-AsyncHttpClient"
103.39.93.93 - - [07/Apr/2025:04:02:19 +0300] "GET /app/vendor/phpunit/phpunit/src/Util/PHP/eval-stdin.php HTTP/1.1" 404 10100 "-" "Custom-AsyncHttpClient"
103.39.93.93 - - [07/Apr/2025:04:02:20 +0300] "GET /index.php?s=/index/\\think\\app/invokefunction&function=call_user_func_array&vars[0]=md5&vars[1][]=Hello HTTP/1.1" 404 10100 "-" "Custom-AsyncHttpClient"
103.39.93.93 - - [07/Apr/2025:04:02:21 +0300] "GET /public/index.php?s=/index/\\think\\app/invokefunction&function=call_user_func_array&vars[0]=md5&vars[1][]=Hello HTTP/1.1" 404 10100 "-" "Custom-AsyncHttpClient"
103.39.93.93 - - [07/Apr/2025:04:02:22 +0300] "GET /index.php?lang=../../../../../../../../usr/local/lib/php/pearcmd&+config-create+/&/<\?echo(md5(\"hi\"));?>+/tmp/index1.php HTTP/1.1" 404 10100 "-" "Custom-AsyncHttpClient"
103.39.93.93 - - [07/Apr/2025:04:02:23 +0300] "GET /index.php?lang=../../../../../../../../tmp/index1 HTTP/1.1" 404 10100 "-" "Custom-AsyncHttpClient"
103.39.93.93 - - [07/Apr/2025:04:02:24 +0300] "GET /containers/json HTTP/1.1" 404 10100 "-" "Custom-AsyncHttpClient"
127.0.0.1 - - [07/Apr/2025:04:02:49 +0300] "GET /whm-server-status?auto HTTP/1.1" 404 10072 "-" "Python-urllib/3.6"
127.0.0.1 - - [07/Apr/2025:04:03:49 +0300] "GET /whm-server-status?auto HTTP/1.1" 404 10072 "-" "Python-urllib/3.6"
127.0.0.1 - - [07/Apr/2025:04:05:06 +0300] "GET / HTTP/1.0" 200 163 "-" "-"
127.0.0.1 - - [07/Apr/2025:04:05:49 +0300] "GET /whm-server-status?auto HTTP/1.1" 404 10072 "-" "Python-urllib/3.6"
127.0.0.1 - - [07/Apr/2025:04:06:49 +0300] "GET /whm-server-status?auto HTTP/1.1" 404 10072 "-" "Python-urllib/3.6"
127.0.0.1 - - [07/Apr/2025:04:08:49 +0300] "GET /whm-server-status?auto HTTP/1.1" 404 10072 "-" "Python-urllib/3.6"
127.0.0.1 - - [07/Apr/2025:04:09:49 +0300] "GET /whm-server-status?auto HTTP/1.1" 404 10072 "-" "Python-urllib/3.6"
127.0.0.1 - - [07/Apr/2025:04:10:01 +0300] "GET /whm-server-status HTTP/1.0" 404 10045 "-" "-"
127.0.0.1 - - [07/Apr/2025:04:11:49 +0300] "GET /whm-server-status?auto HTTP/1.1" 404 10072 "-" "Python-urllib/3.6"
127.0.0.1 - - [07/Apr/2025:04:13:49 +0300] "GET /whm-server-status?auto HTTP/1.1" 404 10072 "-" "Python-urllib/3.6"
127.0.0.1 - - [07/Apr/2025:04:15:02 +0300] "GET /whm-server-status HTTP/1.0" 404 10045 "-" "-"
127.0.0.1 - - [07/Apr/2025:04:16:49 +0300] "GET /whm-server-status?auto HTTP/1.1" 404 10072 "-" "Python-urllib/3.6"
127.0.0.1 - - [07/Apr/2025:04:18:49 +0300] "GET /whm-server-status?auto HTTP/1.1" 404 10072 "-" "Python-urllib/3.6"
127.0.0.1 - - [07/Apr/2025:04:20:06 +0300] "GET / HTTP/1.0" 200 163 "-" "-"
127.0.0.1 - - [07/Apr/2025:04:04:49 +0300] "GET /whm-server-status?auto HTTP/1.1" 404 10072 "-" "Python-urllib/3.6"
127.0.0.1 - - [07/Apr/2025:04:05:01 +0300] "GET /whm-server-status HTTP/1.0" 404 10045 "-" "-"
127.0.0.1 - - [07/Apr/2025:04:07:49 +0300] "GET /whm-server-status?auto HTTP/1.1" 404 10072 "-" "Python-urllib/3.6"
127.0.0.1 - - [07/Apr/2025:04:10:08 +0300] "GET / HTTP/1.0" 200 163 "-" "-"
127.0.0.1 - - [07/Apr/2025:04:10:49 +0300] "GET /whm-server-status?auto HTTP/1.1" 404 10072 "-" "Python-urllib/3.6"
154.81.156.10 - - [07/Apr/2025:04:12:13 +0300] "PROPFIND / HTTP/1.1" 501 805 "-" "-"
127.0.0.1 - - [07/Apr/2025:04:12:49 +0300] "GET /whm-server-status?auto HTTP/1.1" 404 10072 "-" "Python-urllib/3.6"
127.0.0.1 - - [07/Apr/2025:04:14:49 +0300] "GET /whm-server-status?auto HTTP/1.1" 404 10072 "-" "Python-urllib/3.6"
127.0.0.1 - - [07/Apr/2025:04:15:49 +0300] "GET /whm-server-status?auto HTTP/1.1" 404 10072 "-" "Python-urllib/3.6"
127.0.0.1 - - [07/Apr/2025:04:17:49 +0300] "GET /whm-server-status?auto HTTP/1.1" 404 10072 "-" "Python-urllib/3.6"
127.0.0.1 - - [07/Apr/2025:04:19:49 +0300] "GET /whm-server-status?auto HTTP/1.1" 404 10072 "-" "Python-urllib/3.6"
127.0.0.1 - - [07/Apr/2025:04:20:01 +0300] "GET /whm-server-status HTTP/1.0" 404 10045 "-" "-"
127.0.0.1 - - [07/Apr/2025:04:21:49 +0300] "GET /whm-server-status?auto HTTP/1.1" 404 10072 "-" "Python-urllib/3.6"
127.0.0.1 - - [07/Apr/2025:04:22:49 +0300] "GET /whm-server-status?auto HTTP/1.1" 404 10072 "-" "Python-urllib/3.6"
127.0.0.1 - - [07/Apr/2025:04:23:49 +0300] "GET /whm-server-status?auto HTTP/1.1" 404 10072 "-" "Python-urllib/3.6"
127.0.0.1 - - [07/Apr/2025:04:24:49 +0300] "GET /whm-server-status?auto HTTP/1.1" 404 10072 "-" "Python-urllib/3.6"
127.0.0.1 - - [07/Apr/2025:04:25:01 +0300] "GET /whm-server-status HTTP/1.0" 404 10045 "-" "-"
45.43.33.218 - - [07/Apr/2025:04:27:09 +0300] "GET / HTTP/1.1" 200 163 "-" "Mozilla/5.0 (X11; Ubuntu; Linux x86_64; rv:134.0) Gecko/20100101 Firefox/134.0"
127.0.0.1 - - [07/Apr/2025:04:29:49 +0300] "GET /whm-server-status?auto HTTP/1.1" 404 10072 "-" "Python-urllib/3.6"
127.0.0.1 - - [07/Apr/2025:04:30:01 +0300] "GET /whm-server-status HTTP/1.0" 404 10045 "-" "-"
127.0.0.1 - - [07/Apr/2025:04:30:49 +0300] "GET /whm-server-status?auto HTTP/1.1" 404 10072 "-" "Python-urllib/3.6"
193.122.182.27 - - [07/Apr/2025:04:32:24 +0300] "POST / HTTP/1.1" 200 163 "-" "Mozilla/5.0 (Linux; U; Android 4.4.2; en-US; HM NOTE 1W Build/KOT49H) AppleWebKit/534.30 (KHTML, like Gecko) Version/4.0 UCBrowser/11.0.5.850 U3/0.8.0 Mobile Safari/534.30"
193.122.182.27 - - [07/Apr/2025:04:32:24 +0300] "GET /.env HTTP/1.1" 404 4930 "-" "Mozilla/5.0 (Linux; U; Android 4.4.2; en-US; HM NOTE 1W Build/KOT49H) AppleWebKit/534.30 (KHTML, like Gecko) Version/4.0 UCBrowser/11.0.5.850 U3/0.8.0 Mobile Safari/534.30"
193.122.182.27 - - [07/Apr/2025:04:32:25 +0300] "POST / HTTP/1.1" 200 163 "-" "Mozilla/5.0 (Linux; U; Android 4.4.2; en-US; HM NOTE 1W Build/KOT49H) AppleWebKit/534.30 (KHTML, like Gecko) Version/4.0 UCBrowser/11.0.5.850 U3/0.8.0 Mobile Safari/534.30"
127.0.0.1 - - [07/Apr/2025:04:35:01 +0300] "GET /whm-server-status HTTP/1.0" 404 10045 "-" "-"
127.0.0.1 - - [07/Apr/2025:04:20:49 +0300] "GET /whm-server-status?auto HTTP/1.1" 404 10072 "-" "Python-urllib/3.6"
127.0.0.1 - - [07/Apr/2025:04:25:08 +0300] "GET / HTTP/1.0" 200 163 "-" "-"
127.0.0.1 - - [07/Apr/2025:04:25:49 +0300] "GET /whm-server-status?auto HTTP/1.1" 404 10072 "-" "Python-urllib/3.6"
127.0.0.1 - - [07/Apr/2025:04:26:49 +0300] "GET /whm-server-status?auto HTTP/1.1" 404 10072 "-" "Python-urllib/3.6"
92.255.57.58 - - [07/Apr/2025:04:27:38 +0300] "GET / HTTP/1.1" 200 163 "-" "Mozilla/5.0 (Windows NT 10.0; Win64; x64) AppleWebKit/537.36 (KHTML, like Gecko) Chrome/78.0.3904.108 Safari/537.36"
127.0.0.1 - - [07/Apr/2025:04:27:49 +0300] "GET /whm-server-status?auto HTTP/1.1" 404 10072 "-" "Python-urllib/3.6"
127.0.0.1 - - [07/Apr/2025:04:28:49 +0300] "GET /whm-server-status?auto HTTP/1.1" 404 10072 "-" "Python-urllib/3.6"
92.255.57.58 - - [07/Apr/2025:04:31:20 +0300] "POST /Autodiscover/Autodiscover.xml HTTP/1.1" 200 363 "-" "Mozilla/5.0 (Windows NT 10.0; Win64; x64) AppleWebKit/537.36 (KHTML, like Gecko) Chrome/78.0.3904.108 Safari/537.36"
127.0.0.1 - - [07/Apr/2025:04:31:49 +0300] "GET /whm-server-status?auto HTTP/1.1" 404 10072 "-" "Python-urllib/3.6"
193.122.182.27 - - [07/Apr/2025:04:32:24 +0300] "GET /.env HTTP/1.1" 404 4929 "-" "Mozilla/5.0 (Linux; U; Android 4.4.2; en-US; HM NOTE 1W Build/KOT49H) AppleWebKit/534.30 (KHTML, like Gecko) Version/4.0 UCBrowser/11.0.5.850 U3/0.8.0 Mobile Safari/534.30"
193.122.182.27 - - [07/Apr/2025:04:32:25 +0300] "GET /vendor/phpunit/phpunit/src/Util/PHP/eval-stdin.php HTTP/1.1" 404 4929 "-" "python-requests/2.32.3"
127.0.0.1 - - [07/Apr/2025:04:32:49 +0300] "GET /whm-server-status?auto HTTP/1.1" 404 10072 "-" "Python-urllib/3.6"
127.0.0.1 - - [07/Apr/2025:04:33:49 +0300] "GET /whm-server-status?auto HTTP/1.1" 404 10072 "-" "Python-urllib/3.6"
127.0.0.1 - - [07/Apr/2025:04:34:49 +0300] "GET /whm-server-status?auto HTTP/1.1" 404 10072 "-" "Python-urllib/3.6"
127.0.0.1 - - [07/Apr/2025:04:35:06 +0300] "GET / HTTP/1.0" 200 163 "-" "-"
127.0.0.1 - - [07/Apr/2025:04:35:49 +0300] "GET /whm-server-status?auto HTTP/1.1" 404 10072 "-" "Python-urllib/3.6"
127.0.0.1 - - [07/Apr/2025:04:36:49 +0300] "GET /whm-server-status?auto HTTP/1.1" 404 10072 "-" "Python-urllib/3.6"
127.0.0.1 - - [07/Apr/2025:04:38:49 +0300] "GET /whm-server-status?auto HTTP/1.1" 404 10072 "-" "Python-urllib/3.6"
154.81.156.34 - - [07/Apr/2025:04:39:29 +0300] "GET / HTTP/1.1" 200 163 "-" "Mozilla/5.0 (Windows NT 10.0; Win64; x64) AppleWebKit/537.36 (KHTML, like Gecko) Chrome/90.0.4430.85 Safari/537.36 Edg/90.0.818.46"
127.0.0.1 - - [07/Apr/2025:04:39:49 +0300] "GET /whm-server-status?auto HTTP/1.1" 404 10072 "-" "Python-urllib/3.6"
127.0.0.1 - - [07/Apr/2025:04:40:01 +0300] "GET /whm-server-status HTTP/1.0" 404 10045 "-" "-"
127.0.0.1 - - [07/Apr/2025:04:40:08 +0300] "GET / HTTP/1.0" 200 163 "-" "-"
127.0.0.1 - - [07/Apr/2025:04:40:49 +0300] "GET /whm-server-status?auto HTTP/1.1" 404 10072 "-" "Python-urllib/3.6"
127.0.0.1 - - [07/Apr/2025:04:41:49 +0300] "GET /whm-server-status?auto HTTP/1.1" 404 10072 "-" "Python-urllib/3.6"
127.0.0.1 - - [07/Apr/2025:04:42:49 +0300] "GET /whm-server-status?auto HTTP/1.1" 404 10072 "-" "Python-urllib/3.6"
127.0.0.1 - - [07/Apr/2025:04:43:49 +0300] "GET /whm-server-status?auto HTTP/1.1" 404 10072 "-" "Python-urllib/3.6"
127.0.0.1 - - [07/Apr/2025:04:45:49 +0300] "GET /whm-server-status?auto HTTP/1.1" 404 10072 "-" "Python-urllib/3.6"
2.110.1.248 - - [07/Apr/2025:04:47:40 +0300] "GET / HTTP/1.0" 200 163 "-" "-"
127.0.0.1 - - [07/Apr/2025:04:48:49 +0300] "GET /whm-server-status?auto HTTP/1.1" 404 10072 "-" "Python-urllib/3.6"
127.0.0.1 - - [07/Apr/2025:04:50:01 +0300] "GET /whm-server-status HTTP/1.0" 404 10045 "-" "-"
127.0.0.1 - - [07/Apr/2025:04:50:06 +0300] "GET / HTTP/1.0" 200 163 "-" "-"
127.0.0.1 - - [07/Apr/2025:04:50:49 +0300] "GET /whm-server-status?auto HTTP/1.1" 404 10072 "-" "Python-urllib/3.6"
127.0.0.1 - - [07/Apr/2025:04:51:49 +0300] "GET /whm-server-status?auto HTTP/1.1" 404 10072 "-" "Python-urllib/3.6"
127.0.0.1 - - [07/Apr/2025:04:52:49 +0300] "GET /whm-server-status?auto HTTP/1.1" 404 10072 "-" "Python-urllib/3.6"
154.212.141.233 - - [07/Apr/2025:04:53:18 +0300] "GET / HTTP/1.1" 200 163 "http://45.194.63.49:8080" "Mozilla/5.0 (Windows NT 6.1) AppleWebKit/537.36 (KHTML, like Gecko) Chrome/49.0.2623.112 Safari/537.36"
118.26.37.111 - - [07/Apr/2025:04:53:18 +0300] "GET / HTTP/1.1" 200 163 "http://126.251.14.6:8080" "Mozilla/5.0 (Windows NT 6.1) AppleWebKit/537.36 (KHTML, like Gecko) Chrome/49.0.2623.112 Safari/537.36"
154.212.141.229 - - [07/Apr/2025:04:53:18 +0300] "GET / HTTP/1.1" 200 163 "http://58.59.12.70:9993" "Mozilla/5.0 (Windows NT 6.1) AppleWebKit/537.36 (KHTML, like Gecko) Chrome/49.0.2623.112 Safari/537.36"
152.32.132.190 - - [07/Apr/2025:04:53:18 +0300] "GET / HTTP/1.1" 200 163 "http://185.181.8.107:8080" "Mozilla/5.0 (Windows NT 6.1) AppleWebKit/537.36 (KHTML, like Gecko) Chrome/49.0.2623.112 Safari/537.36"
152.32.132.190 - - [07/Apr/2025:04:53:18 +0300] "GET / HTTP/1.1" 200 163 "http://185.181.8.107:8080" "Mozilla/5.0 (Windows NT 6.1) AppleWebKit/537.36 (KHTML, like Gecko) Chrome/49.0.2623.112 Safari/537.36"
118.26.37.111 - - [07/Apr/2025:04:53:19 +0300] "GET /cgi-sys/defaultwebpage.cgi HTTP/1.1" 200 6982 "http://157.107.233.75:8080" "Mozilla/5.0 (Windows NT 6.1) AppleWebKit/537.36 (KHTML, like Gecko) Chrome/49.0.2623.112 Safari/537.36"
152.32.132.190 - - [07/Apr/2025:04:53:19 +0300] "GET /cgi-sys/defaultwebpage.cgi HTTP/1.1" 200 6972 "http://52.211.207.7:9100" "Mozilla/5.0 (Windows NT 6.1) AppleWebKit/537.36 (KHTML, like Gecko) Chrome/49.0.2623.112 Safari/537.36"
152.32.132.190 - - [07/Apr/2025:04:53:19 +0300] "GET / HTTP/1.1" 200 163 "http://185.181.8.107:8080" "Mozilla/5.0 (Windows NT 6.1) AppleWebKit/537.36 (KHTML, like Gecko) Chrome/49.0.2623.112 Safari/537.36"
152.32.135.132 - - [07/Apr/2025:04:53:19 +0300] "GET / HTTP/1.1" 200 163 "https://78.47.100.209:8080" "Mozilla/5.0 (Windows NT 6.1) AppleWebKit/537.36 (KHTML, like Gecko) Chrome/49.0.2623.112 Safari/537.36"
154.212.141.233 - - [07/Apr/2025:04:53:19 +0300] "GET /cgi-sys/defaultwebpage.cgi HTTP/1.1" 200 6972 "http://106.148.68.205:8080" "Mozilla/5.0 (Windows NT 6.1) AppleWebKit/537.36 (KHTML, like Gecko) Chrome/49.0.2623.112 Safari/537.36"
127.0.0.1 - - [07/Apr/2025:04:37:49 +0300] "GET /whm-server-status?auto HTTP/1.1" 404 10072 "-" "Python-urllib/3.6"
127.0.0.1 - - [07/Apr/2025:04:44:49 +0300] "GET /whm-server-status?auto HTTP/1.1" 404 10072 "-" "Python-urllib/3.6"
127.0.0.1 - - [07/Apr/2025:04:45:01 +0300] "GET /whm-server-status HTTP/1.0" 404 10045 "-" "-"
127.0.0.1 - - [07/Apr/2025:04:46:49 +0300] "GET /whm-server-status?auto HTTP/1.1" 404 10072 "-" "Python-urllib/3.6"
92.255.57.58 - - [07/Apr/2025:04:47:22 +0300] "POST /vendor/phpunit/phpunit/src/Util/PHP/eval-stdin.php HTTP/1.1" 404 4934 "-" "Mozilla/5.0 (Windows NT 10.0; Win64; x64) AppleWebKit/537.36 (KHTML, like Gecko) Chrome/78.0.3904.108 Safari/537.36"
127.0.0.1 - - [07/Apr/2025:04:47:49 +0300] "GET /whm-server-status?auto HTTP/1.1" 404 10072 "-" "Python-urllib/3.6"
92.255.57.58 - - [07/Apr/2025:04:49:39 +0300] "GET /vendor/phpunit/phpunit/src/Util/PHP/eval-stdin.php HTTP/1.1" 404 4934 "-" "Mozilla/5.0 (Windows NT 10.0; Win64; x64) AppleWebKit/537.36 (KHTML, like Gecko) Chrome/78.0.3904.108 Safari/537.36"
127.0.0.1 - - [07/Apr/2025:04:49:49 +0300] "GET /whm-server-status?auto HTTP/1.1" 404 10072 "-" "Python-urllib/3.6"
154.212.141.231 - - [07/Apr/2025:04:53:17 +0300] "GET / HTTP/1.1" 200 163 "http://220.117.141.205:9080" "Mozilla/5.0 (Windows NT 6.1) AppleWebKit/537.36 (KHTML, like Gecko) Chrome/49.0.2623.112 Safari/537.36"
154.212.141.231 - - [07/Apr/2025:04:53:18 +0300] "GET /cgi-sys/defaultwebpage.cgi HTTP/1.1" 200 6972 "http://191.183.32.165:8080" "Mozilla/5.0 (Windows NT 6.1) AppleWebKit/537.36 (KHTML, like Gecko) Chrome/49.0.2623.112 Safari/537.36"
152.32.132.190 - - [07/Apr/2025:04:53:19 +0300] "GET /cgi-sys/defaultwebpage.cgi HTTP/1.1" 200 6982 "http://52.211.207.7:9100" "Mozilla/5.0 (Windows NT 6.1) AppleWebKit/537.36 (KHTML, like Gecko) Chrome/49.0.2623.112 Safari/537.36"
154.212.141.231 - - [07/Apr/2025:04:53:20 +0300] "GET /cgi-sys/favicon.ico HTTP/1.1" 404 10126 "http://142-132-169-165.cprapid.com" "Mozilla/5.0 (Windows NT 6.1) AppleWebKit/537.36 (KHTML, like Gecko) Chrome/49.0.2623.112 Safari/537.36"
152.32.132.190 - - [07/Apr/2025:04:53:20 +0300] "GET /cgi-sys/favicon.ico HTTP/1.1" 404 10141 "http://ipv6.142-132-169-165.cprapid.com" "Mozilla/5.0 (Windows NT 6.1) AppleWebKit/537.36 (KHTML, like Gecko) Chrome/49.0.2623.112 Safari/537.36"
154.212.141.229 - - [07/Apr/2025:04:53:20 +0300] "GET /cgi-sys/defaultwebpage.cgi HTTP/1.1" 200 6982 "http://2.193.145.69:8080" "Mozilla/5.0 (Windows NT 6.1) AppleWebKit/537.36 (KHTML, like Gecko) Chrome/49.0.2623.112 Safari/537.36"
118.26.37.111 - - [07/Apr/2025:04:53:20 +0300] "GET /cgi-sys/favicon.ico HTTP/1.1" 404 10141 "http://mail.142-132-169-165.cprapid.com" "Mozilla/5.0 (Windows NT 6.1) AppleWebKit/537.36 (KHTML, like Gecko) Chrome/49.0.2623.112 Safari/537.36"
152.32.132.190 - - [07/Apr/2025:04:53:20 +0300] "GET /cgi-sys/favicon.ico HTTP/1.1" 404 10138 "http://www.142-132-169-165.cprapid.com" "Mozilla/5.0 (Windows NT 6.1) AppleWebKit/537.36 (KHTML, like Gecko) Chrome/49.0.2623.112 Safari/537.36"
152.32.132.190 - - [07/Apr/2025:04:53:20 +0300] "GET /cgi-sys/defaultwebpage.cgi HTTP/1.1" 200 6982 "http://52.211.207.7:9100" "Mozilla/5.0 (Windows NT 6.1) AppleWebKit/537.36 (KHTML, like Gecko) Chrome/49.0.2623.112 Safari/537.36"
154.212.141.233 - - [07/Apr/2025:04:53:21 +0300] "GET /cgi-sys/favicon.ico HTTP/1.1" 404 10128 "https://142-132-169-165.cprapid.com" "Mozilla/5.0 (Windows NT 6.1) AppleWebKit/537.36 (KHTML, like Gecko) Chrome/49.0.2623.112 Safari/537.36"
154.212.141.229 - - [07/Apr/2025:04:53:21 +0300] "GET /cgi-sys/favicon.ico HTTP/1.1" 404 10143 "https://mail.142-132-169-165.cprapid.com" "Mozilla/5.0 (Windows NT 6.1) AppleWebKit/537.36 (KHTML, like Gecko) Chrome/49.0.2623.112 Safari/537.36"
152.32.132.190 - - [07/Apr/2025:04:53:21 +0300] "GET /favicon.ico HTTP/1.1" 404 10138 "http://www.142-132-169-165.cprapid.com" "Mozilla/5.0 (Windows NT 6.1) AppleWebKit/537.36 (KHTML, like Gecko) Chrome/49.0.2623.112 Safari/537.36"
152.32.135.132 - - [07/Apr/2025:04:53:20 +0300] "GET /cgi-sys/defaultwebpage.cgi HTTP/1.1" 200 6972 "http://117.207.175.220:8080" "Mozilla/5.0 (Windows NT 6.1) AppleWebKit/537.36 (KHTML, like Gecko) Chrome/49.0.2623.112 Safari/537.36"
152.32.132.190 - - [07/Apr/2025:04:53:21 +0300] "GET /favicon.ico HTTP/1.1" 404 10141 "http://ipv6.142-132-169-165.cprapid.com" "Mozilla/5.0 (Windows NT 6.1) AppleWebKit/537.36 (KHTML, like Gecko) Chrome/49.0.2623.112 Safari/537.36"
154.212.141.231 - - [07/Apr/2025:04:53:21 +0300] "GET /favicon.ico HTTP/1.1" 404 10126 "http://142-132-169-165.cprapid.com" "Mozilla/5.0 (Windows NT 6.1) AppleWebKit/537.36 (KHTML, like Gecko) Chrome/49.0.2623.112 Safari/537.36"
152.32.132.190 - - [07/Apr/2025:04:53:22 +0300] "GET /cgi-sys/favicon.ico HTTP/1.1" 404 10143 "https://ipv6.142-132-169-165.cprapid.com" "Mozilla/5.0 (Windows NT 6.1) AppleWebKit/537.36 (KHTML, like Gecko) Chrome/49.0.2623.112 Safari/537.36"
152.32.135.132 - - [07/Apr/2025:04:53:22 +0300] "GET /favicon.ico HTTP/1.1" 404 10140 "https://www.142-132-169-165.cprapid.com" "Mozilla/5.0 (Windows NT 6.1) AppleWebKit/537.36 (KHTML, like Gecko) Chrome/49.0.2623.112 Safari/537.36"
154.212.141.229 - - [07/Apr/2025:04:53:22 +0300] "GET /favicon.ico HTTP/1.1" 404 10143 "https://mail.142-132-169-165.cprapid.com" "Mozilla/5.0 (Windows NT 6.1) AppleWebKit/537.36 (KHTML, like Gecko) Chrome/49.0.2623.112 Safari/537.36"
154.81.156.35 - - [07/Apr/2025:04:53:39 +0300] "GET / HTTP/1.1" 200 163 "-" "Mozilla/5.0 (Windows NT 10.0; Win64; x64) AppleWebKit/537.36 (KHTML, like Gecko) Chrome/90.0.4430.85 Safari/537.36 Edg/90.0.818.46"
118.26.37.111 - - [07/Apr/2025:04:53:21 +0300] "GET /favicon.ico HTTP/1.1" 404 10141 "http://mail.142-132-169-165.cprapid.com" "Mozilla/5.0 (Windows NT 6.1) AppleWebKit/537.36 (KHTML, like Gecko) Chrome/49.0.2623.112 Safari/537.36"
152.32.135.132 - - [07/Apr/2025:04:53:21 +0300] "GET /cgi-sys/favicon.ico HTTP/1.1" 404 10140 "https://www.142-132-169-165.cprapid.com" "Mozilla/5.0 (Windows NT 6.1) AppleWebKit/537.36 (KHTML, like Gecko) Chrome/49.0.2623.112 Safari/537.36"
154.212.141.233 - - [07/Apr/2025:04:53:22 +0300] "GET /favicon.ico HTTP/1.1" 404 10128 "https://142-132-169-165.cprapid.com" "Mozilla/5.0 (Windows NT 6.1) AppleWebKit/537.36 (KHTML, like Gecko) Chrome/49.0.2623.112 Safari/537.36"
152.32.132.190 - - [07/Apr/2025:04:53:23 +0300] "GET /favicon.ico HTTP/1.1" 404 10143 "https://ipv6.142-132-169-165.cprapid.com" "Mozilla/5.0 (Windows NT 6.1) AppleWebKit/537.36 (KHTML, like Gecko) Chrome/49.0.2623.112 Safari/537.36"
127.0.0.1 - - [07/Apr/2025:04:58:49 +0300] "GET /whm-server-status?auto HTTP/1.1" 404 10072 "-" "Python-urllib/3.6"
127.0.0.1 - - [07/Apr/2025:05:00:01 +0300] "GET /whm-server-status HTTP/1.0" 404 10045 "-" "-"
127.0.0.1 - - [07/Apr/2025:05:01:49 +0300] "GET /whm-server-status?auto HTTP/1.1" 404 10072 "-" "Python-urllib/3.6"
127.0.0.1 - - [07/Apr/2025:05:03:49 +0300] "GET /whm-server-status?auto HTTP/1.1" 404 10072 "-" "Python-urllib/3.6"
127.0.0.1 - - [07/Apr/2025:05:04:49 +0300] "GET /whm-server-status?auto HTTP/1.1" 404 10072 "-" "Python-urllib/3.6"
127.0.0.1 - - [07/Apr/2025:05:05:06 +0300] "GET / HTTP/1.0" 200 163 "-" "-"
64.62.197.67 - - [07/Apr/2025:05:07:28 +0300] "GET / HTTP/1.1" 200 163 "-" "Mozilla/5.0 (Macintosh; Intel Mac OS X 10_15_7) AppleWebKit/537.36 (KHTML, like Gecko) Chrome/123.0.0.0 Safari/537.36"
127.0.0.1 - - [07/Apr/2025:05:07:49 +0300] "GET /whm-server-status?auto HTTP/1.1" 404 10072 "-" "Python-urllib/3.6"
127.0.0.1 - - [07/Apr/2025:05:09:49 +0300] "GET /whm-server-status?auto HTTP/1.1" 404 10072 "-" "Python-urllib/3.6"
127.0.0.1 - - [07/Apr/2025:04:53:49 +0300] "GET /whm-server-status?auto HTTP/1.1" 404 10072 "-" "Python-urllib/3.6"
127.0.0.1 - - [07/Apr/2025:04:54:49 +0300] "GET /whm-server-status?auto HTTP/1.1" 404 10072 "-" "Python-urllib/3.6"
127.0.0.1 - - [07/Apr/2025:04:55:02 +0300] "GET /whm-server-status HTTP/1.0" 404 10045 "-" "-"
127.0.0.1 - - [07/Apr/2025:04:55:08 +0300] "GET / HTTP/1.0" 200 163 "-" "-"
127.0.0.1 - - [07/Apr/2025:04:55:49 +0300] "GET /whm-server-status?auto HTTP/1.1" 404 10072 "-" "Python-urllib/3.6"
127.0.0.1 - - [07/Apr/2025:04:56:49 +0300] "GET /whm-server-status?auto HTTP/1.1" 404 10072 "-" "Python-urllib/3.6"
127.0.0.1 - - [07/Apr/2025:04:57:49 +0300] "GET /whm-server-status?auto HTTP/1.1" 404 10072 "-" "Python-urllib/3.6"
154.81.156.10 - - [07/Apr/2025:04:58:54 +0300] "PROPFIND / HTTP/1.1" 501 805 "-" "-"
127.0.0.1 - - [07/Apr/2025:04:59:49 +0300] "GET /whm-server-status?auto HTTP/1.1" 404 10072 "-" "Python-urllib/3.6"
127.0.0.1 - - [07/Apr/2025:05:00:49 +0300] "GET /whm-server-status?auto HTTP/1.1" 404 10072 "-" "Python-urllib/3.6"
127.0.0.1 - - [07/Apr/2025:05:02:49 +0300] "GET /whm-server-status?auto HTTP/1.1" 404 10072 "-" "Python-urllib/3.6"
127.0.0.1 - - [07/Apr/2025:05:05:01 +0300] "GET /whm-server-status HTTP/1.0" 404 10045 "-" "-"
127.0.0.1 - - [07/Apr/2025:05:05:49 +0300] "GET /whm-server-status?auto HTTP/1.1" 404 10072 "-" "Python-urllib/3.6"
127.0.0.1 - - [07/Apr/2025:05:06:49 +0300] "GET /whm-server-status?auto HTTP/1.1" 404 10072 "-" "Python-urllib/3.6"
127.0.0.1 - - [07/Apr/2025:05:08:49 +0300] "GET /whm-server-status?auto HTTP/1.1" 404 10072 "-" "Python-urllib/3.6"
127.0.0.1 - - [07/Apr/2025:05:10:02 +0300] "GET /whm-server-status HTTP/1.0" 404 10045 "-" "-"
127.0.0.1 - - [07/Apr/2025:05:12:25 +0300] "GET / HTTP/1.0" 200 163 "-" "-"
127.0.0.1 - - [07/Apr/2025:05:12:49 +0300] "GET /whm-server-status?auto HTTP/1.1" 404 10072 "-" "Python-urllib/3.6"
172.111.15.2 - - [07/Apr/2025:05:13:05 +0300] "GET / HTTP/1.1" 200 163 "-" "Mozilla/5.0 (iPhone; CPU iPhone OS 16_6_1 like Mac OS X) AppleWebKit/605.1.15 (KHTML, like Gecko) Version/16.5 Mobile/15E148 Safari/604.1"
64.62.197.66 - - [07/Apr/2025:05:14:06 +0300] "GET /favicon.ico HTTP/1.1" 404 4930 "-" "Mozilla/5.0 (Windows NT 10.0; rv:108.0) Gecko/20100101 Firefox/108.0"
127.0.0.1 - - [07/Apr/2025:05:14:49 +0300] "GET /whm-server-status?auto HTTP/1.1" 404 10072 "-" "Python-urllib/3.6"
127.0.0.1 - - [07/Apr/2025:05:15:01 +0300] "GET /whm-server-status HTTP/1.0" 404 10045 "-" "-"
64.62.197.71 - - [07/Apr/2025:05:15:28 +0300] "GET / HTTP/1.1" 200 163 "-" "Mozilla/5.0 (Macintosh; Intel Mac OS X 10_15_7) AppleWebKit/537.36 (KHTML, like Gecko) Chrome/123.0.0.0 Safari/537.36"
127.0.0.1 - - [07/Apr/2025:05:16:49 +0300] "GET /whm-server-status?auto HTTP/1.1" 404 10072 "-" "Python-urllib/3.6"
127.0.0.1 - - [07/Apr/2025:05:19:49 +0300] "GET /whm-server-status?auto HTTP/1.1" 404 10072 "-" "Python-urllib/3.6"
64.62.197.68 - - [07/Apr/2025:05:19:52 +0300] "GET /geoserver/web/ HTTP/1.1" 404 4930 "-" "Mozilla/5.0 (Windows NT 10.0; Win64; x64) AppleWebKit/537.36 (KHTML, like Gecko) Chrome/119.0.0.0 Safari/537.36"
127.0.0.1 - - [07/Apr/2025:05:20:01 +0300] "GET /whm-server-status HTTP/1.0" 404 10045 "-" "-"
127.0.0.1 - - [07/Apr/2025:05:21:49 +0300] "GET /whm-server-status?auto HTTP/1.1" 404 10072 "-" "Python-urllib/3.6"
127.0.0.1 - - [07/Apr/2025:05:23:49 +0300] "GET /whm-server-status?auto HTTP/1.1" 404 10072 "-" "Python-urllib/3.6"
127.0.0.1 - - [07/Apr/2025:05:24:49 +0300] "GET /whm-server-status?auto HTTP/1.1" 404 10072 "-" "Python-urllib/3.6"
127.0.0.1 - - [07/Apr/2025:05:25:09 +0300] "GET / HTTP/1.0" 200 163 "-" "-"
127.0.0.1 - - [07/Apr/2025:05:25:49 +0300] "GET /whm-server-status?auto HTTP/1.1" 404 10072 "-" "Python-urllib/3.6"
127.0.0.1 - - [07/Apr/2025:05:10:49 +0300] "GET /whm-server-status?auto HTTP/1.1" 404 10072 "-" "Python-urllib/3.6"
127.0.0.1 - - [07/Apr/2025:05:11:49 +0300] "GET /whm-server-status?auto HTTP/1.1" 404 10072 "-" "Python-urllib/3.6"
172.111.15.66 - - [07/Apr/2025:05:13:04 +0300] "GET / HTTP/1.1" 200 163 "-" "Mozilla/5.0 (iPad; CPU OS 11_4 like Mac OS X) AppleWebKit/605.1.15 (KHTML, like Gecko) Version/11.0 Mobile/15E148 Safari/604.1"
20.65.194.189 - - [07/Apr/2025:05:13:39 +0300] "GET / HTTP/1.1" 200 163 "-" "Mozilla/5.0 zgrab/0.x"
127.0.0.1 - - [07/Apr/2025:05:13:49 +0300] "GET /whm-server-status?auto HTTP/1.1" 404 10072 "-" "Python-urllib/3.6"
127.0.0.1 - - [07/Apr/2025:05:15:49 +0300] "GET /whm-server-status?auto HTTP/1.1" 404 10072 "-" "Python-urllib/3.6"
127.0.0.1 - - [07/Apr/2025:05:17:49 +0300] "GET /whm-server-status?auto HTTP/1.1" 404 10072 "-" "Python-urllib/3.6"
127.0.0.1 - - [07/Apr/2025:05:18:49 +0300] "GET /whm-server-status?auto HTTP/1.1" 404 10072 "-" "Python-urllib/3.6"
127.0.0.1 - - [07/Apr/2025:05:20:06 +0300] "GET / HTTP/1.0" 200 163 "-" "-"
127.0.0.1 - - [07/Apr/2025:05:20:49 +0300] "GET /whm-server-status?auto HTTP/1.1" 404 10072 "-" "Python-urllib/3.6"
127.0.0.1 - - [07/Apr/2025:05:22:49 +0300] "GET /whm-server-status?auto HTTP/1.1" 404 10072 "-" "Python-urllib/3.6"
127.0.0.1 - - [07/Apr/2025:05:25:01 +0300] "GET /whm-server-status HTTP/1.0" 404 10045 "-" "-"
154.81.156.10 - - [07/Apr/2025:05:26:41 +0300] "PROPFIND / HTTP/1.1" 501 805 "-" "-"
127.0.0.1 - - [07/Apr/2025:05:26:49 +0300] "GET /whm-server-status?auto HTTP/1.1" 404 10072 "-" "Python-urllib/3.6"
127.0.0.1 - - [07/Apr/2025:05:28:49 +0300] "GET /whm-server-status?auto HTTP/1.1" 404 10072 "-" "Python-urllib/3.6"
127.0.0.1 - - [07/Apr/2025:05:29:49 +0300] "GET /whm-server-status?auto HTTP/1.1" 404 10072 "-" "Python-urllib/3.6"
127.0.0.1 - - [07/Apr/2025:05:30:01 +0300] "GET /whm-server-status HTTP/1.0" 404 10045 "-" "-"
185.255.122.19 - - [07/Apr/2025:05:30:20 +0300] "GET / HTTP/1.1" 200 163 "-" "Mozilla/5.0 (Windows NT 10.0; Win64; x64) AppleWebKit/537.36 (KHTML, like Gecko) Chrome/90.0.4430.85 Safari/537.36 Edg/90.0.818.46"
127.0.0.1 - - [07/Apr/2025:05:30:49 +0300] "GET /whm-server-status?auto HTTP/1.1" 404 10072 "-" "Python-urllib/3.6"
162.142.125.203 - - [07/Apr/2025:05:31:15 +0300] "GET / HTTP/1.1" 200 163 "-" "-"
162.142.125.203 - - [07/Apr/2025:05:31:38 +0300] "GET / HTTP/1.1" 200 163 "-" "Mozilla/5.0 (compatible; CensysInspect/1.1; +https://about.censys.io/)"
162.142.125.203 - - [07/Apr/2025:05:32:15 +0300] "GET /favicon.ico HTTP/1.1" 404 4938 "-" "Mozilla/5.0 (compatible; CensysInspect/1.1; +https://about.censys.io/)"
127.0.0.1 - - [07/Apr/2025:05:34:49 +0300] "GET /whm-server-status?auto HTTP/1.1" 404 10072 "-" "Python-urllib/3.6"
127.0.0.1 - - [07/Apr/2025:05:36:49 +0300] "GET /whm-server-status?auto HTTP/1.1" 404 10072 "-" "Python-urllib/3.6"
127.0.0.1 - - [07/Apr/2025:05:38:49 +0300] "GET /whm-server-status?auto HTTP/1.1" 404 10072 "-" "Python-urllib/3.6"
127.0.0.1 - - [07/Apr/2025:05:39:49 +0300] "GET /whm-server-status?auto HTTP/1.1" 404 10072 "-" "Python-urllib/3.6"
127.0.0.1 - - [07/Apr/2025:05:42:49 +0300] "GET /whm-server-status?auto HTTP/1.1" 404 10072 "-" "Python-urllib/3.6"
127.0.0.1 - - [07/Apr/2025:05:27:49 +0300] "GET /whm-server-status?auto HTTP/1.1" 404 10072 "-" "Python-urllib/3.6"
127.0.0.1 - - [07/Apr/2025:05:31:49 +0300] "GET /whm-server-status?auto HTTP/1.1" 404 10072 "-" "Python-urllib/3.6"
127.0.0.1 - - [07/Apr/2025:05:32:49 +0300] "GET /whm-server-status?auto HTTP/1.1" 404 10072 "-" "Python-urllib/3.6"
127.0.0.1 - - [07/Apr/2025:05:33:49 +0300] "GET /whm-server-status?auto HTTP/1.1" 404 10072 "-" "Python-urllib/3.6"
127.0.0.1 - - [07/Apr/2025:05:35:01 +0300] "GET /whm-server-status HTTP/1.0" 404 10045 "-" "-"
127.0.0.1 - - [07/Apr/2025:05:35:06 +0300] "GET / HTTP/1.0" 200 163 "-" "-"
127.0.0.1 - - [07/Apr/2025:05:35:49 +0300] "GET /whm-server-status?auto HTTP/1.1" 404 10072 "-" "Python-urllib/3.6"
127.0.0.1 - - [07/Apr/2025:05:37:49 +0300] "GET /whm-server-status?auto HTTP/1.1" 404 10072 "-" "Python-urllib/3.6"
127.0.0.1 - - [07/Apr/2025:05:40:01 +0300] "GET /whm-server-status HTTP/1.0" 404 10045 "-" "-"
162.142.125.113 - - [07/Apr/2025:05:40:07 +0300] "GET /favicon.ico HTTP/1.1" 404 4943 "http://mail.142-132-169-165.cprapid.com:443/favicon.ico" "Mozilla/5.0 (compatible; CensysInspect/1.1; +https://about.censys.io/)"
127.0.0.1 - - [07/Apr/2025:05:40:09 +0300] "GET / HTTP/1.0" 200 163 "-" "-"
127.0.0.1 - - [07/Apr/2025:05:40:49 +0300] "GET /whm-server-status?auto HTTP/1.1" 404 10072 "-" "Python-urllib/3.6"
127.0.0.1 - - [07/Apr/2025:05:41:49 +0300] "GET /whm-server-status?auto HTTP/1.1" 404 10072 "-" "Python-urllib/3.6"
127.0.0.1 - - [07/Apr/2025:05:43:49 +0300] "GET /whm-server-status?auto HTTP/1.1" 404 10072 "-" "Python-urllib/3.6"
92.255.57.58 - - [07/Apr/2025:05:44:48 +0300] "GET /?XDEBUG_SESSION_START=phpstorm HTTP/1.1" 200 163 "-" "Mozilla/5.0 (Windows NT 10.0; Win64; x64) AppleWebKit/537.36 (KHTML, like Gecko) Chrome/78.0.3904.108 Safari/537.36"
127.0.0.1 - - [07/Apr/2025:05:45:01 +0300] "GET /whm-server-status HTTP/1.0" 404 10045 "-" "-"
127.0.0.1 - - [07/Apr/2025:05:45:49 +0300] "GET /whm-server-status?auto HTTP/1.1" 404 10072 "-" "Python-urllib/3.6"
199.45.154.153 - - [07/Apr/2025:05:48:33 +0300] "GET / HTTP/1.1" 200 163 "-" "-"
199.45.154.153 - - [07/Apr/2025:05:48:45 +0300] "GET /favicon.ico HTTP/1.1" 404 4943 "-" "Mozilla/5.0 (compatible; CensysInspect/1.1; +https://about.censys.io/)"
127.0.0.1 - - [07/Apr/2025:05:50:06 +0300] "GET / HTTP/1.0" 200 163 "-" "-"
127.0.0.1 - - [07/Apr/2025:05:54:49 +0300] "GET /whm-server-status?auto HTTP/1.1" 404 10072 "-" "Python-urllib/3.6"
127.0.0.1 - - [07/Apr/2025:05:55:09 +0300] "GET / HTTP/1.0" 200 163 "-" "-"
127.0.0.1 - - [07/Apr/2025:05:56:49 +0300] "GET /whm-server-status?auto HTTP/1.1" 404 10072 "-" "Python-urllib/3.6"
127.0.0.1 - - [07/Apr/2025:06:00:02 +0300] "GET /whm-server-status HTTP/1.0" 404 10045 "-" "-"
154.81.156.34 - - [07/Apr/2025:06:00:12 +0300] "GET / HTTP/1.1" 200 163 "-" "Mozilla/5.0 (Windows NT 10.0; Win64; x64) AppleWebKit/537.36 (KHTML, like Gecko) Chrome/90.0.4430.85 Safari/537.36 Edg/90.0.818.46"
127.0.0.1 - - [07/Apr/2025:05:44:49 +0300] "GET /whm-server-status?auto HTTP/1.1" 404 10072 "-" "Python-urllib/3.6"
127.0.0.1 - - [07/Apr/2025:05:46:49 +0300] "GET /whm-server-status?auto HTTP/1.1" 404 10072 "-" "Python-urllib/3.6"
127.0.0.1 - - [07/Apr/2025:05:47:49 +0300] "GET /whm-server-status?auto HTTP/1.1" 404 10072 "-" "Python-urllib/3.6"
199.45.154.153 - - [07/Apr/2025:05:48:43 +0300] "GET / HTTP/1.1" 200 163 "-" "Mozilla/5.0 (compatible; CensysInspect/1.1; +https://about.censys.io/)"
127.0.0.1 - - [07/Apr/2025:05:48:49 +0300] "GET /whm-server-status?auto HTTP/1.1" 404 10072 "-" "Python-urllib/3.6"
199.45.154.153 - - [07/Apr/2025:05:49:09 +0300] "GET /favicon.ico HTTP/1.1" 404 4943 "-" "Mozilla/5.0 (compatible; CensysInspect/1.1; +https://about.censys.io/)"
127.0.0.1 - - [07/Apr/2025:05:49:49 +0300] "GET /whm-server-status?auto HTTP/1.1" 404 10072 "-" "Python-urllib/3.6"
127.0.0.1 - - [07/Apr/2025:05:50:01 +0300] "GET /whm-server-status HTTP/1.0" 404 10045 "-" "-"
127.0.0.1 - - [07/Apr/2025:05:50:49 +0300] "GET /whm-server-status?auto HTTP/1.1" 404 10072 "-" "Python-urllib/3.6"
127.0.0.1 - - [07/Apr/2025:05:51:49 +0300] "GET /whm-server-status?auto HTTP/1.1" 404 10072 "-" "Python-urllib/3.6"
127.0.0.1 - - [07/Apr/2025:05:52:49 +0300] "GET /whm-server-status?auto HTTP/1.1" 404 10072 "-" "Python-urllib/3.6"
127.0.0.1 - - [07/Apr/2025:05:53:49 +0300] "GET /whm-server-status?auto HTTP/1.1" 404 10072 "-" "Python-urllib/3.6"
127.0.0.1 - - [07/Apr/2025:05:55:01 +0300] "GET /whm-server-status HTTP/1.0" 404 10045 "-" "-"
127.0.0.1 - - [07/Apr/2025:05:55:49 +0300] "GET /whm-server-status?auto HTTP/1.1" 404 10072 "-" "Python-urllib/3.6"
127.0.0.1 - - [07/Apr/2025:05:57:49 +0300] "GET /whm-server-status?auto HTTP/1.1" 404 10072 "-" "Python-urllib/3.6"
127.0.0.1 - - [07/Apr/2025:05:58:49 +0300] "GET /whm-server-status?auto HTTP/1.1" 404 10072 "-" "Python-urllib/3.6"
127.0.0.1 - - [07/Apr/2025:05:59:49 +0300] "GET /whm-server-status?auto HTTP/1.1" 404 10072 "-" "Python-urllib/3.6"
154.81.156.35 - - [07/Apr/2025:06:03:22 +0300] "GET / HTTP/1.1" 200 163 "-" "Mozilla/5.0 (Windows NT 10.0; Win64; x64) AppleWebKit/537.36 (KHTML, like Gecko) Chrome/90.0.4430.85 Safari/537.36 Edg/90.0.818.46"
52.58.33.70 - - [07/Apr/2025:06:03:28 +0300] "GET / HTTP/1.1" 200 163 "-" "Mozilla/5.0"
52.58.33.70 - - [07/Apr/2025:06:03:28 +0300] "GET /pms?module=logging&file_name=../../../../../../~/.aws/credentials&number_of_lines=10000 HTTP/1.1" 404 4939 "-" "Mozilla/5.0"
52.58.33.70 - - [07/Apr/2025:06:03:31 +0300] "GET /admin/config?cmd=cat+/root/.aws/credentials HTTP/1.1" 404 4939 "-" "Mozilla/5.0"
52.58.33.70 - - [07/Apr/2025:06:03:34 +0300] "GET /.env HTTP/1.1" 404 4939 "-" "Mozilla/5.0"
52.58.33.70 - - [07/Apr/2025:06:03:37 +0300] "GET /.env.local HTTP/1.1" 404 4939 "-" "Mozilla/5.0"
52.58.33.70 - - [07/Apr/2025:06:03:38 +0300] "GET /.env.production HTTP/1.1" 404 4939 "-" "Mozilla/5.0"
52.58.33.70 - - [07/Apr/2025:06:03:39 +0300] "GET /blog.env HTTP/1.1" 404 4939 "-" "Mozilla/5.0"
52.58.33.70 - - [07/Apr/2025:06:03:42 +0300] "GET /wp-content/.env HTTP/1.1" 404 4939 "-" "Mozilla/5.0"
52.58.33.70 - - [07/Apr/2025:06:03:43 +0300] "GET /application/.env HTTP/1.1" 404 4939 "-" "Mozilla/5.0"
52.58.33.70 - - [07/Apr/2025:06:03:45 +0300] "GET /app/.env HTTP/1.1" 404 4939 "-" "Mozilla/5.0"
52.58.33.70 - - [07/Apr/2025:06:03:46 +0300] "GET /config/.env HTTP/1.1" 404 4939 "-" "Mozilla/5.0"
52.58.33.70 - - [07/Apr/2025:06:03:47 +0300] "GET /api/.env HTTP/1.1" 404 4939 "-" "Mozilla/5.0"
52.58.33.70 - - [07/Apr/2025:06:03:47 +0300] "GET /config.json HTTP/1.1" 404 4939 "-" "Mozilla/5.0"
52.58.33.70 - - [07/Apr/2025:06:03:48 +0300] "GET /laravel/.env HTTP/1.1" 404 4939 "-" "Mozilla/5.0"
52.58.33.70 - - [07/Apr/2025:06:03:50 +0300] "GET /library/.env HTTP/1.1" 404 4939 "-" "Mozilla/5.0"
52.58.33.70 - - [07/Apr/2025:06:03:51 +0300] "GET /nextjs-app/.env HTTP/1.1" 404 4939 "-" "Mozilla/5.0"
52.58.33.70 - - [07/Apr/2025:06:03:53 +0300] "GET /node-api/.env HTTP/1.1" 404 4939 "-" "Mozilla/5.0"
52.58.33.70 - - [07/Apr/2025:06:03:55 +0300] "GET /vendor/.env HTTP/1.1" 404 4939 "-" "Mozilla/5.0"
52.58.33.70 - - [07/Apr/2025:06:03:58 +0300] "GET /.aws/credentials HTTP/1.1" 404 4939 "-" "Mozilla/5.0"
52.58.33.70 - - [07/Apr/2025:06:04:00 +0300] "GET /.git/config HTTP/1.1" 403 72 "-" "Mozilla/5.0"
52.58.33.70 - - [07/Apr/2025:06:04:00 +0300] "GET /backend/.env HTTP/1.1" 404 4939 "-" "Mozilla/5.0"
52.58.33.70 - - [07/Apr/2025:06:04:02 +0300] "GET /home/user/.aws/credentials HTTP/1.1" 404 4939 "-" "Mozilla/5.0"
52.58.33.70 - - [07/Apr/2025:06:04:22 +0300] "GET /myproject/.env HTTP/1.1" 404 4939 "-" "Mozilla/5.0"
52.58.33.70 - - [07/Apr/2025:06:04:24 +0300] "GET /.envs/.production/.django HTTP/1.1" 404 4939 "-" "Mozilla/5.0"
52.58.33.70 - - [07/Apr/2025:06:04:27 +0300] "GET /react-app/.env HTTP/1.1" 404 4939 "-" "Mozilla/5.0"
52.58.33.70 - - [07/Apr/2025:06:04:29 +0300] "GET /react-app/.env.production HTTP/1.1" 404 4939 "-" "Mozilla/5.0"
52.58.33.70 - - [07/Apr/2025:06:04:31 +0300] "GET /config/secrets.json HTTP/1.1" 404 4939 "-" "Mozilla/5.0"
52.58.33.70 - - [07/Apr/2025:06:04:34 +0300] "GET /config/settings.json HTTP/1.1" 404 4939 "-" "Mozilla/5.0"
52.58.33.70 - - [07/Apr/2025:06:04:35 +0300] "GET /config.yaml HTTP/1.1" 404 4939 "-" "Mozilla/5.0"
52.58.33.70 - - [07/Apr/2025:06:04:35 +0300] "GET /config.yml HTTP/1.1" 404 4939 "-" "Mozilla/5.0"
52.58.33.70 - - [07/Apr/2025:06:04:38 +0300] "GET /config.py HTTP/1.1" 404 4939 "-" "Mozilla/5.0"
52.58.33.70 - - [07/Apr/2025:06:04:39 +0300] "GET /phpinfo HTTP/1.1" 404 4939 "-" "Mozilla/5.0"
52.58.33.70 - - [07/Apr/2025:06:04:40 +0300] "GET /_profiler/phpinfo HTTP/1.1" 404 4939 "-" "Mozilla/5.0"
52.58.33.70 - - [07/Apr/2025:06:04:41 +0300] "GET /phpinfo.php HTTP/1.1" 404 4939 "-" "Mozilla/5.0"
52.58.33.70 - - [07/Apr/2025:06:04:45 +0300] "GET /info.php HTTP/1.1" 404 4939 "-" "Mozilla/5.0"
127.0.0.1 - - [07/Apr/2025:06:04:49 +0300] "GET /whm-server-status?auto HTTP/1.1" 404 10072 "-" "Python-urllib/3.6"
127.0.0.1 - - [07/Apr/2025:06:05:49 +0300] "GET /whm-server-status?auto HTTP/1.1" 404 10072 "-" "Python-urllib/3.6"
92.255.57.58 - - [07/Apr/2025:06:06:02 +0300] "GET /console/ HTTP/1.1" 404 4933 "-" "Mozilla/5.0 (Windows NT 10.0; Win64; x64) AppleWebKit/537.36 (KHTML, like Gecko) Chrome/78.0.3904.108 Safari/537.36"
127.0.0.1 - - [07/Apr/2025:06:06:49 +0300] "GET /whm-server-status?auto HTTP/1.1" 404 10072 "-" "Python-urllib/3.6"
127.0.0.1 - - [07/Apr/2025:06:10:49 +0300] "GET /whm-server-status?auto HTTP/1.1" 404 10072 "-" "Python-urllib/3.6"
127.0.0.1 - - [07/Apr/2025:06:11:49 +0300] "GET /whm-server-status?auto HTTP/1.1" 404 10072 "-" "Python-urllib/3.6"
127.0.0.1 - - [07/Apr/2025:06:14:32 +0300] "GET / HTTP/1.0" 200 163 "-" "-"
127.0.0.1 - - [07/Apr/2025:06:15:01 +0300] "GET /whm-server-status HTTP/1.0" 404 10045 "-" "-"
127.0.0.1 - - [07/Apr/2025:06:15:49 +0300] "GET /whm-server-status?auto HTTP/1.1" 404 10072 "-" "Python-urllib/3.6"
127.0.0.1 - - [07/Apr/2025:06:16:49 +0300] "GET /whm-server-status?auto HTTP/1.1" 404 10072 "-" "Python-urllib/3.6"
127.0.0.1 - - [07/Apr/2025:06:00:49 +0300] "GET /whm-server-status?auto HTTP/1.1" 404 10072 "-" "Python-urllib/3.6"
34.140.63.218 - - [07/Apr/2025:06:01:08 +0300] "GET / HTTP/1.1" 200 163 "-" "python-requests/2.32.3"
127.0.0.1 - - [07/Apr/2025:06:01:49 +0300] "GET /whm-server-status?auto HTTP/1.1" 404 10072 "-" "Python-urllib/3.6"
127.0.0.1 - - [07/Apr/2025:06:02:49 +0300] "GET /whm-server-status?auto HTTP/1.1" 404 10072 "-" "Python-urllib/3.6"
20.169.105.48 - - [07/Apr/2025:06:03:43 +0300] "GET / HTTP/1.1" 200 163 "-" "Mozilla/5.0 zgrab/0.x"
127.0.0.1 - - [07/Apr/2025:06:03:49 +0300] "GET /whm-server-status?auto HTTP/1.1" 404 10072 "-" "Python-urllib/3.6"
127.0.0.1 - - [07/Apr/2025:06:05:01 +0300] "GET /whm-server-status HTTP/1.0" 404 10045 "-" "-"
127.0.0.1 - - [07/Apr/2025:06:05:06 +0300] "GET / HTTP/1.0" 200 163 "-" "-"
127.0.0.1 - - [07/Apr/2025:06:07:49 +0300] "GET /whm-server-status?auto HTTP/1.1" 404 10072 "-" "Python-urllib/3.6"
127.0.0.1 - - [07/Apr/2025:06:08:49 +0300] "GET /whm-server-status?auto HTTP/1.1" 404 10072 "-" "Python-urllib/3.6"
193.93.24.151 - - [07/Apr/2025:06:09:02 +0300] "GET / HTTP/1.0" 200 163 "-" "-"
127.0.0.1 - - [07/Apr/2025:06:09:49 +0300] "GET /whm-server-status?auto HTTP/1.1" 404 10072 "-" "Python-urllib/3.6"
127.0.0.1 - - [07/Apr/2025:06:10:01 +0300] "GET /whm-server-status HTTP/1.0" 404 10045 "-" "-"
127.0.0.1 - - [07/Apr/2025:06:12:49 +0300] "GET /whm-server-status?auto HTTP/1.1" 404 10072 "-" "Python-urllib/3.6"
127.0.0.1 - - [07/Apr/2025:06:13:49 +0300] "GET /whm-server-status?auto HTTP/1.1" 404 10072 "-" "Python-urllib/3.6"
127.0.0.1 - - [07/Apr/2025:06:14:49 +0300] "GET /whm-server-status?auto HTTP/1.1" 404 10072 "-" "Python-urllib/3.6"
92.255.57.58 - - [07/Apr/2025:06:17:04 +0300] "GET /_ignition/execute-solution HTTP/1.1" 404 4934 "-" "Mozilla/5.0 (Windows NT 10.0; Win64; x64) AppleWebKit/537.36 (KHTML, like Gecko) Chrome/78.0.3904.108 Safari/537.36"
127.0.0.1 - - [07/Apr/2025:06:17:49 +0300] "GET /whm-server-status?auto HTTP/1.1" 404 10072 "-" "Python-urllib/3.6"
127.0.0.1 - - [07/Apr/2025:06:18:50 +0300] "GET /whm-server-status?auto HTTP/1.1" 404 10072 "-" "Python-urllib/3.6"
127.0.0.1 - - [07/Apr/2025:06:20:01 +0300] "GET /whm-server-status HTTP/1.0" 404 10045 "-" "-"
127.0.0.1 - - [07/Apr/2025:06:20:06 +0300] "GET / HTTP/1.0" 200 163 "-" "-"
92.255.57.58 - - [07/Apr/2025:06:21:09 +0300] "GET / HTTP/1.1" 200 163 "-" "Mozilla/5.0 (Windows NT 10.0; Win64; x64) AppleWebKit/537.36 (KHTML, like Gecko) Chrome/78.0.3904.108 Safari/537.36"
127.0.0.1 - - [07/Apr/2025:06:21:50 +0300] "GET /whm-server-status?auto HTTP/1.1" 404 10072 "-" "Python-urllib/3.6"
154.81.156.10 - - [07/Apr/2025:06:22:28 +0300] "PROPFIND / HTTP/1.1" 501 805 "-" "-"
127.0.0.1 - - [07/Apr/2025:06:23:50 +0300] "GET /whm-server-status?auto HTTP/1.1" 404 10072 "-" "Python-urllib/3.6"
127.0.0.1 - - [07/Apr/2025:06:25:09 +0300] "GET / HTTP/1.0" 200 163 "-" "-"
127.0.0.1 - - [07/Apr/2025:06:29:50 +0300] "GET /whm-server-status?auto HTTP/1.1" 404 10072 "-" "Python-urllib/3.6"
92.255.57.58 - - [07/Apr/2025:06:31:52 +0300] "GET / HTTP/1.1" 200 163 "-" "Mozilla/5.0 (Windows NT 10.0; Win64; x64) AppleWebKit/537.36 (KHTML, like Gecko) Chrome/78.0.3904.108 Safari/537.36"
127.0.0.1 - - [07/Apr/2025:06:32:50 +0300] "GET /whm-server-status?auto HTTP/1.1" 404 10072 "-" "Python-urllib/3.6"
196.251.80.2 - - [07/Apr/2025:06:19:11 +0300] "GET /.env HTTP/1.1" 404 4930 "-" "Mozilla/5.0 (iPhone; CPU iPhone OS 10_3_3 like Mac OS X) AppleWebKit/603.3.8 (KHTML, like Gecko) Version/9.0 Mobile/13B143 Safari/601.1"
127.0.0.1 - - [07/Apr/2025:06:19:50 +0300] "GET /whm-server-status?auto HTTP/1.1" 404 10072 "-" "Python-urllib/3.6"
127.0.0.1 - - [07/Apr/2025:06:20:50 +0300] "GET /whm-server-status?auto HTTP/1.1" 404 10072 "-" "Python-urllib/3.6"
127.0.0.1 - - [07/Apr/2025:06:22:50 +0300] "GET /whm-server-status?auto HTTP/1.1" 404 10072 "-" "Python-urllib/3.6"
127.0.0.1 - - [07/Apr/2025:06:24:50 +0300] "GET /whm-server-status?auto HTTP/1.1" 404 10072 "-" "Python-urllib/3.6"
127.0.0.1 - - [07/Apr/2025:06:25:01 +0300] "GET /whm-server-status HTTP/1.0" 404 10045 "-" "-"
127.0.0.1 - - [07/Apr/2025:06:25:50 +0300] "GET /whm-server-status?auto HTTP/1.1" 404 10072 "-" "Python-urllib/3.6"
71.6.232.26 - - [07/Apr/2025:06:26:38 +0300] "GET / HTTP/1.1" 200 163 "-" "Mozilla/5.0 (Windows NT 10.0; Win64; x64) AppleWebKit/537.36 (KHTML, like Gecko) Chrome/134.0.0.0 Safari/537.36"
127.0.0.1 - - [07/Apr/2025:06:26:50 +0300] "GET /whm-server-status?auto HTTP/1.1" 404 10072 "-" "Python-urllib/3.6"
127.0.0.1 - - [07/Apr/2025:06:27:50 +0300] "GET /whm-server-status?auto HTTP/1.1" 404 10072 "-" "Python-urllib/3.6"
127.0.0.1 - - [07/Apr/2025:06:28:50 +0300] "GET /whm-server-status?auto HTTP/1.1" 404 10072 "-" "Python-urllib/3.6"
127.0.0.1 - - [07/Apr/2025:06:30:01 +0300] "GET /whm-server-status HTTP/1.0" 404 10045 "-" "-"
127.0.0.1 - - [07/Apr/2025:06:30:50 +0300] "GET /whm-server-status?auto HTTP/1.1" 404 10072 "-" "Python-urllib/3.6"
127.0.0.1 - - [07/Apr/2025:06:31:50 +0300] "GET /whm-server-status?auto HTTP/1.1" 404 10072 "-" "Python-urllib/3.6"
127.0.0.1 - - [07/Apr/2025:06:34:50 +0300] "GET /whm-server-status?auto HTTP/1.1" 404 10072 "-" "Python-urllib/3.6"
127.0.0.1 - - [07/Apr/2025:06:35:07 +0300] "GET / HTTP/1.0" 200 163 "-" "-"
127.0.0.1 - - [07/Apr/2025:06:35:50 +0300] "GET /whm-server-status?auto HTTP/1.1" 404 10072 "-" "Python-urllib/3.6"
127.0.0.1 - - [07/Apr/2025:06:36:50 +0300] "GET /whm-server-status?auto HTTP/1.1" 404 10072 "-" "Python-urllib/3.6"
127.0.0.1 - - [07/Apr/2025:06:37:50 +0300] "GET /whm-server-status?auto HTTP/1.1" 404 10072 "-" "Python-urllib/3.6"
45.148.10.35 - - [07/Apr/2025:06:38:19 +0300] "GET / HTTP/1.1" 200 163 "-" "l9tcpid/v1.1.0"
45.148.10.35 - - [07/Apr/2025:06:38:19 +0300] "GET /security/keys.json HTTP/1.1" 404 4930 "-" "l9explore/1.2.2"
45.148.10.35 - - [07/Apr/2025:06:38:19 +0300] "GET /config/secrets.yml HTTP/1.1" 404 4930 "-" "l9explore/1.2.2"
45.148.10.35 - - [07/Apr/2025:06:38:19 +0300] "GET /config/service_auth.json HTTP/1.1" 404 4930 "-" "l9explore/1.2.2"
45.148.10.35 - - [07/Apr/2025:06:38:19 +0300] "GET /config/integration.json HTTP/1.1" 404 4930 "-" "l9explore/1.2.2"
45.148.10.35 - - [07/Apr/2025:06:38:19 +0300] "GET /settings/service_keys.ini HTTP/1.1" 404 4930 "-" "l9explore/1.2.2"
45.148.10.35 - - [07/Apr/2025:06:38:19 +0300] "GET /settings.json HTTP/1.1" 404 4930 "-" "l9explore/1.2.2"
45.148.10.35 - - [07/Apr/2025:06:38:19 +0300] "GET /services/auth/config.json HTTP/1.1" 404 4930 "-" "l9explore/1.2.2"
45.148.10.35 - - [07/Apr/2025:06:38:19 +0300] "GET /tests/config/test_oauth.json HTTP/1.1" 404 4930 "-" "l9explore/1.2.2"
