45.32.132.233 - - [08/Feb/2026:05:32:43 +0300] "HEAD / HTTP/2" 200 0 "-" "Mozilla/5.0 (compatible; monitoring360bot/1.1; +https://app.360monitoring.com/bot.html)"
45.32.132.233 - - [08/Feb/2026:05:33:44 +0300] "HEAD / HTTP/2" 200 0 "-" "Mozilla/5.0 (compatible; monitoring360bot/1.1; +https://app.360monitoring.com/bot.html)"
45.32.132.233 - - [08/Feb/2026:05:34:44 +0300] "HEAD / HTTP/2" 200 0 "-" "Mozilla/5.0 (compatible; monitoring360bot/1.1; +https://app.360monitoring.com/bot.html)"
192.0.102.222 - - [08/Feb/2026:05:34:55 +0300] "HEAD / HTTP/1.1" 200 0 "-" "jetmon/1.0 (Jetpack Site Uptime Monitor by WordPress.com)"
170.106.35.153 - - [08/Feb/2026:05:35:05 +0300] "GET /iletisim HTTP/1.1" 200 10742 "-" "Mozilla/5.0 (iPhone; CPU iPhone OS 13_2_3 like Mac OS X) AppleWebKit/605.1.15 (KHTML, like Gecko) Version/13.0.3 Mobile/15E148 Safari/604.1"
45.32.132.233 - - [08/Feb/2026:05:38:46 +0300] "HEAD / HTTP/2" 200 0 "-" "Mozilla/5.0 (compatible; monitoring360bot/1.1; +https://app.360monitoring.com/bot.html)"
45.32.132.233 - - [08/Feb/2026:05:39:47 +0300] "HEAD / HTTP/2" 200 0 "-" "Mozilla/5.0 (compatible; monitoring360bot/1.1; +https://app.360monitoring.com/bot.html)"
45.32.132.233 - - [08/Feb/2026:05:40:47 +0300] "HEAD / HTTP/2" 200 0 "-" "Mozilla/5.0 (compatible; monitoring360bot/1.1; +https://app.360monitoring.com/bot.html)"
45.32.132.233 - - [08/Feb/2026:05:41:48 +0300] "HEAD / HTTP/2" 200 0 "-" "Mozilla/5.0 (compatible; monitoring360bot/1.1; +https://app.360monitoring.com/bot.html)"
213.238.188.102 - - [08/Feb/2026:05:42:23 +0300] "GET /public/images/favicon.ico HTTP/1.1" 404 796 "https://ankaservis.com/?gad_source=5&gad_campaignid=23322529905&gclid=EAIaIQobChMI6Irjwe_IkgMVlV4dCR3ofDQwEAEYASAAEgKoHfD_BwE" "Mozilla/5.0 (Linux; Android 10; K) AppleWebKit/537.36 (KHTML, like Gecko) Chrome/144.0.0.0 Mobile Safari/537.36"
45.32.132.233 - - [08/Feb/2026:05:42:48 +0300] "HEAD / HTTP/2" 200 0 "-" "Mozilla/5.0 (compatible; monitoring360bot/1.1; +https://app.360monitoring.com/bot.html)"
43.134.141.244 - - [08/Feb/2026:05:44:28 +0300] "GET /cozum-merkezi HTTP/1.1" 200 12020 "-" "Mozilla/5.0 (iPhone; CPU iPhone OS 13_2_3 like Mac OS X) AppleWebKit/605.1.15 (KHTML, like Gecko) Version/13.0.3 Mobile/15E148 Safari/604.1"
45.32.132.233 - - [08/Feb/2026:05:44:49 +0300] "HEAD / HTTP/2" 200 0 "-" "Mozilla/5.0 (compatible; monitoring360bot/1.1; +https://app.360monitoring.com/bot.html)"
192.0.102.222 - - [08/Feb/2026:05:44:55 +0300] "HEAD / HTTP/1.1" 200 0 "-" "jetmon/1.0 (Jetpack Site Uptime Monitor by WordPress.com)"
176.219.233.173 - - [08/Feb/2026:05:45:45 +0300] "GET /?gad_source=5&gad_campaignid=23322529905&gclid=EAIaIQobChMInvzXpPDIkgMVCzy_BB07CSIVEAEYASAAEgIfOvD_BwE HTTP/2" 200 15728 "https://googleads.g.doubleclick.net/" "Mozilla/5.0 (Linux; Android 14; 2303CRA44A Build/UP1A.230905.011) AppleWebKit/537.36 (KHTML, like Gecko) Version/4.0 Chrome/144.0.7559.109 Mobile Safari/537.36 GameBrowser/3.8.9.1"
176.219.233.173 - - [08/Feb/2026:05:45:45 +0300] "GET /public/css/style.css HTTP/2" 200 3164 "https://ankaservis.com/?gad_source=5&gad_campaignid=23322529905&gclid=EAIaIQobChMInvzXpPDIkgMVCzy_BB07CSIVEAEYASAAEgIfOvD_BwE" "Mozilla/5.0 (Linux; Android 14; 2303CRA44A Build/UP1A.230905.011) AppleWebKit/537.36 (KHTML, like Gecko) Version/4.0 Chrome/144.0.7559.109 Mobile Safari/537.36 GameBrowser/3.8.9.1"
176.219.233.173 - - [08/Feb/2026:05:45:45 +0300] "GET /public/images/anka-logo.png HTTP/2" 200 10435 "https://ankaservis.com/?gad_source=5&gad_campaignid=23322529905&gclid=EAIaIQobChMInvzXpPDIkgMVCzy_BB07CSIVEAEYASAAEgIfOvD_BwE" "Mozilla/5.0 (Linux; Android 14; 2303CRA44A Build/UP1A.230905.011) AppleWebKit/537.36 (KHTML, like Gecko) Version/4.0 Chrome/144.0.7559.109 Mobile Safari/537.36 GameBrowser/3.8.9.1"
176.219.233.173 - - [08/Feb/2026:05:45:45 +0300] "GET /public/images/ekibimiz.webp HTTP/2" 200 220906 "https://ankaservis.com/?gad_source=5&gad_campaignid=23322529905&gclid=EAIaIQobChMInvzXpPDIkgMVCzy_BB07CSIVEAEYASAAEgIfOvD_BwE" "Mozilla/5.0 (Linux; Android 14; 2303CRA44A Build/UP1A.230905.011) AppleWebKit/537.36 (KHTML, like Gecko) Version/4.0 Chrome/144.0.7559.109 Mobile Safari/537.36 GameBrowser/3.8.9.1"
176.219.233.173 - - [08/Feb/2026:05:45:45 +0300] "GET /public/js/main.js HTTP/2" 200 1184 "https://ankaservis.com/?gad_source=5&gad_campaignid=23322529905&gclid=EAIaIQobChMInvzXpPDIkgMVCzy_BB07CSIVEAEYASAAEgIfOvD_BwE" "Mozilla/5.0 (Linux; Android 14; 2303CRA44A Build/UP1A.230905.011) AppleWebKit/537.36 (KHTML, like Gecko) Version/4.0 Chrome/144.0.7559.109 Mobile Safari/537.36 GameBrowser/3.8.9.1"
176.219.233.173 - - [08/Feb/2026:05:45:46 +0300] "GET /public/images/favicon.ico HTTP/1.1" 404 796 "https://ankaservis.com/?gad_source=5&gad_campaignid=23322529905&gclid=EAIaIQobChMInvzXpPDIkgMVCzy_BB07CSIVEAEYASAAEgIfOvD_BwE" "Mozilla/5.0 (Linux; Android 14; 2303CRA44A Build/UP1A.230905.011) AppleWebKit/537.36 (KHTML, like Gecko) Version/4.0 Chrome/144.0.7559.109 Mobile Safari/537.36 GameBrowser/3.8.9.1"
192.0.102.222 - - [08/Feb/2026:05:39:55 +0300] "HEAD / HTTP/1.1" 200 0 "-" "jetmon/1.0 (Jetpack Site Uptime Monitor by WordPress.com)"
213.238.188.102 - - [08/Feb/2026:05:42:21 +0300] "GET /?gad_source=5&gad_campaignid=23322529905&gclid=EAIaIQobChMI6Irjwe_IkgMVlV4dCR3ofDQwEAEYASAAEgKoHfD_BwE HTTP/2" 200 15725 "https://googleads.g.doubleclick.net/" "Mozilla/5.0 (Linux; Android 10; K) AppleWebKit/537.36 (KHTML, like Gecko) Chrome/144.0.0.0 Mobile Safari/537.36"
213.238.188.102 - - [08/Feb/2026:05:42:21 +0300] "GET /public/css/style.css HTTP/2" 200 3164 "https://ankaservis.com/?gad_source=5&gad_campaignid=23322529905&gclid=EAIaIQobChMI6Irjwe_IkgMVlV4dCR3ofDQwEAEYASAAEgKoHfD_BwE" "Mozilla/5.0 (Linux; Android 10; K) AppleWebKit/537.36 (KHTML, like Gecko) Chrome/144.0.0.0 Mobile Safari/537.36"
213.238.188.102 - - [08/Feb/2026:05:42:21 +0300] "GET /public/images/anka-logo.png HTTP/2" 200 10435 "https://ankaservis.com/?gad_source=5&gad_campaignid=23322529905&gclid=EAIaIQobChMI6Irjwe_IkgMVlV4dCR3ofDQwEAEYASAAEgKoHfD_BwE" "Mozilla/5.0 (Linux; Android 10; K) AppleWebKit/537.36 (KHTML, like Gecko) Chrome/144.0.0.0 Mobile Safari/537.36"
213.238.188.102 - - [08/Feb/2026:05:42:21 +0300] "GET /public/images/ekibimiz.webp HTTP/2" 200 220906 "https://ankaservis.com/?gad_source=5&gad_campaignid=23322529905&gclid=EAIaIQobChMI6Irjwe_IkgMVlV4dCR3ofDQwEAEYASAAEgKoHfD_BwE" "Mozilla/5.0 (Linux; Android 10; K) AppleWebKit/537.36 (KHTML, like Gecko) Chrome/144.0.0.0 Mobile Safari/537.36"
213.238.188.102 - - [08/Feb/2026:05:42:21 +0300] "GET /public/js/main.js HTTP/2" 200 1184 "https://ankaservis.com/?gad_source=5&gad_campaignid=23322529905&gclid=EAIaIQobChMI6Irjwe_IkgMVlV4dCR3ofDQwEAEYASAAEgKoHfD_BwE" "Mozilla/5.0 (Linux; Android 10; K) AppleWebKit/537.36 (KHTML, like Gecko) Chrome/144.0.0.0 Mobile Safari/537.36"
45.32.132.233 - - [08/Feb/2026:05:43:49 +0300] "HEAD / HTTP/2" 200 0 "-" "Mozilla/5.0 (compatible; monitoring360bot/1.1; +https://app.360monitoring.com/bot.html)"
216.73.216.216 - - [08/Feb/2026:05:47:56 +0300] "GET /robots.txt HTTP/2" 404 7936 "-" "Mozilla/5.0 AppleWebKit/537.36 (KHTML, like Gecko; compatible; ClaudeBot/1.0; +claudebot@anthropic.com)"
216.73.216.216 - - [08/Feb/2026:05:47:56 +0300] "GET /hizmet-sozlesmesi HTTP/2" 200 9335 "-" "Mozilla/5.0 AppleWebKit/537.36 (KHTML, like Gecko; compatible; ClaudeBot/1.0; +claudebot@anthropic.com)"
216.73.216.216 - - [08/Feb/2026:05:48:22 +0300] "GET /fiyat-listesi HTTP/2" 200 8829 "-" "Mozilla/5.0 AppleWebKit/537.36 (KHTML, like Gecko; compatible; ClaudeBot/1.0; +claudebot@anthropic.com)"
45.32.132.233 - - [08/Feb/2026:05:48:51 +0300] "HEAD / HTTP/2" 200 0 "-" "Mozilla/5.0 (compatible; monitoring360bot/1.1; +https://app.360monitoring.com/bot.html)"
216.73.216.216 - - [08/Feb/2026:05:48:57 +0300] "GET /hizmetler/firin-ocak-servisi HTTP/2" 200 10515 "-" "Mozilla/5.0 AppleWebKit/537.36 (KHTML, like Gecko; compatible; ClaudeBot/1.0; +claudebot@anthropic.com)"
45.32.132.233 - - [08/Feb/2026:05:49:52 +0300] "HEAD / HTTP/2" 200 0 "-" "Mozilla/5.0 (compatible; monitoring360bot/1.1; +https://app.360monitoring.com/bot.html)"
45.32.132.233 - - [08/Feb/2026:05:50:52 +0300] "HEAD / HTTP/2" 200 0 "-" "Mozilla/5.0 (compatible; monitoring360bot/1.1; +https://app.360monitoring.com/bot.html)"
94.235.228.251 - - [08/Feb/2026:05:51:33 +0300] "GET /?gad_source=5&gad_campaignid=23322529905&gclid=EAIaIQobChMI3uKRyvHIkgMVPYeDBx2spjtqEAEYASAAEgImo_D_BwE HTTP/2" 200 15728 "https://googleads.g.doubleclick.net/" "Mozilla/5.0 (Linux; Android 15; 24116RACCG Build/AP3A.240905.015.A2) AppleWebKit/537.36 (KHTML, like Gecko) Version/4.0 Chrome/144.0.7559.111 Mobile Safari/537.36 GameBrowser/3.9.0.1"
94.235.228.251 - - [08/Feb/2026:05:51:33 +0300] "GET /public/css/style.css HTTP/2" 200 3164 "https://ankaservis.com/?gad_source=5&gad_campaignid=23322529905&gclid=EAIaIQobChMI3uKRyvHIkgMVPYeDBx2spjtqEAEYASAAEgImo_D_BwE" "Mozilla/5.0 (Linux; Android 15; 24116RACCG Build/AP3A.240905.015.A2) AppleWebKit/537.36 (KHTML, like Gecko) Version/4.0 Chrome/144.0.7559.111 Mobile Safari/537.36 GameBrowser/3.9.0.1"
45.32.132.233 - - [08/Feb/2026:05:45:50 +0300] "HEAD / HTTP/2" 200 0 "-" "Mozilla/5.0 (compatible; monitoring360bot/1.1; +https://app.360monitoring.com/bot.html)"
45.32.132.233 - - [08/Feb/2026:05:46:50 +0300] "HEAD / HTTP/2" 200 0 "-" "Mozilla/5.0 (compatible; monitoring360bot/1.1; +https://app.360monitoring.com/bot.html)"
45.32.132.233 - - [08/Feb/2026:05:47:51 +0300] "HEAD / HTTP/2" 200 0 "-" "Mozilla/5.0 (compatible; monitoring360bot/1.1; +https://app.360monitoring.com/bot.html)"
174.92.46.226 - - [08/Feb/2026:05:47:54 +0300] "GET /robots.txt HTTP/1.1" 404 9228 "-" "Mozilla/5.0 (Windows NT 10.0; Win64; x64) AppleWebKit/537.36 (KHTML, like Gecko) Chrome/114.0.0.0 Safari/537.36 Edg/114.0.1823.43"
192.0.102.222 - - [08/Feb/2026:05:49:55 +0300] "HEAD / HTTP/1.1" 200 0 "-" "jetmon/1.0 (Jetpack Site Uptime Monitor by WordPress.com)"
94.235.228.251 - - [08/Feb/2026:05:51:34 +0300] "GET /public/js/main.js HTTP/1.1" 200 1184 "https://ankaservis.com/?gad_source=5&gad_campaignid=23322529905&gclid=EAIaIQobChMI3uKRyvHIkgMVPYeDBx2spjtqEAEYASAAEgImo_D_BwE" "Mozilla/5.0 (Linux; Android 15; 24116RACCG Build/AP3A.240905.015.A2) AppleWebKit/537.36 (KHTML, like Gecko) Version/4.0 Chrome/144.0.7559.111 Mobile Safari/537.36 GameBrowser/3.9.0.1"
94.235.228.251 - - [08/Feb/2026:05:51:35 +0300] "GET /public/images/camasir-makinesi-tamiriyle-ilgili-calisma.webp HTTP/1.1" 200 160202 "https://ankaservis.com/?gad_source=5&gad_campaignid=23322529905&gclid=EAIaIQobChMI3uKRyvHIkgMVPYeDBx2spjtqEAEYASAAEgImo_D_BwE" "Mozilla/5.0 (Linux; Android 15; 24116RACCG Build/AP3A.240905.015.A2) AppleWebKit/537.36 (KHTML, like Gecko) Version/4.0 Chrome/144.0.7559.111 Mobile Safari/537.36 GameBrowser/3.9.0.1"
94.235.228.251 - - [08/Feb/2026:05:51:35 +0300] "GET /public/images/buzdolabi-tamirat-ve-gulumseme.webp HTTP/1.1" 200 212730 "https://ankaservis.com/?gad_source=5&gad_campaignid=23322529905&gclid=EAIaIQobChMI3uKRyvHIkgMVPYeDBx2spjtqEAEYASAAEgImo_D_BwE" "Mozilla/5.0 (Linux; Android 15; 24116RACCG Build/AP3A.240905.015.A2) AppleWebKit/537.36 (KHTML, like Gecko) Version/4.0 Chrome/144.0.7559.111 Mobile Safari/537.36 GameBrowser/3.9.0.1"
94.235.228.251 - - [08/Feb/2026:05:51:36 +0300] "GET /public/images/favicon.ico HTTP/1.1" 404 796 "https://ankaservis.com/?gad_source=5&gad_campaignid=23322529905&gclid=EAIaIQobChMI3uKRyvHIkgMVPYeDBx2spjtqEAEYASAAEgImo_D_BwE" "Mozilla/5.0 (Linux; Android 15; 24116RACCG Build/AP3A.240905.015.A2) AppleWebKit/537.36 (KHTML, like Gecko) Version/4.0 Chrome/144.0.7559.111 Mobile Safari/537.36 GameBrowser/3.9.0.1"
94.235.228.251 - - [08/Feb/2026:05:51:42 +0300] "GET /public/images/bulasik-makinesi-tamirinde-usta.webp HTTP/1.1" 200 160858 "https://ankaservis.com/?gad_source=5&gad_campaignid=23322529905&gclid=EAIaIQobChMI3uKRyvHIkgMVPYeDBx2spjtqEAEYASAAEgImo_D_BwE" "Mozilla/5.0 (Linux; Android 15; 24116RACCG Build/AP3A.240905.015.A2) AppleWebKit/537.36 (KHTML, like Gecko) Version/4.0 Chrome/144.0.7559.111 Mobile Safari/537.36 GameBrowser/3.9.0.1"
94.235.228.251 - - [08/Feb/2026:05:51:45 +0300] "GET /public/images/mutfakta-profesyonel-servis-gorusmesi.webp HTTP/1.1" 200 202962 "https://ankaservis.com/?gad_source=5&gad_campaignid=23322529905&gclid=EAIaIQobChMI3uKRyvHIkgMVPYeDBx2spjtqEAEYASAAEgImo_D_BwE" "Mozilla/5.0 (Linux; Android 15; 24116RACCG Build/AP3A.240905.015.A2) AppleWebKit/537.36 (KHTML, like Gecko) Version/4.0 Chrome/144.0.7559.111 Mobile Safari/537.36 GameBrowser/3.9.0.1"
94.235.228.251 - - [08/Feb/2026:05:51:45 +0300] "GET /public/images/kombi-service.webp HTTP/1.1" 200 71034 "https://ankaservis.com/?gad_source=5&gad_campaignid=23322529905&gclid=EAIaIQobChMI3uKRyvHIkgMVPYeDBx2spjtqEAEYASAAEgImo_D_BwE" "Mozilla/5.0 (Linux; Android 15; 24116RACCG Build/AP3A.240905.015.A2) AppleWebKit/537.36 (KHTML, like Gecko) Version/4.0 Chrome/144.0.7559.111 Mobile Safari/537.36 GameBrowser/3.9.0.1"
45.32.132.233 - - [08/Feb/2026:05:51:52 +0300] "HEAD / HTTP/2" 200 0 "-" "Mozilla/5.0 (compatible; monitoring360bot/1.1; +https://app.360monitoring.com/bot.html)"
45.32.132.233 - - [08/Feb/2026:05:52:53 +0300] "HEAD / HTTP/2" 200 0 "-" "Mozilla/5.0 (compatible; monitoring360bot/1.1; +https://app.360monitoring.com/bot.html)"
216.73.216.216 - - [08/Feb/2026:05:53:19 +0300] "GET /cozum-merkezi?device_type=Buzdolab%C4%B1 HTTP/2" 200 9309 "-" "Mozilla/5.0 AppleWebKit/537.36 (KHTML, like Gecko; compatible; ClaudeBot/1.0; +claudebot@anthropic.com)"
217.105.78.173 - - [08/Feb/2026:05:53:51 +0300] "GET /blog/camasir-makinesi-neden-su-bosaltmaz HTTP/1.0" 404 45015 "https://ankaservis.com/blog/camasir-makinesi-neden-su-bosaltmaz" "Mozilla/5.0 (Windows NT 10.0; Win64; x64) AppleWebKit/537.36 (KHTML, like Gecko) Chrome/129.0.0.0 Safari/537.36"
217.105.78.173 - - [08/Feb/2026:05:53:52 +0300] "GET /blog/camasir-makinesinden-koku-geliyor HTTP/1.0" 404 45011 "https://ankaservis.com/blog/camasir-makinesinden-koku-geliyor" "Mozilla/5.0 (Windows NT 10.0; Win64; x64) AppleWebKit/537.36 (KHTML, like Gecko) Chrome/129.0.0.0 Safari/537.36"
45.32.132.233 - - [08/Feb/2026:05:53:53 +0300] "HEAD / HTTP/2" 200 0 "-" "Mozilla/5.0 (compatible; monitoring360bot/1.1; +https://app.360monitoring.com/bot.html)"
216.73.216.216 - - [08/Feb/2026:05:54:04 +0300] "GET /cozum-merkezi?page=1 HTTP/2" 200 9831 "-" "Mozilla/5.0 AppleWebKit/537.36 (KHTML, like Gecko; compatible; ClaudeBot/1.0; +claudebot@anthropic.com)"
45.32.132.233 - - [08/Feb/2026:05:54:54 +0300] "HEAD / HTTP/2" 200 0 "-" "Mozilla/5.0 (compatible; monitoring360bot/1.1; +https://app.360monitoring.com/bot.html)"
43.157.98.187 - - [08/Feb/2026:05:55:12 +0300] "GET /hizmetler/buzdolabi-servisi HTTP/1.1" 200 12551 "-" "Mozilla/5.0 (iPhone; CPU iPhone OS 13_2_3 like Mac OS X) AppleWebKit/605.1.15 (KHTML, like Gecko) Version/13.0.3 Mobile/15E148 Safari/604.1"
45.32.132.233 - - [08/Feb/2026:05:55:54 +0300] "HEAD / HTTP/2" 200 0 "-" "Mozilla/5.0 (compatible; monitoring360bot/1.1; +https://app.360monitoring.com/bot.html)"
94.235.228.251 - - [08/Feb/2026:05:51:34 +0300] "GET /public/images/anka-logo.png HTTP/2" 200 10435 "https://ankaservis.com/?gad_source=5&gad_campaignid=23322529905&gclid=EAIaIQobChMI3uKRyvHIkgMVPYeDBx2spjtqEAEYASAAEgImo_D_BwE" "Mozilla/5.0 (Linux; Android 15; 24116RACCG Build/AP3A.240905.015.A2) AppleWebKit/537.36 (KHTML, like Gecko) Version/4.0 Chrome/144.0.7559.111 Mobile Safari/537.36 GameBrowser/3.9.0.1"
94.235.228.251 - - [08/Feb/2026:05:51:34 +0300] "GET /public/images/ekibimiz.webp HTTP/2" 200 220906 "https://ankaservis.com/?gad_source=5&gad_campaignid=23322529905&gclid=EAIaIQobChMI3uKRyvHIkgMVPYeDBx2spjtqEAEYASAAEgImo_D_BwE" "Mozilla/5.0 (Linux; Android 15; 24116RACCG Build/AP3A.240905.015.A2) AppleWebKit/537.36 (KHTML, like Gecko) Version/4.0 Chrome/144.0.7559.111 Mobile Safari/537.36 GameBrowser/3.9.0.1"
94.235.228.251 - - [08/Feb/2026:05:53:06 +0300] "GET /public/images/tv-service.webp HTTP/1.1" 200 95662 "https://ankaservis.com/?gad_source=5&gad_campaignid=23322529905&gclid=EAIaIQobChMI3uKRyvHIkgMVPYeDBx2spjtqEAEYASAAEgImo_D_BwE" "Mozilla/5.0 (Linux; Android 15; 24116RACCG Build/AP3A.240905.015.A2) AppleWebKit/537.36 (KHTML, like Gecko) Version/4.0 Chrome/144.0.7559.111 Mobile Safari/537.36 GameBrowser/3.9.0.1"
217.105.78.173 - - [08/Feb/2026:05:53:51 +0300] "GET / HTTP/1.0" 200 145228 "https://ankaservis.com/" "Mozilla/5.0 (Windows NT 10.0; Win64; x64) AppleWebKit/537.36 (KHTML, like Gecko) Chrome/129.0.0.0 Safari/537.36"
217.105.78.173 - - [08/Feb/2026:05:53:51 +0300] "GET /camasir-makinesi-neden-su-bosaltmaz HTTP/1.0" 404 45005 "https://ankaservis.com/camasir-makinesi-neden-su-bosaltmaz" "Mozilla/5.0 (Windows NT 10.0; Win64; x64) AppleWebKit/537.36 (KHTML, like Gecko) Chrome/129.0.0.0 Safari/537.36"
217.105.78.173 - - [08/Feb/2026:05:53:51 +0300] "GET /blog/camasir-makinesi-neden-sesli-calisir HTTP/1.0" 404 45017 "https://ankaservis.com/blog/camasir-makinesi-neden-sesli-calisir" "Mozilla/5.0 (Windows NT 10.0; Win64; x64) AppleWebKit/537.36 (KHTML, like Gecko) Chrome/129.0.0.0 Safari/537.36"
217.105.78.173 - - [08/Feb/2026:05:53:52 +0300] "GET /camasir-makinesi-neden-sesli-calisir HTTP/1.0" 404 45007 "https://ankaservis.com/camasir-makinesi-neden-sesli-calisir" "Mozilla/5.0 (Windows NT 10.0; Win64; x64) AppleWebKit/537.36 (KHTML, like Gecko) Chrome/129.0.0.0 Safari/537.36"
217.105.78.173 - - [08/Feb/2026:05:53:52 +0300] "GET /camasir-makinesinden-koku-geliyor HTTP/1.0" 404 45001 "https://ankaservis.com/camasir-makinesinden-koku-geliyor" "Mozilla/5.0 (Windows NT 10.0; Win64; x64) AppleWebKit/537.36 (KHTML, like Gecko) Chrome/129.0.0.0 Safari/537.36"
216.73.216.216 - - [08/Feb/2026:05:54:42 +0300] "GET /cozum-merkezi/bulasik-makinesi/bulasik-makinesi-kirli-cikariyor HTTP/2" 200 9327 "-" "Mozilla/5.0 AppleWebKit/537.36 (KHTML, like Gecko; compatible; ClaudeBot/1.0; +claudebot@anthropic.com)"
216.73.216.216 - - [08/Feb/2026:05:54:42 +0300] "GET /cozum-merkezi?device_type=Bula%C5%9F%C4%B1k+Makinesi HTTP/2" 200 9359 "-" "Mozilla/5.0 AppleWebKit/537.36 (KHTML, like Gecko; compatible; ClaudeBot/1.0; +claudebot@anthropic.com)"
192.0.102.222 - - [08/Feb/2026:05:54:55 +0300] "HEAD / HTTP/1.1" 200 0 "-" "jetmon/1.0 (Jetpack Site Uptime Monitor by WordPress.com)"
216.73.216.216 - - [08/Feb/2026:05:57:00 +0300] "GET /cozum-merkezi/bulasik-makinesi/bulasik-makinesi-su-bosaltmiyor HTTP/2" 200 9289 "-" "Mozilla/5.0 AppleWebKit/537.36 (KHTML, like Gecko; compatible; ClaudeBot/1.0; +claudebot@anthropic.com)"
45.32.132.233 - - [08/Feb/2026:05:58:56 +0300] "HEAD / HTTP/2" 200 0 "-" "Mozilla/5.0 (compatible; monitoring360bot/1.1; +https://app.360monitoring.com/bot.html)"
158.158.72.156 - - [08/Feb/2026:05:59:10 +0300] "GET /wp-content/plugins/hellopress/wp_filemanager.php HTTP/1.1" 404 45031 "-" "-"
158.158.72.156 - - [08/Feb/2026:05:59:10 +0300] "GET /zwso.php HTTP/1.1" 404 44951 "-" "-"
158.158.72.156 - - [08/Feb/2026:05:59:10 +0300] "GET /wp-admin/css/colors/blue/index.php HTTP/1.1" 404 45003 "-" "-"
158.158.72.156 - - [08/Feb/2026:05:59:10 +0300] "GET /class19.php HTTP/1.1" 404 44957 "-" "-"
158.158.72.156 - - [08/Feb/2026:05:59:10 +0300] "GET /class20.php HTTP/1.1" 404 44957 "-" "-"
158.158.72.156 - - [08/Feb/2026:05:59:10 +0300] "GET /admin.php?p= HTTP/1.1" 404 44959 "-" "-"
158.158.72.156 - - [08/Feb/2026:05:59:11 +0300] "GET /randkeyword.php HTTP/1.1" 404 44965 "-" "-"
158.158.72.156 - - [08/Feb/2026:05:59:11 +0300] "GET /fwe.php HTTP/1.1" 404 44949 "-" "-"
158.158.72.156 - - [08/Feb/2026:05:59:11 +0300] "GET /ioxi-o.php HTTP/1.1" 404 44955 "-" "-"
158.158.72.156 - - [08/Feb/2026:05:59:11 +0300] "GET /images/m.php HTTP/1.1" 404 44959 "-" "-"
158.158.72.156 - - [08/Feb/2026:05:59:12 +0300] "GET /g.php HTTP/1.1" 404 44945 "-" "-"
158.158.72.156 - - [08/Feb/2026:05:59:12 +0300] "GET /tx1.php HTTP/1.1" 404 44949 "-" "-"
158.158.72.156 - - [08/Feb/2026:05:59:12 +0300] "GET /xv.php HTTP/1.1" 404 44947 "-" "-"
158.158.72.156 - - [08/Feb/2026:05:59:12 +0300] "GET /x56.php HTTP/1.1" 404 44949 "-" "-"
158.158.72.156 - - [08/Feb/2026:05:59:12 +0300] "GET /htaccess.php HTTP/1.1" 404 44959 "-" "-"
158.158.72.156 - - [08/Feb/2026:05:59:13 +0300] "GET /readme.php HTTP/1.1" 404 44955 "-" "-"
158.158.72.156 - - [08/Feb/2026:05:59:13 +0300] "GET /x50.php HTTP/1.1" 404 44949 "-" "-"
158.158.72.156 - - [08/Feb/2026:05:59:13 +0300] "GET /fv.php HTTP/1.1" 404 44947 "-" "-"
158.158.72.156 - - [08/Feb/2026:05:59:13 +0300] "GET /file.php HTTP/1.1" 404 44951 "-" "-"
158.158.72.156 - - [08/Feb/2026:05:59:13 +0300] "GET /lsd.php HTTP/1.1" 404 44949 "-" "-"
158.158.72.156 - - [08/Feb/2026:05:59:14 +0300] "GET /as.php HTTP/1.1" 404 44947 "-" "-"
158.158.72.156 - - [08/Feb/2026:05:59:14 +0300] "GET /wsd.php HTTP/1.1" 404 44949 "-" "-"
158.158.72.156 - - [08/Feb/2026:05:59:14 +0300] "GET /gtc.php HTTP/1.1" 404 44949 "-" "-"
158.158.72.156 - - [08/Feb/2026:05:59:14 +0300] "GET /atx.php HTTP/1.1" 404 44949 "-" "-"
158.158.72.156 - - [08/Feb/2026:05:59:14 +0300] "GET /z60.php HTTP/1.1" 404 44949 "-" "-"
158.158.72.156 - - [08/Feb/2026:05:59:14 +0300] "GET /403.php HTTP/1.1" 404 44949 "-" "-"
158.158.72.156 - - [08/Feb/2026:05:59:14 +0300] "GET /m.php HTTP/1.1" 404 44945 "-" "-"
158.158.72.156 - - [08/Feb/2026:05:59:14 +0300] "GET /themes.php HTTP/1.1" 404 44955 "-" "-"
158.158.72.156 - - [08/Feb/2026:05:59:14 +0300] "GET /wp-admin/maint/about.php HTTP/1.1" 404 44983 "-" "-"
158.158.72.156 - - [08/Feb/2026:05:59:14 +0300] "GET /wp-admin/network/wp-conflg.php?p= HTTP/1.1" 404 45001 "-" "-"
158.158.72.156 - - [08/Feb/2026:05:59:15 +0300] "GET /click.php HTTP/1.1" 404 44953 "-" "-"
158.158.72.156 - - [08/Feb/2026:05:59:15 +0300] "GET /install.php HTTP/1.1" 404 44957 "-" "-"
158.158.72.156 - - [08/Feb/2026:05:59:15 +0300] "GET /lv.php HTTP/1.1" 404 44947 "-" "-"
158.158.72.156 - - [08/Feb/2026:05:59:15 +0300] "GET /simple.php HTTP/1.1" 404 44955 "-" "-"
158.158.72.156 - - [08/Feb/2026:05:59:16 +0300] "GET /css.php HTTP/1.1" 404 44949 "-" "-"
158.158.72.156 - - [08/Feb/2026:05:59:16 +0300] "GET /cong.php HTTP/1.1" 404 44951 "-" "-"
158.158.72.156 - - [08/Feb/2026:05:59:16 +0300] "GET /wp-includes/images/wp-login.php HTTP/1.1" 404 44997 "-" "-"
158.158.72.156 - - [08/Feb/2026:05:59:16 +0300] "GET /cong.php HTTP/1.1" 404 44951 "-" "-"
158.158.72.156 - - [08/Feb/2026:05:59:17 +0300] "GET /w.php HTTP/1.1" 404 44945 "-" "-"
158.158.72.156 - - [08/Feb/2026:05:59:17 +0300] "GET /404.php HTTP/1.1" 404 44949 "-" "-"
158.158.72.156 - - [08/Feb/2026:05:59:17 +0300] "GET /0x.php HTTP/1.1" 404 44947 "-" "-"
158.158.72.156 - - [08/Feb/2026:05:59:17 +0300] "GET /css.php HTTP/1.1" 404 44949 "-" "-"
158.158.72.156 - - [08/Feb/2026:05:59:18 +0300] "GET /222.php HTTP/1.1" 404 44949 "-" "-"
158.158.72.156 - - [08/Feb/2026:05:59:18 +0300] "GET /wp-content/index.php HTTP/1.1" 404 44975 "-" "-"
158.158.72.156 - - [08/Feb/2026:05:59:18 +0300] "GET /admin.php HTTP/1.1" 404 44953 "-" "-"
158.158.72.156 - - [08/Feb/2026:05:59:18 +0300] "GET /wp-admin/maint/maint.php HTTP/1.1" 404 44983 "-" "-"
158.158.72.156 - - [08/Feb/2026:05:59:18 +0300] "GET /classwithtostring.php HTTP/1.1" 404 44977 "-" "-"
158.158.72.156 - - [08/Feb/2026:05:59:18 +0300] "GET /abcd.php HTTP/1.1" 404 44951 "-" "-"
158.158.72.156 - - [08/Feb/2026:05:59:18 +0300] "GET /autoload_classmap.php?p= HTTP/1.1" 404 44983 "-" "-"
158.158.72.156 - - [08/Feb/2026:05:59:18 +0300] "GET /inputs.php HTTP/1.1" 404 44955 "-" "-"
158.158.72.156 - - [08/Feb/2026:05:59:19 +0300] "GET /about.php HTTP/1.1" 404 44953 "-" "-"
158.158.72.156 - - [08/Feb/2026:05:59:19 +0300] "GET /alfa.php HTTP/1.1" 404 44951 "-" "-"
158.158.72.156 - - [08/Feb/2026:05:59:19 +0300] "GET /themes/twentytwentytwo/index.php HTTP/1.1" 404 44999 "-" "-"
158.158.72.156 - - [08/Feb/2026:05:59:19 +0300] "GET /wp-admin/js/wp-conflg.php?p= HTTP/1.1" 404 44991 "-" "-"
158.158.72.156 - - [08/Feb/2026:05:59:19 +0300] "GET /wp-admin/wp-conflg.php?p= HTTP/1.1" 404 44985 "-" "-"
158.158.72.156 - - [08/Feb/2026:05:59:19 +0300] "GET /wp-admin/css/wp-conflg.php?p= HTTP/1.1" 404 44993 "-" "-"
158.158.72.156 - - [08/Feb/2026:05:59:19 +0300] "GET /manager.php?p= HTTP/1.1" 404 44963 "-" "-"
158.158.72.156 - - [08/Feb/2026:05:59:19 +0300] "GET /item.php HTTP/1.1" 404 44951 "-" "-"
158.158.72.156 - - [08/Feb/2026:05:59:19 +0300] "GET /plugins/Cache/footer.php HTTP/1.1" 404 44983 "-" "-"
158.158.72.156 - - [08/Feb/2026:05:59:19 +0300] "GET /404.php HTTP/1.1" 404 44949 "-" "-"
158.158.72.156 - - [08/Feb/2026:05:59:19 +0300] "GET /mail.php HTTP/1.1" 404 44951 "-" "-"
158.158.72.156 - - [08/Feb/2026:05:59:19 +0300] "GET /wp-content/plugins/index.php HTTP/1.1" 404 44991 "-" "-"
158.158.72.156 - - [08/Feb/2026:05:59:19 +0300] "GET /sx.php HTTP/1.1" 404 44947 "-" "-"
158.158.72.156 - - [08/Feb/2026:05:59:20 +0300] "GET /wp-admin/maint/admin.php HTTP/1.1" 404 44983 "-" "-"
158.158.72.156 - - [08/Feb/2026:05:59:20 +0300] "GET /alfa.php HTTP/1.1" 404 44951 "-" "-"
158.158.72.156 - - [08/Feb/2026:05:59:20 +0300] "GET /1.php HTTP/1.1" 404 44945 "-" "-"
158.158.72.156 - - [08/Feb/2026:05:59:20 +0300] "GET /byp.php HTTP/1.1" 404 44949 "-" "-"
158.158.72.156 - - [08/Feb/2026:05:59:20 +0300] "GET /wp-trackback.php HTTP/1.1" 404 44967 "-" "-"
158.158.72.156 - - [08/Feb/2026:05:59:20 +0300] "GET /.well-known/index.php HTTP/1.1" 404 44977 "-" "-"
158.158.72.156 - - [08/Feb/2026:05:59:20 +0300] "GET /wp-admin/network/plugins.php HTTP/1.1" 404 44991 "-" "-"
158.158.72.156 - - [08/Feb/2026:05:59:21 +0300] "GET /wp-admin/about.php HTTP/1.1" 404 44971 "-" "-"
158.158.72.156 - - [08/Feb/2026:05:59:21 +0300] "GET /gmo.php HTTP/1.1" 404 44949 "-" "-"
158.158.72.156 - - [08/Feb/2026:05:59:21 +0300] "GET /wp-includes/ID3/about.php HTTP/1.1" 404 44985 "-" "-"
158.158.72.156 - - [08/Feb/2026:05:59:21 +0300] "GET /css/index.php HTTP/1.1" 404 44961 "-" "-"
158.158.72.156 - - [08/Feb/2026:05:59:21 +0300] "GET /wp-includes/SimplePie/wp-login.php HTTP/1.1" 404 45003 "-" "-"
158.158.72.156 - - [08/Feb/2026:05:59:21 +0300] "GET /wp-content/themes/about.php HTTP/1.1" 404 44989 "-" "-"
158.158.72.156 - - [08/Feb/2026:05:59:21 +0300] "GET /filemanager/dialog.php HTTP/1.1" 404 44979 "-" "-"
158.158.72.156 - - [08/Feb/2026:05:59:21 +0300] "GET /wp-admin/maint/index.php HTTP/1.1" 404 44983 "-" "-"
158.158.72.156 - - [08/Feb/2026:05:59:21 +0300] "GET /wp-includes/customize/about.php HTTP/1.1" 404 44997 "-" "-"
158.158.72.156 - - [08/Feb/2026:05:59:21 +0300] "GET /index/function.php HTTP/1.1" 404 44971 "-" "-"
158.158.72.156 - - [08/Feb/2026:05:59:22 +0300] "GET /uploads/autoload_classmap.php HTTP/1.1" 404 44993 "-" "-"
158.158.72.156 - - [08/Feb/2026:05:59:22 +0300] "GET /wp-includes/style-engine/about.php HTTP/1.1" 404 45003 "-" "-"
158.158.72.156 - - [08/Feb/2026:05:59:22 +0300] "GET /ww1.php HTTP/1.1" 404 44949 "-" "-"
158.158.72.156 - - [08/Feb/2026:05:59:22 +0300] "GET /about/function.php HTTP/1.1" 404 44971 "-" "-"
158.158.72.156 - - [08/Feb/2026:05:59:22 +0300] "GET /admin/function.php HTTP/1.1" 404 44971 "-" "-"
158.158.72.156 - - [08/Feb/2026:05:59:22 +0300] "GET /.well-known/acme-challenge/index.php HTTP/1.1" 404 45007 "-" "-"
158.158.72.156 - - [08/Feb/2026:05:59:22 +0300] "GET /css/colors/blue/index.php HTTP/1.1" 404 44985 "-" "-"
158.158.72.156 - - [08/Feb/2026:05:59:22 +0300] "GET /security.php HTTP/1.1" 404 44959 "-" "-"
158.158.72.156 - - [08/Feb/2026:05:59:23 +0300] "GET /wp-admin/user/about.php HTTP/1.1" 404 44981 "-" "-"
158.158.72.156 - - [08/Feb/2026:05:59:23 +0300] "GET /wp-admin/js/index.php HTTP/1.1" 404 44977 "-" "-"
158.158.72.156 - - [08/Feb/2026:05:59:24 +0300] "GET /wp-content/upgrade/about.php HTTP/1.1" 404 44991 "-" "-"
158.158.72.156 - - [08/Feb/2026:05:59:24 +0300] "GET /wp-includes/assets/index.php HTTP/1.1" 404 44991 "-" "-"
158.158.72.156 - - [08/Feb/2026:05:59:24 +0300] "GET /wp-content/radio.php HTTP/1.1" 404 44975 "-" "-"
158.158.72.156 - - [08/Feb/2026:05:59:24 +0300] "GET /wp-includes/fonts/index.php?p= HTTP/1.1" 404 44995 "-" "-"
158.158.72.156 - - [08/Feb/2026:05:59:24 +0300] "GET /.well-known/admin.php HTTP/1.1" 404 44977 "-" "-"
158.158.72.156 - - [08/Feb/2026:05:59:24 +0300] "GET /wp-content/admin.php HTTP/1.1" 404 44975 "-" "-"
158.158.72.156 - - [08/Feb/2026:05:59:24 +0300] "GET /wp-content/plugins/admin.php HTTP/1.1" 404 44991 "-" "-"
158.158.72.156 - - [08/Feb/2026:05:59:24 +0300] "GET /wp-content/themes/twentytwentytwo/index.php?p= HTTP/1.1" 404 45027 "-" "-"
158.158.72.156 - - [08/Feb/2026:05:59:25 +0300] "GET /.well-known/log.php HTTP/1.1" 404 44973 "-" "-"
158.158.72.156 - - [08/Feb/2026:05:59:25 +0300] "GET /class.php HTTP/1.1" 404 44953 "-" "-"
158.158.72.156 - - [08/Feb/2026:05:59:25 +0300] "GET /bless5.php HTTP/1.1" 404 44955 "-" "-"
158.158.72.156 - - [08/Feb/2026:05:59:25 +0300] "GET /wp-includes/js/codemirror/index.php HTTP/1.1" 404 45005 "-" "-"
158.158.72.156 - - [08/Feb/2026:05:59:25 +0300] "GET /wp-includes/block-patterns/index.php HTTP/1.1" 404 45007 "-" "-"
158.158.72.156 - - [08/Feb/2026:05:59:25 +0300] "GET /lock360.php HTTP/1.1" 404 44957 "-" "-"
158.158.72.156 - - [08/Feb/2026:05:59:26 +0300] "GET /ioxi-o1.php HTTP/1.1" 404 44957 "-" "-"
158.158.72.156 - - [08/Feb/2026:05:59:26 +0300] "GET /juuuu.php HTTP/1.1" 404 44953 "-" "-"
158.158.72.156 - - [08/Feb/2026:05:59:26 +0300] "GET /ha.php HTTP/1.1" 404 44947 "-" "-"
158.158.72.156 - - [08/Feb/2026:05:59:26 +0300] "GET /gg.php HTTP/1.1" 404 44947 "-" "-"
158.158.72.156 - - [08/Feb/2026:05:59:26 +0300] "GET /we2.php HTTP/1.1" 404 44949 "-" "-"
158.158.72.156 - - [08/Feb/2026:05:59:26 +0300] "GET /04.php HTTP/1.1" 404 44947 "-" "-"
158.158.72.156 - - [08/Feb/2026:05:59:26 +0300] "GET /333.php HTTP/1.1" 404 44949 "-" "-"
158.158.72.156 - - [08/Feb/2026:05:59:26 +0300] "GET /520.php HTTP/1.1" 404 44949 "-" "-"
158.158.72.156 - - [08/Feb/2026:05:59:26 +0300] "GET /ar.php HTTP/1.1" 404 44947 "-" "-"
158.158.72.156 - - [08/Feb/2026:05:59:27 +0300] "GET /x.php HTTP/1.1" 404 44945 "-" "-"
158.158.72.156 - - [08/Feb/2026:05:59:27 +0300] "GET /xx.php HTTP/1.1" 404 44947 "-" "-"
158.158.72.156 - - [08/Feb/2026:05:59:27 +0300] "GET /gifclass4.php HTTP/1.1" 404 44961 "-" "-"
158.158.72.156 - - [08/Feb/2026:05:59:27 +0300] "GET /2clas.php HTTP/1.1" 404 44953 "-" "-"
158.158.72.156 - - [08/Feb/2026:05:59:27 +0300] "GET /ave.php HTTP/1.1" 404 44949 "-" "-"
158.158.72.156 - - [08/Feb/2026:05:59:27 +0300] "GET /wrt.php HTTP/1.1" 404 44949 "-" "-"
158.158.72.156 - - [08/Feb/2026:05:59:28 +0300] "GET /bibil.php HTTP/1.1" 404 44953 "-" "-"
158.158.72.156 - - [08/Feb/2026:05:59:28 +0300] "GET /radio.php HTTP/1.1" 404 44953 "-" "-"
158.158.72.156 - - [08/Feb/2026:05:59:28 +0300] "GET /files.php HTTP/1.1" 404 44953 "-" "-"
158.158.72.156 - - [08/Feb/2026:05:59:28 +0300] "GET /file7.php HTTP/1.1" 404 44953 "-" "-"
158.158.72.156 - - [08/Feb/2026:05:59:28 +0300] "GET /gifclass.php HTTP/1.1" 404 44959 "-" "-"
158.158.72.156 - - [08/Feb/2026:05:59:28 +0300] "GET /wp-admin/css/colors/midnight/about.php HTTP/1.1" 404 45011 "-" "-"
158.158.72.156 - - [08/Feb/2026:05:59:28 +0300] "GET /nox.php HTTP/1.1" 404 44949 "-" "-"
158.158.72.156 - - [08/Feb/2026:05:59:28 +0300] "GET /file48.php HTTP/1.1" 404 44955 "-" "-"
158.158.72.156 - - [08/Feb/2026:05:59:28 +0300] "GET /info.php HTTP/1.1" 404 44951 "-" "-"
158.158.72.156 - - [08/Feb/2026:05:59:28 +0300] "GET /class9.php HTTP/1.1" 404 44955 "-" "-"
158.158.72.156 - - [08/Feb/2026:05:59:29 +0300] "GET /la.php HTTP/1.1" 404 44947 "-" "-"
158.158.72.156 - - [08/Feb/2026:05:59:29 +0300] "GET /bless11.php HTTP/1.1" 404 44957 "-" "-"
158.158.72.156 - - [08/Feb/2026:05:59:29 +0300] "GET /ccou.php HTTP/1.1" 404 44951 "-" "-"
158.158.72.156 - - [08/Feb/2026:05:59:29 +0300] "GET /ton.php HTTP/1.1" 404 44949 "-" "-"
158.158.72.156 - - [08/Feb/2026:05:59:29 +0300] "GET /403.php HTTP/1.1" 404 44949 "-" "-"
158.158.72.156 - - [08/Feb/2026:05:59:30 +0300] "GET /file9.php HTTP/1.1" 404 44953 "-" "-"
158.158.72.156 - - [08/Feb/2026:05:59:30 +0300] "GET /ac.php HTTP/1.1" 404 44947 "-" "-"
158.158.72.156 - - [08/Feb/2026:05:59:30 +0300] "GET /new4.php HTTP/1.1" 404 44951 "-" "-"
158.158.72.156 - - [08/Feb/2026:05:59:30 +0300] "GET /pop.php HTTP/1.1" 404 44949 "-" "-"
158.158.72.156 - - [08/Feb/2026:05:59:30 +0300] "GET /az.php HTTP/1.1" 404 44947 "-" "-"
158.158.72.156 - - [08/Feb/2026:05:59:30 +0300] "GET /xaz.php HTTP/1.1" 404 44949 "-" "-"
158.158.72.156 - - [08/Feb/2026:05:59:31 +0300] "GET /up4.php HTTP/1.1" 404 44949 "-" "-"
158.158.72.156 - - [08/Feb/2026:05:59:31 +0300] "GET /1aa.php HTTP/1.1" 404 44949 "-" "-"
158.158.72.156 - - [08/Feb/2026:05:59:31 +0300] "GET /elp.php HTTP/1.1" 404 44949 "-" "-"
158.158.72.156 - - [08/Feb/2026:05:59:31 +0300] "GET /wtz.php HTTP/1.1" 404 44949 "-" "-"
158.158.72.156 - - [08/Feb/2026:05:59:31 +0300] "GET /galex.php HTTP/1.1" 404 44953 "-" "-"
158.158.72.156 - - [08/Feb/2026:05:59:31 +0300] "GET /xb.php HTTP/1.1" 404 44947 "-" "-"
158.158.72.156 - - [08/Feb/2026:05:59:32 +0300] "GET /ova.php HTTP/1.1" 404 44949 "-" "-"
158.158.72.156 - - [08/Feb/2026:05:59:32 +0300] "GET /vx.php HTTP/1.1" 404 44947 "-" "-"
158.158.72.156 - - [08/Feb/2026:05:59:32 +0300] "GET /rh.php HTTP/1.1" 404 44947 "-" "-"
158.158.72.156 - - [08/Feb/2026:05:59:32 +0300] "GET /wp-includes/certificates/index.php HTTP/1.1" 404 45003 "-" "-"
158.158.72.156 - - [08/Feb/2026:05:59:32 +0300] "GET /wp-content/uploads/gravity_forms/g/e/e/a/Casper.php HTTP/1.1" 404 45037 "-" "-"
158.158.72.156 - - [08/Feb/2026:05:59:32 +0300] "GET /spip.php HTTP/1.1" 404 44951 "-" "-"
158.158.72.156 - - [08/Feb/2026:05:59:32 +0300] "GET /scripts/wpup.php HTTP/1.1" 404 44967 "-" "-"
158.158.72.156 - - [08/Feb/2026:05:59:32 +0300] "GET /wordpress/update/wpupex.php HTTP/1.1" 404 44989 "-" "-"
158.158.72.156 - - [08/Feb/2026:05:59:32 +0300] "GET /ho/wpup.php HTTP/1.1" 404 44957 "-" "-"
158.158.72.156 - - [08/Feb/2026:05:59:32 +0300] "GET /wp-admin/maint/ HTTP/1.1" 404 44965 "-" "-"
158.158.72.156 - - [08/Feb/2026:05:59:32 +0300] "GET /wp/wp-content/plugins/classic-editor/js/geido.php HTTP/1.1" 404 45033 "-" "-"
158.158.72.156 - - [08/Feb/2026:05:59:33 +0300] "GET /myy.php HTTP/1.1" 404 44949 "-" "-"
158.158.72.156 - - [08/Feb/2026:05:59:33 +0300] "GET /wp-content/halo.php HTTP/1.1" 404 44973 "-" "-"
158.158.72.156 - - [08/Feb/2026:05:59:33 +0300] "GET /wp-content/themes/twentytwentyfour/assets/css/geido.php HTTP/1.1" 404 45045 "-" "-"
158.158.72.156 - - [08/Feb/2026:05:59:34 +0300] "GET /wp-includes/Requests/library/upload.php HTTP/1.1" 404 45013 "-" "-"
158.158.72.156 - - [08/Feb/2026:05:59:34 +0300] "GET /wp-admin/css/colors/coffee/index.php HTTP/1.1" 404 45007 "-" "-"
158.158.72.156 - - [08/Feb/2026:05:59:35 +0300] "GET /wp-admin/js/index.php HTTP/1.1" 404 44977 "-" "-"
158.158.72.156 - - [08/Feb/2026:05:59:35 +0300] "GET /dapa.php HTTP/1.1" 404 44951 "-" "-"
45.32.132.233 - - [08/Feb/2026:06:02:58 +0300] "HEAD / HTTP/2" 200 0 "-" "Mozilla/5.0 (compatible; monitoring360bot/1.1; +https://app.360monitoring.com/bot.html)"
45.32.132.233 - - [08/Feb/2026:06:03:49 +0300] "HEAD / HTTP/2" 200 0 "-" "Mozilla/5.0 (compatible; monitoring360bot/1.1; +https://app.360monitoring.com/bot.html)"
216.73.216.216 - - [08/Feb/2026:05:56:03 +0300] "GET /cozum-merkezi/bulasik-makinesi/bulasik-makinesi-neden-su-almaz HTTP/2" 200 9276 "-" "Mozilla/5.0 AppleWebKit/537.36 (KHTML, like Gecko; compatible; ClaudeBot/1.0; +claudebot@anthropic.com)"
45.32.132.233 - - [08/Feb/2026:05:56:55 +0300] "HEAD / HTTP/2" 200 0 "-" "Mozilla/5.0 (compatible; monitoring360bot/1.1; +https://app.360monitoring.com/bot.html)"
216.73.216.216 - - [08/Feb/2026:05:57:20 +0300] "GET /cozum-merkezi?device_type=%C3%87ama%C5%9F%C4%B1r+Makinesi HTTP/2" 200 9339 "-" "Mozilla/5.0 AppleWebKit/537.36 (KHTML, like Gecko; compatible; ClaudeBot/1.0; +claudebot@anthropic.com)"
216.73.216.216 - - [08/Feb/2026:05:57:20 +0300] "GET /cozum-merkezi?page=2 HTTP/2" 200 9388 "-" "Mozilla/5.0 AppleWebKit/537.36 (KHTML, like Gecko; compatible; ClaudeBot/1.0; +claudebot@anthropic.com)"
216.73.216.216 - - [08/Feb/2026:05:57:21 +0300] "GET /cozum-merkezi?device_type=Kombi HTTP/2" 200 9056 "-" "Mozilla/5.0 AppleWebKit/537.36 (KHTML, like Gecko; compatible; ClaudeBot/1.0; +claudebot@anthropic.com)"
45.32.132.233 - - [08/Feb/2026:05:57:55 +0300] "HEAD / HTTP/2" 200 0 "-" "Mozilla/5.0 (compatible; monitoring360bot/1.1; +https://app.360monitoring.com/bot.html)"
216.73.216.216 - - [08/Feb/2026:05:58:00 +0300] "GET /cozum-merkezi?device_type=Klima HTTP/2" 200 8988 "-" "Mozilla/5.0 AppleWebKit/537.36 (KHTML, like Gecko; compatible; ClaudeBot/1.0; +claudebot@anthropic.com)"
192.0.102.222 - - [08/Feb/2026:05:59:54 +0300] "HEAD / HTTP/1.1" 200 0 "-" "jetmon/1.0 (Jetpack Site Uptime Monitor by WordPress.com)"
45.32.132.233 - - [08/Feb/2026:05:59:56 +0300] "HEAD / HTTP/2" 200 0 "-" "Mozilla/5.0 (compatible; monitoring360bot/1.1; +https://app.360monitoring.com/bot.html)"
45.32.132.233 - - [08/Feb/2026:06:00:57 +0300] "HEAD / HTTP/2" 200 0 "-" "Mozilla/5.0 (compatible; monitoring360bot/1.1; +https://app.360monitoring.com/bot.html)"
45.32.132.233 - - [08/Feb/2026:06:01:57 +0300] "HEAD / HTTP/2" 200 0 "-" "Mozilla/5.0 (compatible; monitoring360bot/1.1; +https://app.360monitoring.com/bot.html)"
45.32.132.233 - - [08/Feb/2026:06:04:49 +0300] "HEAD / HTTP/2" 200 0 "-" "Mozilla/5.0 (compatible; monitoring360bot/1.1; +https://app.360monitoring.com/bot.html)"
45.32.132.233 - - [08/Feb/2026:06:05:50 +0300] "HEAD / HTTP/2" 200 0 "-" "Mozilla/5.0 (compatible; monitoring360bot/1.1; +https://app.360monitoring.com/bot.html)"
216.73.216.216 - - [08/Feb/2026:06:06:56 +0300] "GET /cozum-merkezi/buzdolabi/buzdolabi-sesli-calisiyor HTTP/2" 200 9404 "-" "Mozilla/5.0 AppleWebKit/537.36 (KHTML, like Gecko; compatible; ClaudeBot/1.0; +claudebot@anthropic.com)"
45.32.132.233 - - [08/Feb/2026:06:07:51 +0300] "HEAD / HTTP/2" 200 0 "-" "Mozilla/5.0 (compatible; monitoring360bot/1.1; +https://app.360monitoring.com/bot.html)"
45.32.132.233 - - [08/Feb/2026:06:08:51 +0300] "HEAD / HTTP/2" 200 0 "-" "Mozilla/5.0 (compatible; monitoring360bot/1.1; +https://app.360monitoring.com/bot.html)"
192.0.102.222 - - [08/Feb/2026:06:09:56 +0300] "HEAD / HTTP/1.1" 200 0 "-" "jetmon/1.0 (Jetpack Site Uptime Monitor by WordPress.com)"
45.32.132.233 - - [08/Feb/2026:06:10:52 +0300] "HEAD / HTTP/2" 200 0 "-" "Mozilla/5.0 (compatible; monitoring360bot/1.1; +https://app.360monitoring.com/bot.html)"
45.32.132.233 - - [08/Feb/2026:06:11:53 +0300] "HEAD / HTTP/2" 200 0 "-" "Mozilla/5.0 (compatible; monitoring360bot/1.1; +https://app.360monitoring.com/bot.html)"
72.14.199.236 - - [08/Feb/2026:06:12:23 +0300] "GET / HTTP/1.1" 200 15680 "-" "Mozilla/5.0 (Linux; Android 6.0.1; Nexus 5X Build/MMB29P) AppleWebKit/537.36 (KHTML, like Gecko) Chrome/144.0.7559.132 Mobile Safari/537.36 (compatible; AdsBot-Google-Mobile; +http://www.google.com/mobile/adsbot.html)"
192.0.102.222 - - [08/Feb/2026:06:04:58 +0300] "HEAD / HTTP/1.1" 200 0 "-" "jetmon/1.0 (Jetpack Site Uptime Monitor by WordPress.com)"
45.32.132.233 - - [08/Feb/2026:06:06:50 +0300] "HEAD / HTTP/2" 200 0 "-" "Mozilla/5.0 (compatible; monitoring360bot/1.1; +https://app.360monitoring.com/bot.html)"
45.32.132.233 - - [08/Feb/2026:06:09:52 +0300] "HEAD / HTTP/2" 200 0 "-" "Mozilla/5.0 (compatible; monitoring360bot/1.1; +https://app.360monitoring.com/bot.html)"
216.73.216.216 - - [08/Feb/2026:06:11:54 +0300] "GET /public/images/uploads/img_6984541ee524c5.67500273.php56 HTTP/2" 200 16131 "-" "Mozilla/5.0 AppleWebKit/537.36 (KHTML, like Gecko; compatible; ClaudeBot/1.0; +claudebot@anthropic.com)"
45.32.132.233 - - [08/Feb/2026:06:12:53 +0300] "HEAD / HTTP/2" 200 0 "-" "Mozilla/5.0 (compatible; monitoring360bot/1.1; +https://app.360monitoring.com/bot.html)"
45.32.132.233 - - [08/Feb/2026:06:13:54 +0300] "HEAD / HTTP/2" 200 0 "-" "Mozilla/5.0 (compatible; monitoring360bot/1.1; +https://app.360monitoring.com/bot.html)"
45.32.132.233 - - [08/Feb/2026:06:14:54 +0300] "HEAD / HTTP/2" 200 0 "-" "Mozilla/5.0 (compatible; monitoring360bot/1.1; +https://app.360monitoring.com/bot.html)"
45.32.132.233 - - [08/Feb/2026:06:15:55 +0300] "HEAD / HTTP/2" 200 0 "-" "Mozilla/5.0 (compatible; monitoring360bot/1.1; +https://app.360monitoring.com/bot.html)"
45.32.132.233 - - [08/Feb/2026:06:16:55 +0300] "HEAD / HTTP/2" 200 0 "-" "Mozilla/5.0 (compatible; monitoring360bot/1.1; +https://app.360monitoring.com/bot.html)"
45.32.132.233 - - [08/Feb/2026:06:18:56 +0300] "HEAD / HTTP/2" 200 0 "-" "Mozilla/5.0 (compatible; monitoring360bot/1.1; +https://app.360monitoring.com/bot.html)"
192.0.102.222 - - [08/Feb/2026:06:19:55 +0300] "HEAD / HTTP/1.1" 200 0 "-" "jetmon/1.0 (Jetpack Site Uptime Monitor by WordPress.com)"
45.32.132.233 - - [08/Feb/2026:06:20:57 +0300] "HEAD / HTTP/2" 200 0 "-" "Mozilla/5.0 (compatible; monitoring360bot/1.1; +https://app.360monitoring.com/bot.html)"
45.32.132.233 - - [08/Feb/2026:06:22:58 +0300] "HEAD / HTTP/2" 200 0 "-" "Mozilla/5.0 (compatible; monitoring360bot/1.1; +https://app.360monitoring.com/bot.html)"
45.32.132.233 - - [08/Feb/2026:06:23:59 +0300] "HEAD / HTTP/2" 200 0 "-" "Mozilla/5.0 (compatible; monitoring360bot/1.1; +https://app.360monitoring.com/bot.html)"
20.28.217.101 - - [08/Feb/2026:06:25:40 +0300] "GET /admin.php HTTP/1.1" 404 7940 "-" "Mozilla/5.0 (Windows NT 10.0; Win64; x64) AppleWebKit/537.36 (KHTML, like Gecko) Chrome/120.0.0.0 Safari/537.36"
20.28.217.101 - - [08/Feb/2026:06:25:41 +0300] "GET /manager.php HTTP/1.1" 404 7936 "-" "Mozilla/5.0 (Windows NT 10.0; Win64; x64) AppleWebKit/537.36 (KHTML, like Gecko) Chrome/120.0.0.0 Safari/537.36"
20.28.217.101 - - [08/Feb/2026:06:25:42 +0300] "GET /wp-includes/Requests/library/index.php HTTP/1.1" 404 7898 "-" "Mozilla/5.0 (Windows NT 10.0; Win64; x64) AppleWebKit/537.36 (KHTML, like Gecko) Chrome/120.0.0.0 Safari/537.36"
20.28.217.101 - - [08/Feb/2026:06:25:42 +0300] "GET /wp-includes/fonts/ HTTP/1.1" 404 7951 "-" "Mozilla/5.0 (Windows NT 10.0; Win64; x64) AppleWebKit/537.36 (KHTML, like Gecko) Chrome/120.0.0.0 Safari/537.36"
20.28.217.101 - - [08/Feb/2026:06:25:43 +0300] "GET /.well-known/ HTTP/1.1" 403 787 "-" "Mozilla/5.0 (Windows NT 10.0; Win64; x64) AppleWebKit/537.36 (KHTML, like Gecko) Chrome/120.0.0.0 Safari/537.36"
20.28.217.101 - - [08/Feb/2026:06:25:44 +0300] "GET /wp-sing.php HTTP/1.1" 404 7937 "-" "Mozilla/5.0 (Windows NT 10.0; Win64; x64) AppleWebKit/537.36 (KHTML, like Gecko) Chrome/120.0.0.0 Safari/537.36"
20.28.217.101 - - [08/Feb/2026:06:25:45 +0300] "GET /goods.php HTTP/1.1" 404 7941 "-" "Mozilla/5.0 (Windows NT 10.0; Win64; x64) AppleWebKit/537.36 (KHTML, like Gecko) Chrome/120.0.0.0 Safari/537.36"
20.28.217.101 - - [08/Feb/2026:06:25:45 +0300] "GET /chosen.php HTTP/1.1" 404 7958 "-" "Mozilla/5.0 (Windows NT 10.0; Win64; x64) AppleWebKit/537.36 (KHTML, like Gecko) Chrome/120.0.0.0 Safari/537.36"
20.28.217.101 - - [08/Feb/2026:06:25:46 +0300] "GET /term.php HTTP/1.1" 404 7921 "-" "Mozilla/5.0 (Windows NT 10.0; Win64; x64) AppleWebKit/537.36 (KHTML, like Gecko) Chrome/120.0.0.0 Safari/537.36"
20.28.217.101 - - [08/Feb/2026:06:25:46 +0300] "GET /wp-admin/images/ HTTP/1.1" 404 7932 "-" "Mozilla/5.0 (Windows NT 10.0; Win64; x64) AppleWebKit/537.36 (KHTML, like Gecko) Chrome/120.0.0.0 Safari/537.36"
20.28.217.101 - - [08/Feb/2026:06:25:47 +0300] "GET /wpc.php?p= HTTP/1.1" 404 7959 "-" "Mozilla/5.0 (Windows NT 10.0; Win64; x64) AppleWebKit/537.36 (KHTML, like Gecko) Chrome/120.0.0.0 Safari/537.36"
20.28.217.101 - - [08/Feb/2026:06:25:47 +0300] "GET /about.php HTTP/1.1" 404 7941 "-" "Mozilla/5.0 (Windows NT 10.0; Win64; x64) AppleWebKit/537.36 (KHTML, like Gecko) Chrome/120.0.0.0 Safari/537.36"
20.28.217.101 - - [08/Feb/2026:06:25:47 +0300] "GET /deepseek_d.php HTTP/1.1" 404 7939 "-" "Mozilla/5.0 (Windows NT 10.0; Win64; x64) AppleWebKit/537.36 (KHTML, like Gecko) Chrome/120.0.0.0 Safari/537.36"
20.28.217.101 - - [08/Feb/2026:06:25:48 +0300] "GET /wk/index.php HTTP/1.1" 404 7917 "-" "Mozilla/5.0 (Windows NT 10.0; Win64; x64) AppleWebKit/537.36 (KHTML, like Gecko) Chrome/120.0.0.0 Safari/537.36"
20.28.217.101 - - [08/Feb/2026:06:25:48 +0300] "GET /elp.php HTTP/1.1" 404 7847 "-" "Mozilla/5.0 (Windows NT 10.0; Win64; x64) AppleWebKit/537.36 (KHTML, like Gecko) Chrome/120.0.0.0 Safari/537.36"
20.28.217.101 - - [08/Feb/2026:06:25:49 +0300] "GET /bless.php HTTP/1.1" 404 7941 "-" "Mozilla/5.0 (Windows NT 10.0; Win64; x64) AppleWebKit/537.36 (KHTML, like Gecko) Chrome/120.0.0.0 Safari/537.36"
20.28.217.101 - - [08/Feb/2026:06:25:49 +0300] "GET /edit.php HTTP/1.1" 404 7939 "-" "Mozilla/5.0 (Windows NT 10.0; Win64; x64) AppleWebKit/537.36 (KHTML, like Gecko) Chrome/120.0.0.0 Safari/537.36"
20.28.217.101 - - [08/Feb/2026:06:25:50 +0300] "GET /simple.php HTTP/1.1" 404 7951 "-" "Mozilla/5.0 (Windows NT 10.0; Win64; x64) AppleWebKit/537.36 (KHTML, like Gecko) Chrome/120.0.0.0 Safari/537.36"
20.28.217.101 - - [08/Feb/2026:06:25:50 +0300] "GET /wp-login.php HTTP/1.1" 404 7936 "-" "Mozilla/5.0 (Windows NT 10.0; Win64; x64) AppleWebKit/537.36 (KHTML, like Gecko) Chrome/120.0.0.0 Safari/537.36"
20.28.217.101 - - [08/Feb/2026:06:25:50 +0300] "GET /wp-includes/ID3/index.php HTTP/1.1" 404 7961 "-" "Mozilla/5.0 (Windows NT 10.0; Win64; x64) AppleWebKit/537.36 (KHTML, like Gecko) Chrome/120.0.0.0 Safari/537.36"
20.28.217.101 - - [08/Feb/2026:06:25:51 +0300] "GET /wp-admin/js/about.php HTTP/1.1" 404 7938 "-" "Mozilla/5.0 (Windows NT 10.0; Win64; x64) AppleWebKit/537.36 (KHTML, like Gecko) Chrome/120.0.0.0 Safari/537.36"
20.28.217.101 - - [08/Feb/2026:06:25:52 +0300] "GET /ioxi-o.php HTTP/1.1" 404 7950 "-" "Mozilla/5.0 (Windows NT 10.0; Win64; x64) AppleWebKit/537.36 (KHTML, like Gecko) Chrome/120.0.0.0 Safari/537.36"
20.28.217.101 - - [08/Feb/2026:06:25:52 +0300] "GET /wp-content/uploads/ HTTP/1.1" 404 7931 "-" "Mozilla/5.0 (Windows NT 10.0; Win64; x64) AppleWebKit/537.36 (KHTML, like Gecko) Chrome/120.0.0.0 Safari/537.36"
20.28.217.101 - - [08/Feb/2026:06:25:53 +0300] "GET /test.php HTTP/1.1" 404 7939 "-" "Mozilla/5.0 (Windows NT 10.0; Win64; x64) AppleWebKit/537.36 (KHTML, like Gecko) Chrome/120.0.0.0 Safari/537.36"
20.28.217.101 - - [08/Feb/2026:06:25:53 +0300] "GET /wp-admin/network/ HTTP/1.1" 404 7931 "-" "Mozilla/5.0 (Windows NT 10.0; Win64; x64) AppleWebKit/537.36 (KHTML, like Gecko) Chrome/120.0.0.0 Safari/537.36"
20.28.217.101 - - [08/Feb/2026:06:25:53 +0300] "GET /wp-content/admin.php HTTP/1.1" 404 7923 "-" "Mozilla/5.0 (Windows NT 10.0; Win64; x64) AppleWebKit/537.36 (KHTML, like Gecko) Chrome/120.0.0.0 Safari/537.36"
20.28.217.101 - - [08/Feb/2026:06:25:54 +0300] "GET /classwithtostring.php HTTP/1.1" 404 7804 "-" "Mozilla/5.0 (Windows NT 10.0; Win64; x64) AppleWebKit/537.36 (KHTML, like Gecko) Chrome/120.0.0.0 Safari/537.36"
20.28.217.101 - - [08/Feb/2026:06:25:55 +0300] "GET /wp-admin/ HTTP/1.1" 404 7856 "-" "Mozilla/5.0 (Windows NT 10.0; Win64; x64) AppleWebKit/537.36 (KHTML, like Gecko) Chrome/120.0.0.0 Safari/537.36"
20.28.217.101 - - [08/Feb/2026:06:25:55 +0300] "GET /wp-admin/css/colors/ocean/ HTTP/1.1" 404 7831 "-" "Mozilla/5.0 (Windows NT 10.0; Win64; x64) AppleWebKit/537.36 (KHTML, like Gecko) Chrome/120.0.0.0 Safari/537.36"
20.28.217.101 - - [08/Feb/2026:06:25:55 +0300] "GET /2.php HTTP/1.1" 404 7944 "-" "Mozilla/5.0 (Windows NT 10.0; Win64; x64) AppleWebKit/537.36 (KHTML, like Gecko) Chrome/120.0.0.0 Safari/537.36"
20.28.217.101 - - [08/Feb/2026:06:25:56 +0300] "GET /functions.php HTTP/1.1" 404 7952 "-" "Mozilla/5.0 (Windows NT 10.0; Win64; x64) AppleWebKit/537.36 (KHTML, like Gecko) Chrome/120.0.0.0 Safari/537.36"
20.28.217.101 - - [08/Feb/2026:06:25:56 +0300] "GET /index/function.php HTTP/1.1" 404 7950 "-" "Mozilla/5.0 (Windows NT 10.0; Win64; x64) AppleWebKit/537.36 (KHTML, like Gecko) Chrome/120.0.0.0 Safari/537.36"
20.28.217.101 - - [08/Feb/2026:06:25:57 +0300] "GET /wp-admin/js/ HTTP/1.1" 404 7924 "-" "Mozilla/5.0 (Windows NT 10.0; Win64; x64) AppleWebKit/537.36 (KHTML, like Gecko) Chrome/120.0.0.0 Safari/537.36"
20.28.217.101 - - [08/Feb/2026:06:25:57 +0300] "GET /.well-known/gecko-litespeed.php HTTP/1.1" 404 7872 "-" "Mozilla/5.0 (Windows NT 10.0; Win64; x64) AppleWebKit/537.36 (KHTML, like Gecko) Chrome/120.0.0.0 Safari/537.36"
20.28.217.101 - - [08/Feb/2026:06:25:58 +0300] "GET /aaa.php HTTP/1.1" 404 7925 "-" "Mozilla/5.0 (Windows NT 10.0; Win64; x64) AppleWebKit/537.36 (KHTML, like Gecko) Chrome/120.0.0.0 Safari/537.36"
20.28.217.101 - - [08/Feb/2026:06:25:58 +0300] "GET /inputs.php HTTP/1.1" 404 7958 "-" "Mozilla/5.0 (Windows NT 10.0; Win64; x64) AppleWebKit/537.36 (KHTML, like Gecko) Chrome/120.0.0.0 Safari/537.36"
20.28.217.101 - - [08/Feb/2026:06:25:58 +0300] "GET /log.php HTTP/1.1" 404 7925 "-" "Mozilla/5.0 (Windows NT 10.0; Win64; x64) AppleWebKit/537.36 (KHTML, like Gecko) Chrome/120.0.0.0 Safari/537.36"
20.28.217.101 - - [08/Feb/2026:06:25:59 +0300] "GET /man.php HTTP/1.1" 404 7924 "-" "Mozilla/5.0 (Windows NT 10.0; Win64; x64) AppleWebKit/537.36 (KHTML, like Gecko) Chrome/120.0.0.0 Safari/537.36"
45.32.132.233 - - [08/Feb/2026:06:25:59 +0300] "HEAD / HTTP/2" 200 0 "-" "Mozilla/5.0 (compatible; monitoring360bot/1.1; +https://app.360monitoring.com/bot.html)"
20.28.217.101 - - [08/Feb/2026:06:26:00 +0300] "GET /1.php HTTP/1.1" 404 7799 "-" "Mozilla/5.0 (Windows NT 10.0; Win64; x64) AppleWebKit/537.36 (KHTML, like Gecko) Chrome/120.0.0.0 Safari/537.36"
20.28.217.101 - - [08/Feb/2026:06:26:00 +0300] "GET /aa.php HTTP/1.1" 404 7811 "-" "Mozilla/5.0 (Windows NT 10.0; Win64; x64) AppleWebKit/537.36 (KHTML, like Gecko) Chrome/120.0.0.0 Safari/537.36"
20.28.217.101 - - [08/Feb/2026:06:26:00 +0300] "GET /dropdown.php HTTP/1.1" 404 7918 "-" "Mozilla/5.0 (Windows NT 10.0; Win64; x64) AppleWebKit/537.36 (KHTML, like Gecko) Chrome/120.0.0.0 Safari/537.36"
20.28.217.101 - - [08/Feb/2026:06:26:00 +0300] "GET /rtx.php HTTP/1.1" 404 7942 "-" "Mozilla/5.0 (Windows NT 10.0; Win64; x64) AppleWebKit/537.36 (KHTML, like Gecko) Chrome/120.0.0.0 Safari/537.36"
20.28.217.101 - - [08/Feb/2026:06:26:01 +0300] "GET /wp-content/upgrade/ HTTP/1.1" 404 7933 "-" "Mozilla/5.0 (Windows NT 10.0; Win64; x64) AppleWebKit/537.36 (KHTML, like Gecko) Chrome/120.0.0.0 Safari/537.36"
