95.173.231.225 - - [07/Feb/2026:23:04:57 +0300] "GET /public/images/favicon.ico HTTP/1.1" 404 796 "https://ankaservis.com/?gad_source=5&gad_campaignid=23322529905&gclid=Cj0KCQiA4pvMBhDYARIsAGfgwvxvRx-a7CDEQ1iSdRQwK0InMWEkZApXDB1hWs1T5zfBXohSFMbjGtIaAlrcEALw_wcB" "Mozilla/5.0 (Linux; Android 10; K) AppleWebKit/537.36 (KHTML, like Gecko) Chrome/144.0.0.0 Mobile Safari/537.36"
95.173.231.225 - - [07/Feb/2026:23:05:06 +0300] "GET /?gad_source=5&gad_campaignid=23322529905&gclid=Cj0KCQiA4pvMBhDYARIsAGfgwvxvRx-a7CDEQ1iSdRQwK0InMWEkZApXDB1hWs1T5zfBXohSFMbjGtIaAlrcEALw_wcB HTTP/1.1" 200 15772 "https://googleads.g.doubleclick.net/" "Mozilla/5.0 (Linux; Android 10; K) AppleWebKit/537.36 (KHTML, like Gecko) Chrome/144.0.0.0 Mobile Safari/537.36"
45.32.132.233 - - [07/Feb/2026:23:05:39 +0300] "HEAD / HTTP/2" 200 0 "-" "Mozilla/5.0 (compatible; monitoring360bot/1.1; +https://app.360monitoring.com/bot.html)"
45.32.132.233 - - [07/Feb/2026:23:07:40 +0300] "HEAD / HTTP/2" 200 0 "-" "Mozilla/5.0 (compatible; monitoring360bot/1.1; +https://app.360monitoring.com/bot.html)"
45.32.132.233 - - [07/Feb/2026:23:09:41 +0300] "HEAD / HTTP/2" 200 0 "-" "Mozilla/5.0 (compatible; monitoring360bot/1.1; +https://app.360monitoring.com/bot.html)"
192.0.102.222 - - [07/Feb/2026:23:09:54 +0300] "HEAD / HTTP/1.1" 200 0 "-" "jetmon/1.0 (Jetpack Site Uptime Monitor by WordPress.com)"
192.0.102.222 - - [07/Feb/2026:22:59:53 +0300] "HEAD / HTTP/1.1" 200 0 "-" "jetmon/1.0 (Jetpack Site Uptime Monitor by WordPress.com)"
45.32.132.233 - - [07/Feb/2026:23:04:39 +0300] "HEAD / HTTP/2" 200 0 "-" "Mozilla/5.0 (compatible; monitoring360bot/1.1; +https://app.360monitoring.com/bot.html)"
45.32.132.233 - - [07/Feb/2026:23:06:40 +0300] "HEAD / HTTP/2" 200 0 "-" "Mozilla/5.0 (compatible; monitoring360bot/1.1; +https://app.360monitoring.com/bot.html)"
45.32.132.233 - - [07/Feb/2026:23:08:41 +0300] "HEAD / HTTP/2" 200 0 "-" "Mozilla/5.0 (compatible; monitoring360bot/1.1; +https://app.360monitoring.com/bot.html)"
45.32.132.233 - - [07/Feb/2026:23:10:42 +0300] "HEAD / HTTP/2" 200 0 "-" "Mozilla/5.0 (compatible; monitoring360bot/1.1; +https://app.360monitoring.com/bot.html)"
45.32.132.233 - - [07/Feb/2026:23:11:42 +0300] "HEAD / HTTP/2" 200 0 "-" "Mozilla/5.0 (compatible; monitoring360bot/1.1; +https://app.360monitoring.com/bot.html)"
167.86.83.231 - - [07/Feb/2026:23:12:58 +0300] "GET /wp-admin/css/ HTTP/1.1" 404 9202 "binance.com" "Mozilla/5.0 (Windows NT 10.0; Win64; x64) AppleWebKit/537.36 (KHTML, like Gecko) Chrome/90.0.4430.85 Safari/537.36"
20.215.184.141 - - [07/Feb/2026:23:13:05 +0300] "GET /wp-content/plugins/hellopress/wp_filemanager.php HTTP/1.1" 404 45031 "-" "-"
20.215.184.141 - - [07/Feb/2026:23:13:05 +0300] "GET /grsiuk.php HTTP/1.1" 404 44955 "-" "-"
20.215.184.141 - - [07/Feb/2026:23:13:05 +0300] "GET /fs.php HTTP/1.1" 404 44947 "-" "-"
20.215.184.141 - - [07/Feb/2026:23:13:05 +0300] "GET /;k.php HTTP/1.1" 404 44947 "-" "-"
45.32.132.233 - - [07/Feb/2026:23:12:43 +0300] "HEAD / HTTP/2" 200 0 "-" "Mozilla/5.0 (compatible; monitoring360bot/1.1; +https://app.360monitoring.com/bot.html)"
167.86.83.231 - - [07/Feb/2026:23:13:23 +0300] "GET /.well-known/ HTTP/1.1" 403 787 "binance.com" "Mozilla/5.0 (Windows NT 10.0; Win64; x64) AppleWebKit/537.36 (KHTML, like Gecko) Chrome/90.0.4430.85 Safari/537.36"
45.32.132.233 - - [07/Feb/2026:23:13:43 +0300] "HEAD / HTTP/2" 200 0 "-" "Mozilla/5.0 (compatible; monitoring360bot/1.1; +https://app.360monitoring.com/bot.html)"
45.32.132.233 - - [07/Feb/2026:23:14:44 +0300] "HEAD / HTTP/2" 200 0 "-" "Mozilla/5.0 (compatible; monitoring360bot/1.1; +https://app.360monitoring.com/bot.html)"
192.0.102.222 - - [07/Feb/2026:23:14:54 +0300] "HEAD / HTTP/1.1" 200 0 "-" "jetmon/1.0 (Jetpack Site Uptime Monitor by WordPress.com)"
45.32.132.233 - - [07/Feb/2026:23:15:44 +0300] "HEAD / HTTP/2" 200 0 "-" "Mozilla/5.0 (compatible; monitoring360bot/1.1; +https://app.360monitoring.com/bot.html)"
104.194.200.51 - - [07/Feb/2026:23:16:16 +0300] "GET /cozum-merkezi/camasir-makinesi/camasir-makinesi-neden-su-bosaltmaz HTTP/2" 200 9665 "-" "Mozilla/5.0 (Macintosh; Intel Mac OS X 10_15_7) AppleWebKit/537.36 (KHTML, like Gecko) Chrome/142.0.0.0 Safari/537.36"
45.32.132.233 - - [07/Feb/2026:23:16:45 +0300] "HEAD / HTTP/2" 200 0 "-" "Mozilla/5.0 (compatible; monitoring360bot/1.1; +https://app.360monitoring.com/bot.html)"
45.32.132.233 - - [07/Feb/2026:23:17:45 +0300] "HEAD / HTTP/2" 200 0 "-" "Mozilla/5.0 (compatible; monitoring360bot/1.1; +https://app.360monitoring.com/bot.html)"
45.32.132.233 - - [07/Feb/2026:23:19:46 +0300] "HEAD / HTTP/2" 200 0 "-" "Mozilla/5.0 (compatible; monitoring360bot/1.1; +https://app.360monitoring.com/bot.html)"
45.32.132.233 - - [07/Feb/2026:23:20:46 +0300] "HEAD / HTTP/2" 200 0 "-" "Mozilla/5.0 (compatible; monitoring360bot/1.1; +https://app.360monitoring.com/bot.html)"
45.32.132.233 - - [07/Feb/2026:23:22:47 +0300] "HEAD / HTTP/2" 200 0 "-" "Mozilla/5.0 (compatible; monitoring360bot/1.1; +https://app.360monitoring.com/bot.html)"
45.32.132.233 - - [07/Feb/2026:23:23:48 +0300] "HEAD / HTTP/2" 200 0 "-" "Mozilla/5.0 (compatible; monitoring360bot/1.1; +https://app.360monitoring.com/bot.html)"
192.0.102.222 - - [07/Feb/2026:23:24:54 +0300] "HEAD / HTTP/1.1" 200 0 "-" "jetmon/1.0 (Jetpack Site Uptime Monitor by WordPress.com)"
192.0.112.18 - - [07/Feb/2026:23:26:17 +0300] "GET /wp-content/uploads/2015/10/beyaz-esya-servisi-150x150.png HTTP/2" 404 45189 "-" "Photon/1.0"
62.248.106.228 - - [07/Feb/2026:23:27:13 +0300] "GET /?gad_source=5&gad_campaignid=23322529905&gclid=EAIaIQobChMIxuyK15vIkgMVT4dQBh0Vvw_OEAEYASAAEgIQ9fD_BwE HTTP/2" 200 15726 "https://googleads.g.doubleclick.net/" "Mozilla/5.0 (Linux; Android 13; M2101K7BG Build/TP1A.220624.014; wv) AppleWebKit/537.36 (KHTML, like Gecko) Version/4.0 Chrome/144.0.7559.132 Mobile Safari/537.36"
62.248.106.228 - - [07/Feb/2026:23:27:14 +0300] "GET /public/css/style.css HTTP/2" 200 3164 "https://ankaservis.com/?gad_source=5&gad_campaignid=23322529905&gclid=EAIaIQobChMIxuyK15vIkgMVT4dQBh0Vvw_OEAEYASAAEgIQ9fD_BwE" "Mozilla/5.0 (Linux; Android 13; M2101K7BG Build/TP1A.220624.014; wv) AppleWebKit/537.36 (KHTML, like Gecko) Version/4.0 Chrome/144.0.7559.132 Mobile Safari/537.36"
62.248.106.228 - - [07/Feb/2026:23:27:14 +0300] "GET /public/images/anka-logo.png HTTP/2" 200 10435 "https://ankaservis.com/?gad_source=5&gad_campaignid=23322529905&gclid=EAIaIQobChMIxuyK15vIkgMVT4dQBh0Vvw_OEAEYASAAEgIQ9fD_BwE" "Mozilla/5.0 (Linux; Android 13; M2101K7BG Build/TP1A.220624.014; wv) AppleWebKit/537.36 (KHTML, like Gecko) Version/4.0 Chrome/144.0.7559.132 Mobile Safari/537.36"
62.248.106.228 - - [07/Feb/2026:23:27:14 +0300] "GET /public/images/ekibimiz.webp HTTP/2" 200 220906 "https://ankaservis.com/?gad_source=5&gad_campaignid=23322529905&gclid=EAIaIQobChMIxuyK15vIkgMVT4dQBh0Vvw_OEAEYASAAEgIQ9fD_BwE" "Mozilla/5.0 (Linux; Android 13; M2101K7BG Build/TP1A.220624.014; wv) AppleWebKit/537.36 (KHTML, like Gecko) Version/4.0 Chrome/144.0.7559.132 Mobile Safari/537.36"
62.248.106.228 - - [07/Feb/2026:23:27:14 +0300] "GET /public/js/main.js HTTP/2" 200 1184 "https://ankaservis.com/?gad_source=5&gad_campaignid=23322529905&gclid=EAIaIQobChMIxuyK15vIkgMVT4dQBh0Vvw_OEAEYASAAEgIQ9fD_BwE" "Mozilla/5.0 (Linux; Android 13; M2101K7BG Build/TP1A.220624.014; wv) AppleWebKit/537.36 (KHTML, like Gecko) Version/4.0 Chrome/144.0.7559.132 Mobile Safari/537.36"
45.32.132.233 - - [07/Feb/2026:23:29:51 +0300] "HEAD / HTTP/2" 200 0 "-" "Mozilla/5.0 (compatible; monitoring360bot/1.1; +https://app.360monitoring.com/bot.html)"
192.0.102.222 - - [07/Feb/2026:23:29:53 +0300] "HEAD / HTTP/1.1" 200 0 "-" "jetmon/1.0 (Jetpack Site Uptime Monitor by WordPress.com)"
45.32.132.233 - - [07/Feb/2026:23:30:51 +0300] "HEAD / HTTP/2" 200 0 "-" "Mozilla/5.0 (compatible; monitoring360bot/1.1; +https://app.360monitoring.com/bot.html)"
84.37.134.240 - - [07/Feb/2026:23:15:58 +0300] "GET /cozum-merkezi/camasir-makinesi/camasir-makinesi-neden-su-bosaltmaz HTTP/2" 200 9674 "-" "Mozilla/5.0 (Macintosh; Intel Mac OS X 10_15_7) AppleWebKit/605.1.15 (KHTML, like Gecko) Version/18.0 Safari/605.1.15"
45.32.132.233 - - [07/Feb/2026:23:18:45 +0300] "HEAD / HTTP/2" 200 0 "-" "Mozilla/5.0 (compatible; monitoring360bot/1.1; +https://app.360monitoring.com/bot.html)"
192.0.102.222 - - [07/Feb/2026:23:19:54 +0300] "HEAD / HTTP/1.1" 200 0 "-" "jetmon/1.0 (Jetpack Site Uptime Monitor by WordPress.com)"
45.32.132.233 - - [07/Feb/2026:23:21:47 +0300] "HEAD / HTTP/2" 200 0 "-" "Mozilla/5.0 (compatible; monitoring360bot/1.1; +https://app.360monitoring.com/bot.html)"
45.32.132.233 - - [07/Feb/2026:23:24:48 +0300] "HEAD / HTTP/2" 200 0 "-" "Mozilla/5.0 (compatible; monitoring360bot/1.1; +https://app.360monitoring.com/bot.html)"
45.32.132.233 - - [07/Feb/2026:23:25:49 +0300] "HEAD / HTTP/2" 200 0 "-" "Mozilla/5.0 (compatible; monitoring360bot/1.1; +https://app.360monitoring.com/bot.html)"
45.32.132.233 - - [07/Feb/2026:23:26:49 +0300] "HEAD / HTTP/2" 200 0 "-" "Mozilla/5.0 (compatible; monitoring360bot/1.1; +https://app.360monitoring.com/bot.html)"
62.248.106.228 - - [07/Feb/2026:23:27:15 +0300] "GET /public/images/camasir-makinesi-tamiriyle-ilgili-calisma.webp HTTP/1.1" 200 160202 "https://ankaservis.com/?gad_source=5&gad_campaignid=23322529905&gclid=EAIaIQobChMIxuyK15vIkgMVT4dQBh0Vvw_OEAEYASAAEgIQ9fD_BwE" "Mozilla/5.0 (Linux; Android 13; M2101K7BG Build/TP1A.220624.014; wv) AppleWebKit/537.36 (KHTML, like Gecko) Version/4.0 Chrome/144.0.7559.132 Mobile Safari/537.36"
62.248.106.228 - - [07/Feb/2026:23:27:14 +0300] "GET /public/images/buzdolabi-tamirat-ve-gulumseme.webp HTTP/1.1" 200 212730 "https://ankaservis.com/?gad_source=5&gad_campaignid=23322529905&gclid=EAIaIQobChMIxuyK15vIkgMVT4dQBh0Vvw_OEAEYASAAEgIQ9fD_BwE" "Mozilla/5.0 (Linux; Android 13; M2101K7BG Build/TP1A.220624.014; wv) AppleWebKit/537.36 (KHTML, like Gecko) Version/4.0 Chrome/144.0.7559.132 Mobile Safari/537.36"
62.248.106.228 - - [07/Feb/2026:23:27:16 +0300] "GET /public/images/favicon.ico HTTP/1.1" 404 796 "https://ankaservis.com/?gad_source=5&gad_campaignid=23322529905&gclid=EAIaIQobChMIxuyK15vIkgMVT4dQBh0Vvw_OEAEYASAAEgIQ9fD_BwE" "Mozilla/5.0 (Linux; Android 13; M2101K7BG Build/TP1A.220624.014; wv) AppleWebKit/537.36 (KHTML, like Gecko) Version/4.0 Chrome/144.0.7559.132 Mobile Safari/537.36"
45.32.132.233 - - [07/Feb/2026:23:27:50 +0300] "HEAD / HTTP/2" 200 0 "-" "Mozilla/5.0 (compatible; monitoring360bot/1.1; +https://app.360monitoring.com/bot.html)"
45.32.132.233 - - [07/Feb/2026:23:28:50 +0300] "HEAD / HTTP/2" 200 0 "-" "Mozilla/5.0 (compatible; monitoring360bot/1.1; +https://app.360monitoring.com/bot.html)"
45.32.132.233 - - [07/Feb/2026:23:31:52 +0300] "HEAD / HTTP/2" 200 0 "-" "Mozilla/5.0 (compatible; monitoring360bot/1.1; +https://app.360monitoring.com/bot.html)"
5.229.173.143 - - [07/Feb/2026:23:31:57 +0300] "GET /?gad_source=5&gad_campaignid=23322529905&gclid=EAIaIQobChMIv6ii3pzIkgMVWQiiAx37by9tEAEYASAAEgIMrPD_BwE HTTP/2" 200 15724 "https://googleads.g.doubleclick.net/" "Mozilla/5.0 (Linux; Android 14; 24116RACCG Build/UP1A.231005.007) AppleWebKit/537.36 (KHTML, like Gecko) Version/4.0 Chrome/144.0.7559.59 Mobile Safari/537.36 GameBrowser/3.9.1.1"
5.229.173.143 - - [07/Feb/2026:23:31:58 +0300] "GET /?gad_source=5&gad_campaignid=23322529905&gclid=EAIaIQobChMIv6ii3pzIkgMVWQiiAx37by9tEAEYASAAEgIMrPD_BwE HTTP/2" 200 15724 "https://googleads.g.doubleclick.net/" "Mozilla/5.0 (Linux; Android 14; 24116RACCG Build/UP1A.231005.007) AppleWebKit/537.36 (KHTML, like Gecko) Version/4.0 Chrome/144.0.7559.59 Mobile Safari/537.36 GameBrowser/3.9.1.1"
5.229.173.143 - - [07/Feb/2026:23:31:58 +0300] "GET /public/css/style.css HTTP/2" 200 3164 "https://ankaservis.com/?gad_source=5&gad_campaignid=23322529905&gclid=EAIaIQobChMIv6ii3pzIkgMVWQiiAx37by9tEAEYASAAEgIMrPD_BwE" "Mozilla/5.0 (Linux; Android 14; 24116RACCG Build/UP1A.231005.007) AppleWebKit/537.36 (KHTML, like Gecko) Version/4.0 Chrome/144.0.7559.59 Mobile Safari/537.36 GameBrowser/3.9.1.1"
5.229.173.143 - - [07/Feb/2026:23:31:58 +0300] "GET /public/images/anka-logo.png HTTP/2" 200 10435 "https://ankaservis.com/?gad_source=5&gad_campaignid=23322529905&gclid=EAIaIQobChMIv6ii3pzIkgMVWQiiAx37by9tEAEYASAAEgIMrPD_BwE" "Mozilla/5.0 (Linux; Android 14; 24116RACCG Build/UP1A.231005.007) AppleWebKit/537.36 (KHTML, like Gecko) Version/4.0 Chrome/144.0.7559.59 Mobile Safari/537.36 GameBrowser/3.9.1.1"
5.229.173.143 - - [07/Feb/2026:23:31:58 +0300] "GET /public/images/ekibimiz.webp HTTP/2" 200 220906 "https://ankaservis.com/?gad_source=5&gad_campaignid=23322529905&gclid=EAIaIQobChMIv6ii3pzIkgMVWQiiAx37by9tEAEYASAAEgIMrPD_BwE" "Mozilla/5.0 (Linux; Android 14; 24116RACCG Build/UP1A.231005.007) AppleWebKit/537.36 (KHTML, like Gecko) Version/4.0 Chrome/144.0.7559.59 Mobile Safari/537.36 GameBrowser/3.9.1.1"
5.229.173.143 - - [07/Feb/2026:23:31:58 +0300] "GET /public/js/main.js HTTP/2" 200 1184 "https://ankaservis.com/?gad_source=5&gad_campaignid=23322529905&gclid=EAIaIQobChMIv6ii3pzIkgMVWQiiAx37by9tEAEYASAAEgIMrPD_BwE" "Mozilla/5.0 (Linux; Android 14; 24116RACCG Build/UP1A.231005.007) AppleWebKit/537.36 (KHTML, like Gecko) Version/4.0 Chrome/144.0.7559.59 Mobile Safari/537.36 GameBrowser/3.9.1.1"
5.229.173.143 - - [07/Feb/2026:23:31:59 +0300] "GET /public/images/buzdolabi-tamirat-ve-gulumseme.webp HTTP/2" 200 212730 "https://ankaservis.com/?gad_source=5&gad_campaignid=23322529905&gclid=EAIaIQobChMIv6ii3pzIkgMVWQiiAx37by9tEAEYASAAEgIMrPD_BwE" "Mozilla/5.0 (Linux; Android 14; 24116RACCG Build/UP1A.231005.007) AppleWebKit/537.36 (KHTML, like Gecko) Version/4.0 Chrome/144.0.7559.59 Mobile Safari/537.36 GameBrowser/3.9.1.1"
5.229.173.143 - - [07/Feb/2026:23:31:59 +0300] "GET /public/images/camasir-makinesi-tamiriyle-ilgili-calisma.webp HTTP/2" 200 160202 "https://ankaservis.com/?gad_source=5&gad_campaignid=23322529905&gclid=EAIaIQobChMIv6ii3pzIkgMVWQiiAx37by9tEAEYASAAEgIMrPD_BwE" "Mozilla/5.0 (Linux; Android 14; 24116RACCG Build/UP1A.231005.007) AppleWebKit/537.36 (KHTML, like Gecko) Version/4.0 Chrome/144.0.7559.59 Mobile Safari/537.36 GameBrowser/3.9.1.1"
5.229.173.143 - - [07/Feb/2026:23:32:01 +0300] "GET /public/images/favicon.ico HTTP/2" 404 796 "https://ankaservis.com/?gad_source=5&gad_campaignid=23322529905&gclid=EAIaIQobChMIv6ii3pzIkgMVWQiiAx37by9tEAEYASAAEgIMrPD_BwE" "Mozilla/5.0 (Linux; Android 14; 24116RACCG Build/UP1A.231005.007) AppleWebKit/537.36 (KHTML, like Gecko) Version/4.0 Chrome/144.0.7559.59 Mobile Safari/537.36 GameBrowser/3.9.1.1"
45.32.132.233 - - [07/Feb/2026:23:33:53 +0300] "HEAD / HTTP/2" 200 0 "-" "Mozilla/5.0 (compatible; monitoring360bot/1.1; +https://app.360monitoring.com/bot.html)"
45.32.132.233 - - [07/Feb/2026:23:34:53 +0300] "HEAD / HTTP/2" 200 0 "-" "Mozilla/5.0 (compatible; monitoring360bot/1.1; +https://app.360monitoring.com/bot.html)"
192.0.102.222 - - [07/Feb/2026:23:34:54 +0300] "HEAD / HTTP/1.1" 200 0 "-" "jetmon/1.0 (Jetpack Site Uptime Monitor by WordPress.com)"
45.32.132.233 - - [07/Feb/2026:23:36:54 +0300] "HEAD / HTTP/2" 200 0 "-" "Mozilla/5.0 (compatible; monitoring360bot/1.1; +https://app.360monitoring.com/bot.html)"
45.32.132.233 - - [07/Feb/2026:23:37:55 +0300] "HEAD / HTTP/2" 200 0 "-" "Mozilla/5.0 (compatible; monitoring360bot/1.1; +https://app.360monitoring.com/bot.html)"
45.32.132.233 - - [07/Feb/2026:23:38:55 +0300] "HEAD / HTTP/2" 200 0 "-" "Mozilla/5.0 (compatible; monitoring360bot/1.1; +https://app.360monitoring.com/bot.html)"
45.32.132.233 - - [07/Feb/2026:23:39:56 +0300] "HEAD / HTTP/2" 200 0 "-" "Mozilla/5.0 (compatible; monitoring360bot/1.1; +https://app.360monitoring.com/bot.html)"
46.154.8.195 - - [07/Feb/2026:23:40:10 +0300] "GET /?gad_source=5&gad_campaignid=23322529905&gclid=EAIaIQobChMI65CTw57IkgMV4JonAh0MjgUCEAEYASAAEgI1VfD_BwE HTTP/2" 200 15726 "https://googleads.g.doubleclick.net/" "Mozilla/5.0 (Linux; Android 14; 21081111RG Build/UP1A.231005.007) AppleWebKit/537.36 (KHTML, like Gecko) Version/4.0 Chrome/144.0.7559.109 Mobile Safari/537.36 GameBrowser/3.8.9.1"
46.154.8.195 - - [07/Feb/2026:23:40:10 +0300] "GET /public/css/style.css HTTP/2" 200 3164 "https://ankaservis.com/?gad_source=5&gad_campaignid=23322529905&gclid=EAIaIQobChMI65CTw57IkgMV4JonAh0MjgUCEAEYASAAEgI1VfD_BwE" "Mozilla/5.0 (Linux; Android 14; 21081111RG Build/UP1A.231005.007) AppleWebKit/537.36 (KHTML, like Gecko) Version/4.0 Chrome/144.0.7559.109 Mobile Safari/537.36 GameBrowser/3.8.9.1"
46.154.8.195 - - [07/Feb/2026:23:40:11 +0300] "GET /public/images/anka-logo.png HTTP/2" 200 10435 "https://ankaservis.com/?gad_source=5&gad_campaignid=23322529905&gclid=EAIaIQobChMI65CTw57IkgMV4JonAh0MjgUCEAEYASAAEgI1VfD_BwE" "Mozilla/5.0 (Linux; Android 14; 21081111RG Build/UP1A.231005.007) AppleWebKit/537.36 (KHTML, like Gecko) Version/4.0 Chrome/144.0.7559.109 Mobile Safari/537.36 GameBrowser/3.8.9.1"
46.154.8.195 - - [07/Feb/2026:23:40:11 +0300] "GET /public/images/ekibimiz.webp HTTP/2" 200 220906 "https://ankaservis.com/?gad_source=5&gad_campaignid=23322529905&gclid=EAIaIQobChMI65CTw57IkgMV4JonAh0MjgUCEAEYASAAEgI1VfD_BwE" "Mozilla/5.0 (Linux; Android 14; 21081111RG Build/UP1A.231005.007) AppleWebKit/537.36 (KHTML, like Gecko) Version/4.0 Chrome/144.0.7559.109 Mobile Safari/537.36 GameBrowser/3.8.9.1"
46.154.8.195 - - [07/Feb/2026:23:40:11 +0300] "GET /public/js/main.js HTTP/1.1" 200 1184 "https://ankaservis.com/?gad_source=5&gad_campaignid=23322529905&gclid=EAIaIQobChMI65CTw57IkgMV4JonAh0MjgUCEAEYASAAEgI1VfD_BwE" "Mozilla/5.0 (Linux; Android 14; 21081111RG Build/UP1A.231005.007) AppleWebKit/537.36 (KHTML, like Gecko) Version/4.0 Chrome/144.0.7559.109 Mobile Safari/537.36 GameBrowser/3.8.9.1"
46.154.8.195 - - [07/Feb/2026:23:40:12 +0300] "GET /public/images/camasir-makinesi-tamiriyle-ilgili-calisma.webp HTTP/1.1" 200 160202 "https://ankaservis.com/?gad_source=5&gad_campaignid=23322529905&gclid=EAIaIQobChMI65CTw57IkgMV4JonAh0MjgUCEAEYASAAEgI1VfD_BwE" "Mozilla/5.0 (Linux; Android 14; 21081111RG Build/UP1A.231005.007) AppleWebKit/537.36 (KHTML, like Gecko) Version/4.0 Chrome/144.0.7559.109 Mobile Safari/537.36 GameBrowser/3.8.9.1"
46.154.8.195 - - [07/Feb/2026:23:40:12 +0300] "GET /public/images/buzdolabi-tamirat-ve-gulumseme.webp HTTP/1.1" 200 212730 "https://ankaservis.com/?gad_source=5&gad_campaignid=23322529905&gclid=EAIaIQobChMI65CTw57IkgMV4JonAh0MjgUCEAEYASAAEgI1VfD_BwE" "Mozilla/5.0 (Linux; Android 14; 21081111RG Build/UP1A.231005.007) AppleWebKit/537.36 (KHTML, like Gecko) Version/4.0 Chrome/144.0.7559.109 Mobile Safari/537.36 GameBrowser/3.8.9.1"
45.32.132.233 - - [07/Feb/2026:23:32:52 +0300] "HEAD / HTTP/2" 200 0 "-" "Mozilla/5.0 (compatible; monitoring360bot/1.1; +https://app.360monitoring.com/bot.html)"
45.32.132.233 - - [07/Feb/2026:23:35:54 +0300] "HEAD / HTTP/2" 200 0 "-" "Mozilla/5.0 (compatible; monitoring360bot/1.1; +https://app.360monitoring.com/bot.html)"
192.0.102.222 - - [07/Feb/2026:23:39:54 +0300] "HEAD / HTTP/1.1" 200 0 "-" "jetmon/1.0 (Jetpack Site Uptime Monitor by WordPress.com)"
45.32.132.233 - - [07/Feb/2026:23:40:56 +0300] "HEAD / HTTP/2" 200 0 "-" "Mozilla/5.0 (compatible; monitoring360bot/1.1; +https://app.360monitoring.com/bot.html)"
45.32.132.233 - - [07/Feb/2026:23:41:57 +0300] "HEAD / HTTP/2" 200 0 "-" "Mozilla/5.0 (compatible; monitoring360bot/1.1; +https://app.360monitoring.com/bot.html)"
45.32.132.233 - - [07/Feb/2026:23:42:57 +0300] "HEAD / HTTP/2" 200 0 "-" "Mozilla/5.0 (compatible; monitoring360bot/1.1; +https://app.360monitoring.com/bot.html)"
45.32.132.233 - - [07/Feb/2026:23:43:58 +0300] "HEAD / HTTP/2" 200 0 "-" "Mozilla/5.0 (compatible; monitoring360bot/1.1; +https://app.360monitoring.com/bot.html)"
192.0.102.222 - - [07/Feb/2026:23:44:55 +0300] "HEAD / HTTP/1.1" 200 0 "-" "jetmon/1.0 (Jetpack Site Uptime Monitor by WordPress.com)"
45.32.132.233 - - [07/Feb/2026:23:44:58 +0300] "HEAD / HTTP/2" 200 0 "-" "Mozilla/5.0 (compatible; monitoring360bot/1.1; +https://app.360monitoring.com/bot.html)"
45.32.132.233 - - [07/Feb/2026:23:45:59 +0300] "HEAD / HTTP/2" 200 0 "-" "Mozilla/5.0 (compatible; monitoring360bot/1.1; +https://app.360monitoring.com/bot.html)"
45.32.132.233 - - [07/Feb/2026:23:48:00 +0300] "HEAD / HTTP/2" 200 0 "-" "Mozilla/5.0 (compatible; monitoring360bot/1.1; +https://app.360monitoring.com/bot.html)"
46.154.8.195 - - [07/Feb/2026:23:40:13 +0300] "GET /public/images/favicon.ico HTTP/1.1" 404 796 "https://ankaservis.com/?gad_source=5&gad_campaignid=23322529905&gclid=EAIaIQobChMI65CTw57IkgMV4JonAh0MjgUCEAEYASAAEgI1VfD_BwE" "Mozilla/5.0 (Linux; Android 14; 21081111RG Build/UP1A.231005.007) AppleWebKit/537.36 (KHTML, like Gecko) Version/4.0 Chrome/144.0.7559.109 Mobile Safari/537.36 GameBrowser/3.8.9.1"
45.32.132.233 - - [07/Feb/2026:23:46:59 +0300] "HEAD / HTTP/2" 200 0 "-" "Mozilla/5.0 (compatible; monitoring360bot/1.1; +https://app.360monitoring.com/bot.html)"
45.32.132.233 - - [07/Feb/2026:23:49:00 +0300] "HEAD / HTTP/2" 200 0 "-" "Mozilla/5.0 (compatible; monitoring360bot/1.1; +https://app.360monitoring.com/bot.html)"
192.0.102.222 - - [07/Feb/2026:23:49:54 +0300] "HEAD / HTTP/1.1" 200 0 "-" "jetmon/1.0 (Jetpack Site Uptime Monitor by WordPress.com)"
45.32.132.233 - - [07/Feb/2026:23:50:01 +0300] "HEAD / HTTP/2" 200 0 "-" "Mozilla/5.0 (compatible; monitoring360bot/1.1; +https://app.360monitoring.com/bot.html)"
45.32.132.233 - - [07/Feb/2026:23:53:02 +0300] "HEAD / HTTP/2" 200 0 "-" "Mozilla/5.0 (compatible; monitoring360bot/1.1; +https://app.360monitoring.com/bot.html)"
45.32.132.233 - - [07/Feb/2026:23:54:03 +0300] "HEAD / HTTP/2" 200 0 "-" "Mozilla/5.0 (compatible; monitoring360bot/1.1; +https://app.360monitoring.com/bot.html)"
192.0.102.222 - - [07/Feb/2026:23:54:54 +0300] "HEAD / HTTP/1.1" 200 0 "-" "jetmon/1.0 (Jetpack Site Uptime Monitor by WordPress.com)"
45.32.132.233 - - [07/Feb/2026:23:55:03 +0300] "HEAD / HTTP/2" 200 0 "-" "Mozilla/5.0 (compatible; monitoring360bot/1.1; +https://app.360monitoring.com/bot.html)"
45.32.132.233 - - [07/Feb/2026:23:59:05 +0300] "HEAD / HTTP/2" 200 0 "-" "Mozilla/5.0 (compatible; monitoring360bot/1.1; +https://app.360monitoring.com/bot.html)"
192.0.102.222 - - [07/Feb/2026:23:59:55 +0300] "HEAD / HTTP/1.1" 200 0 "-" "jetmon/1.0 (Jetpack Site Uptime Monitor by WordPress.com)"
45.32.132.233 - - [08/Feb/2026:00:00:06 +0300] "HEAD / HTTP/2" 200 0 "-" "Mozilla/5.0 (compatible; monitoring360bot/1.1; +https://app.360monitoring.com/bot.html)"
45.32.132.233 - - [08/Feb/2026:00:01:06 +0300] "HEAD / HTTP/2" 200 0 "-" "Mozilla/5.0 (compatible; monitoring360bot/1.1; +https://app.360monitoring.com/bot.html)"
45.32.132.233 - - [08/Feb/2026:00:02:07 +0300] "HEAD / HTTP/2" 200 0 "-" "Mozilla/5.0 (compatible; monitoring360bot/1.1; +https://app.360monitoring.com/bot.html)"
45.32.132.233 - - [08/Feb/2026:00:03:35 +0300] "HEAD / HTTP/2" 200 0 "-" "Mozilla/5.0 (compatible; monitoring360bot/1.1; +https://app.360monitoring.com/bot.html)"
45.32.132.233 - - [08/Feb/2026:00:04:35 +0300] "HEAD / HTTP/2" 200 0 "-" "Mozilla/5.0 (compatible; monitoring360bot/1.1; +https://app.360monitoring.com/bot.html)"
45.32.132.233 - - [07/Feb/2026:23:51:01 +0300] "HEAD / HTTP/2" 200 0 "-" "Mozilla/5.0 (compatible; monitoring360bot/1.1; +https://app.360monitoring.com/bot.html)"
45.32.132.233 - - [07/Feb/2026:23:52:02 +0300] "HEAD / HTTP/2" 200 0 "-" "Mozilla/5.0 (compatible; monitoring360bot/1.1; +https://app.360monitoring.com/bot.html)"
45.32.132.233 - - [07/Feb/2026:23:56:04 +0300] "HEAD / HTTP/2" 200 0 "-" "Mozilla/5.0 (compatible; monitoring360bot/1.1; +https://app.360monitoring.com/bot.html)"
45.32.132.233 - - [07/Feb/2026:23:57:04 +0300] "HEAD / HTTP/2" 200 0 "-" "Mozilla/5.0 (compatible; monitoring360bot/1.1; +https://app.360monitoring.com/bot.html)"
45.32.132.233 - - [07/Feb/2026:23:58:05 +0300] "HEAD / HTTP/2" 200 0 "-" "Mozilla/5.0 (compatible; monitoring360bot/1.1; +https://app.360monitoring.com/bot.html)"
192.0.102.222 - - [08/Feb/2026:00:04:54 +0300] "HEAD / HTTP/1.1" 200 0 "-" "jetmon/1.0 (Jetpack Site Uptime Monitor by WordPress.com)"
45.32.132.233 - - [08/Feb/2026:00:06:36 +0300] "HEAD / HTTP/2" 200 0 "-" "Mozilla/5.0 (compatible; monitoring360bot/1.1; +https://app.360monitoring.com/bot.html)"
45.32.132.233 - - [08/Feb/2026:00:07:37 +0300] "HEAD / HTTP/2" 200 0 "-" "Mozilla/5.0 (compatible; monitoring360bot/1.1; +https://app.360monitoring.com/bot.html)"
172.213.144.187 - - [08/Feb/2026:00:08:13 +0300] "GET /wp-content/plugins/hellopress/wp_filemanager.php HTTP/1.1" 404 45031 "-" "-"
172.213.144.187 - - [08/Feb/2026:00:08:13 +0300] "GET /x9.php HTTP/1.1" 404 44947 "-" "-"
172.213.144.187 - - [08/Feb/2026:00:08:13 +0300] "GET /grsiuk.php HTTP/1.1" 404 44955 "-" "-"
172.213.144.187 - - [08/Feb/2026:00:08:13 +0300] "GET /byel.php HTTP/1.1" 404 44951 "-" "-"
172.213.144.187 - - [08/Feb/2026:00:08:13 +0300] "GET /layou.php HTTP/1.1" 404 44953 "-" "-"
172.213.144.187 - - [08/Feb/2026:00:08:13 +0300] "GET /lgsts.php HTTP/1.1" 404 44953 "-" "-"
172.213.144.187 - - [08/Feb/2026:00:08:13 +0300] "GET /tourpa.php HTTP/1.1" 404 44955 "-" "-"
172.213.144.187 - - [08/Feb/2026:00:08:13 +0300] "GET /yvtuizub.php HTTP/1.1" 404 44959 "-" "-"
172.213.144.187 - - [08/Feb/2026:00:08:13 +0300] "GET /mln.php HTTP/1.1" 404 44949 "-" "-"
172.213.144.187 - - [08/Feb/2026:00:08:13 +0300] "GET /inege.php HTTP/1.1" 404 44953 "-" "-"
45.32.132.233 - - [08/Feb/2026:00:08:37 +0300] "HEAD / HTTP/2" 200 0 "-" "Mozilla/5.0 (compatible; monitoring360bot/1.1; +https://app.360monitoring.com/bot.html)"
45.32.132.233 - - [08/Feb/2026:00:09:38 +0300] "HEAD / HTTP/2" 200 0 "-" "Mozilla/5.0 (compatible; monitoring360bot/1.1; +https://app.360monitoring.com/bot.html)"
45.32.132.233 - - [08/Feb/2026:00:10:38 +0300] "HEAD / HTTP/2" 200 0 "-" "Mozilla/5.0 (compatible; monitoring360bot/1.1; +https://app.360monitoring.com/bot.html)"
45.32.132.233 - - [08/Feb/2026:00:11:39 +0300] "HEAD / HTTP/2" 200 0 "-" "Mozilla/5.0 (compatible; monitoring360bot/1.1; +https://app.360monitoring.com/bot.html)"
45.32.132.233 - - [08/Feb/2026:00:12:39 +0300] "HEAD / HTTP/2" 200 0 "-" "Mozilla/5.0 (compatible; monitoring360bot/1.1; +https://app.360monitoring.com/bot.html)"
45.32.132.233 - - [08/Feb/2026:00:13:40 +0300] "HEAD / HTTP/2" 200 0 "-" "Mozilla/5.0 (compatible; monitoring360bot/1.1; +https://app.360monitoring.com/bot.html)"
45.32.132.233 - - [08/Feb/2026:00:05:36 +0300] "HEAD / HTTP/2" 200 0 "-" "Mozilla/5.0 (compatible; monitoring360bot/1.1; +https://app.360monitoring.com/bot.html)"
192.0.102.222 - - [08/Feb/2026:00:09:56 +0300] "HEAD / HTTP/1.1" 200 0 "-" "jetmon/1.0 (Jetpack Site Uptime Monitor by WordPress.com)"
45.32.132.233 - - [08/Feb/2026:00:15:41 +0300] "HEAD / HTTP/2" 200 0 "-" "Mozilla/5.0 (compatible; monitoring360bot/1.1; +https://app.360monitoring.com/bot.html)"
45.32.132.233 - - [08/Feb/2026:00:17:42 +0300] "HEAD / HTTP/2" 200 0 "-" "Mozilla/5.0 (compatible; monitoring360bot/1.1; +https://app.360monitoring.com/bot.html)"
45.32.132.233 - - [08/Feb/2026:00:18:42 +0300] "HEAD / HTTP/2" 200 0 "-" "Mozilla/5.0 (compatible; monitoring360bot/1.1; +https://app.360monitoring.com/bot.html)"
176.216.187.170 - - [08/Feb/2026:00:18:58 +0300] "GET /public/images/camasir-makinesi-tamiriyle-ilgili-calisma.webp HTTP/1.1" 200 160202 "https://ankaservis.com/?gad_source=5&gad_campaignid=23322529905&gclid=EAIaIQobChMIpMG5nKfIkgMV2Ms7Ah0QwhjdEAEYASAAEgJNefD_BwE" "Mozilla/5.0 (Linux; Android 13; 23021RAAEG Build/TKQ1.221114.001) AppleWebKit/537.36 (KHTML, like Gecko) Version/4.0 Chrome/144.0.7559.109 Mobile Safari/537.36 GameBrowser/3.9.0.1"
176.216.187.170 - - [08/Feb/2026:00:18:58 +0300] "GET /public/images/buzdolabi-tamirat-ve-gulumseme.webp HTTP/1.1" 200 212730 "https://ankaservis.com/?gad_source=5&gad_campaignid=23322529905&gclid=EAIaIQobChMIpMG5nKfIkgMV2Ms7Ah0QwhjdEAEYASAAEgJNefD_BwE" "Mozilla/5.0 (Linux; Android 13; 23021RAAEG Build/TKQ1.221114.001) AppleWebKit/537.36 (KHTML, like Gecko) Version/4.0 Chrome/144.0.7559.109 Mobile Safari/537.36 GameBrowser/3.9.0.1"
176.216.187.170 - - [08/Feb/2026:00:19:00 +0300] "GET /public/images/favicon.ico HTTP/1.1" 404 796 "https://ankaservis.com/?gad_source=5&gad_campaignid=23322529905&gclid=EAIaIQobChMIpMG5nKfIkgMV2Ms7Ah0QwhjdEAEYASAAEgJNefD_BwE" "Mozilla/5.0 (Linux; Android 13; 23021RAAEG Build/TKQ1.221114.001) AppleWebKit/537.36 (KHTML, like Gecko) Version/4.0 Chrome/144.0.7559.109 Mobile Safari/537.36 GameBrowser/3.9.0.1"
176.216.187.170 - - [08/Feb/2026:00:19:01 +0300] "GET /public/images/bulasik-makinesi-tamirinde-usta.webp HTTP/1.1" 200 160858 "https://ankaservis.com/?gad_source=5&gad_campaignid=23322529905&gclid=EAIaIQobChMIpMG5nKfIkgMV2Ms7Ah0QwhjdEAEYASAAEgJNefD_BwE" "Mozilla/5.0 (Linux; Android 13; 23021RAAEG Build/TKQ1.221114.001) AppleWebKit/537.36 (KHTML, like Gecko) Version/4.0 Chrome/144.0.7559.109 Mobile Safari/537.36 GameBrowser/3.9.0.1"
176.216.187.170 - - [08/Feb/2026:00:19:02 +0300] "GET /public/images/mutfakta-profesyonel-servis-gorusmesi.webp HTTP/1.1" 200 202962 "https://ankaservis.com/?gad_source=5&gad_campaignid=23322529905&gclid=EAIaIQobChMIpMG5nKfIkgMV2Ms7Ah0QwhjdEAEYASAAEgJNefD_BwE" "Mozilla/5.0 (Linux; Android 13; 23021RAAEG Build/TKQ1.221114.001) AppleWebKit/537.36 (KHTML, like Gecko) Version/4.0 Chrome/144.0.7559.109 Mobile Safari/537.36 GameBrowser/3.9.0.1"
176.216.187.170 - - [08/Feb/2026:00:19:02 +0300] "GET /public/images/kombi-service.webp HTTP/1.1" 200 71034 "https://ankaservis.com/?gad_source=5&gad_campaignid=23322529905&gclid=EAIaIQobChMIpMG5nKfIkgMV2Ms7Ah0QwhjdEAEYASAAEgJNefD_BwE" "Mozilla/5.0 (Linux; Android 13; 23021RAAEG Build/TKQ1.221114.001) AppleWebKit/537.36 (KHTML, like Gecko) Version/4.0 Chrome/144.0.7559.109 Mobile Safari/537.36 GameBrowser/3.9.0.1"
176.216.187.170 - - [08/Feb/2026:00:19:05 +0300] "GET /public/images/tv-service.webp HTTP/1.1" 200 95662 "https://ankaservis.com/?gad_source=5&gad_campaignid=23322529905&gclid=EAIaIQobChMIpMG5nKfIkgMV2Ms7Ah0QwhjdEAEYASAAEgJNefD_BwE" "Mozilla/5.0 (Linux; Android 13; 23021RAAEG Build/TKQ1.221114.001) AppleWebKit/537.36 (KHTML, like Gecko) Version/4.0 Chrome/144.0.7559.109 Mobile Safari/537.36 GameBrowser/3.9.0.1"
45.32.132.233 - - [08/Feb/2026:00:20:43 +0300] "HEAD / HTTP/2" 200 0 "-" "Mozilla/5.0 (compatible; monitoring360bot/1.1; +https://app.360monitoring.com/bot.html)"
45.32.132.233 - - [08/Feb/2026:00:14:40 +0300] "HEAD / HTTP/2" 200 0 "-" "Mozilla/5.0 (compatible; monitoring360bot/1.1; +https://app.360monitoring.com/bot.html)"
192.0.102.222 - - [08/Feb/2026:00:14:55 +0300] "HEAD / HTTP/1.1" 200 0 "-" "jetmon/1.0 (Jetpack Site Uptime Monitor by WordPress.com)"
45.32.132.233 - - [08/Feb/2026:00:16:41 +0300] "HEAD / HTTP/2" 200 0 "-" "Mozilla/5.0 (compatible; monitoring360bot/1.1; +https://app.360monitoring.com/bot.html)"
176.216.187.170 - - [08/Feb/2026:00:18:56 +0300] "GET /?gad_source=5&gad_campaignid=23322529905&gclid=EAIaIQobChMIpMG5nKfIkgMV2Ms7Ah0QwhjdEAEYASAAEgJNefD_BwE HTTP/2" 200 15724 "https://googleads.g.doubleclick.net/" "Mozilla/5.0 (Linux; Android 13; 23021RAAEG Build/TKQ1.221114.001) AppleWebKit/537.36 (KHTML, like Gecko) Version/4.0 Chrome/144.0.7559.109 Mobile Safari/537.36 GameBrowser/3.9.0.1"
176.216.187.170 - - [08/Feb/2026:00:18:56 +0300] "GET /public/css/style.css HTTP/2" 200 3164 "https://ankaservis.com/?gad_source=5&gad_campaignid=23322529905&gclid=EAIaIQobChMIpMG5nKfIkgMV2Ms7Ah0QwhjdEAEYASAAEgJNefD_BwE" "Mozilla/5.0 (Linux; Android 13; 23021RAAEG Build/TKQ1.221114.001) AppleWebKit/537.36 (KHTML, like Gecko) Version/4.0 Chrome/144.0.7559.109 Mobile Safari/537.36 GameBrowser/3.9.0.1"
176.216.187.170 - - [08/Feb/2026:00:18:56 +0300] "GET /public/images/anka-logo.png HTTP/2" 200 10435 "https://ankaservis.com/?gad_source=5&gad_campaignid=23322529905&gclid=EAIaIQobChMIpMG5nKfIkgMV2Ms7Ah0QwhjdEAEYASAAEgJNefD_BwE" "Mozilla/5.0 (Linux; Android 13; 23021RAAEG Build/TKQ1.221114.001) AppleWebKit/537.36 (KHTML, like Gecko) Version/4.0 Chrome/144.0.7559.109 Mobile Safari/537.36 GameBrowser/3.9.0.1"
176.216.187.170 - - [08/Feb/2026:00:18:56 +0300] "GET /public/images/ekibimiz.webp HTTP/2" 200 220906 "https://ankaservis.com/?gad_source=5&gad_campaignid=23322529905&gclid=EAIaIQobChMIpMG5nKfIkgMV2Ms7Ah0QwhjdEAEYASAAEgJNefD_BwE" "Mozilla/5.0 (Linux; Android 13; 23021RAAEG Build/TKQ1.221114.001) AppleWebKit/537.36 (KHTML, like Gecko) Version/4.0 Chrome/144.0.7559.109 Mobile Safari/537.36 GameBrowser/3.9.0.1"
176.216.187.170 - - [08/Feb/2026:00:18:56 +0300] "GET /public/js/main.js HTTP/2" 200 1184 "https://ankaservis.com/?gad_source=5&gad_campaignid=23322529905&gclid=EAIaIQobChMIpMG5nKfIkgMV2Ms7Ah0QwhjdEAEYASAAEgJNefD_BwE" "Mozilla/5.0 (Linux; Android 13; 23021RAAEG Build/TKQ1.221114.001) AppleWebKit/537.36 (KHTML, like Gecko) Version/4.0 Chrome/144.0.7559.109 Mobile Safari/537.36 GameBrowser/3.9.0.1"
45.32.132.233 - - [08/Feb/2026:00:19:43 +0300] "HEAD / HTTP/2" 200 0 "-" "Mozilla/5.0 (compatible; monitoring360bot/1.1; +https://app.360monitoring.com/bot.html)"
192.0.102.222 - - [08/Feb/2026:00:19:55 +0300] "HEAD / HTTP/1.1" 200 0 "-" "jetmon/1.0 (Jetpack Site Uptime Monitor by WordPress.com)"
45.32.132.233 - - [08/Feb/2026:00:21:44 +0300] "HEAD / HTTP/2" 200 0 "-" "Mozilla/5.0 (compatible; monitoring360bot/1.1; +https://app.360monitoring.com/bot.html)"
45.32.132.233 - - [08/Feb/2026:00:22:44 +0300] "HEAD / HTTP/2" 200 0 "-" "Mozilla/5.0 (compatible; monitoring360bot/1.1; +https://app.360monitoring.com/bot.html)"
45.32.132.233 - - [08/Feb/2026:00:23:45 +0300] "HEAD / HTTP/2" 200 0 "-" "Mozilla/5.0 (compatible; monitoring360bot/1.1; +https://app.360monitoring.com/bot.html)"
45.32.132.233 - - [08/Feb/2026:00:24:45 +0300] "HEAD / HTTP/2" 200 0 "-" "Mozilla/5.0 (compatible; monitoring360bot/1.1; +https://app.360monitoring.com/bot.html)"
192.0.102.222 - - [08/Feb/2026:00:24:54 +0300] "HEAD / HTTP/1.1" 200 0 "-" "jetmon/1.0 (Jetpack Site Uptime Monitor by WordPress.com)"
45.32.132.233 - - [08/Feb/2026:00:25:46 +0300] "HEAD / HTTP/2" 200 0 "-" "Mozilla/5.0 (compatible; monitoring360bot/1.1; +https://app.360monitoring.com/bot.html)"
45.32.132.233 - - [08/Feb/2026:00:26:46 +0300] "HEAD / HTTP/2" 200 0 "-" "Mozilla/5.0 (compatible; monitoring360bot/1.1; +https://app.360monitoring.com/bot.html)"
45.32.132.233 - - [08/Feb/2026:00:27:47 +0300] "HEAD / HTTP/2" 200 0 "-" "Mozilla/5.0 (compatible; monitoring360bot/1.1; +https://app.360monitoring.com/bot.html)"
45.32.132.233 - - [08/Feb/2026:00:28:47 +0300] "HEAD / HTTP/2" 200 0 "-" "Mozilla/5.0 (compatible; monitoring360bot/1.1; +https://app.360monitoring.com/bot.html)"
45.32.132.233 - - [08/Feb/2026:00:29:48 +0300] "HEAD / HTTP/2" 200 0 "-" "Mozilla/5.0 (compatible; monitoring360bot/1.1; +https://app.360monitoring.com/bot.html)"
192.0.102.222 - - [08/Feb/2026:00:29:56 +0300] "HEAD / HTTP/1.1" 200 0 "-" "jetmon/1.0 (Jetpack Site Uptime Monitor by WordPress.com)"
45.32.132.233 - - [08/Feb/2026:00:34:50 +0300] "HEAD / HTTP/2" 200 0 "-" "Mozilla/5.0 (compatible; monitoring360bot/1.1; +https://app.360monitoring.com/bot.html)"
176.40.241.171 - - [08/Feb/2026:00:27:38 +0300] "GET /wp-content/uploads/2015/09/pattern-5.png HTTP/2" 404 7884 "https://www.ozenkombiservisi.com/" "Mozilla/5.0 (Linux; Android 10; K) AppleWebKit/537.36 (KHTML, like Gecko) Chrome/144.0.0.0 Mobile Safari/537.36"
176.40.241.171 - - [08/Feb/2026:00:27:38 +0300] "GET /wp-content/uploads/2015/09/pattern-5.png HTTP/2" 404 7884 "https://www.ozenkombiservisi.com/" "Mozilla/5.0 (Linux; Android 10; K) AppleWebKit/537.36 (KHTML, like Gecko) Chrome/144.0.0.0 Mobile Safari/537.36"
45.32.132.233 - - [08/Feb/2026:00:30:48 +0300] "HEAD / HTTP/2" 200 0 "-" "Mozilla/5.0 (compatible; monitoring360bot/1.1; +https://app.360monitoring.com/bot.html)"
45.32.132.233 - - [08/Feb/2026:00:31:49 +0300] "HEAD / HTTP/2" 200 0 "-" "Mozilla/5.0 (compatible; monitoring360bot/1.1; +https://app.360monitoring.com/bot.html)"
45.32.132.233 - - [08/Feb/2026:00:32:49 +0300] "HEAD / HTTP/2" 200 0 "-" "Mozilla/5.0 (compatible; monitoring360bot/1.1; +https://app.360monitoring.com/bot.html)"
45.32.132.233 - - [08/Feb/2026:00:33:50 +0300] "HEAD / HTTP/2" 200 0 "-" "Mozilla/5.0 (compatible; monitoring360bot/1.1; +https://app.360monitoring.com/bot.html)"
192.0.102.222 - - [08/Feb/2026:00:34:54 +0300] "HEAD / HTTP/1.1" 200 0 "-" "jetmon/1.0 (Jetpack Site Uptime Monitor by WordPress.com)"
45.32.132.233 - - [08/Feb/2026:00:35:51 +0300] "HEAD / HTTP/2" 200 0 "-" "Mozilla/5.0 (compatible; monitoring360bot/1.1; +https://app.360monitoring.com/bot.html)"
45.32.132.233 - - [08/Feb/2026:00:36:51 +0300] "HEAD / HTTP/2" 200 0 "-" "Mozilla/5.0 (compatible; monitoring360bot/1.1; +https://app.360monitoring.com/bot.html)"
45.32.132.233 - - [08/Feb/2026:00:37:52 +0300] "HEAD / HTTP/2" 200 0 "-" "Mozilla/5.0 (compatible; monitoring360bot/1.1; +https://app.360monitoring.com/bot.html)"
45.32.132.233 - - [08/Feb/2026:00:38:52 +0300] "HEAD / HTTP/2" 200 0 "-" "Mozilla/5.0 (compatible; monitoring360bot/1.1; +https://app.360monitoring.com/bot.html)"
45.32.132.233 - - [08/Feb/2026:00:42:54 +0300] "HEAD / HTTP/2" 200 0 "-" "Mozilla/5.0 (compatible; monitoring360bot/1.1; +https://app.360monitoring.com/bot.html)"
192.0.102.222 - - [08/Feb/2026:00:44:54 +0300] "HEAD / HTTP/1.1" 200 0 "-" "jetmon/1.0 (Jetpack Site Uptime Monitor by WordPress.com)"
45.32.132.233 - - [08/Feb/2026:00:44:55 +0300] "HEAD / HTTP/2" 200 0 "-" "Mozilla/5.0 (compatible; monitoring360bot/1.1; +https://app.360monitoring.com/bot.html)"
20.78.169.245 - - [08/Feb/2026:00:46:36 +0300] "GET /rip.php HTTP/1.1" 404 7933 "-" "Mozilla/5.0 (Windows NT 10.0; Win64; x64) AppleWebKit/537.36 (KHTML, like Gecko) Chrome/120.0.0.0 Safari/537.36"
20.78.169.245 - - [08/Feb/2026:00:46:36 +0300] "GET /ms-edit.php HTTP/1.1" 404 7916 "-" "Mozilla/5.0 (Windows NT 10.0; Win64; x64) AppleWebKit/537.36 (KHTML, like Gecko) Chrome/120.0.0.0 Safari/537.36"
20.78.169.245 - - [08/Feb/2026:00:46:36 +0300] "GET /about.php HTTP/1.1" 404 7912 "-" "Mozilla/5.0 (Windows NT 10.0; Win64; x64) AppleWebKit/537.36 (KHTML, like Gecko) Chrome/120.0.0.0 Safari/537.36"
20.78.169.245 - - [08/Feb/2026:00:46:37 +0300] "GET /wp-content/plugins/hello-dolly/ HTTP/1.1" 404 7930 "-" "Mozilla/5.0 (Windows NT 10.0; Win64; x64) AppleWebKit/537.36 (KHTML, like Gecko) Chrome/120.0.0.0 Safari/537.36"
20.78.169.245 - - [08/Feb/2026:00:46:37 +0300] "GET /wp-content/themes/admin.php HTTP/1.1" 404 7918 "-" "Mozilla/5.0 (Windows NT 10.0; Win64; x64) AppleWebKit/537.36 (KHTML, like Gecko) Chrome/120.0.0.0 Safari/537.36"
20.78.169.245 - - [08/Feb/2026:00:46:37 +0300] "GET /admin.php HTTP/1.1" 404 7925 "-" "Mozilla/5.0 (Windows NT 10.0; Win64; x64) AppleWebKit/537.36 (KHTML, like Gecko) Chrome/120.0.0.0 Safari/537.36"
20.78.169.245 - - [08/Feb/2026:00:46:37 +0300] "GET /ioxi-o.php HTTP/1.1" 404 7900 "-" "Mozilla/5.0 (Windows NT 10.0; Win64; x64) AppleWebKit/537.36 (KHTML, like Gecko) Chrome/120.0.0.0 Safari/537.36"
20.78.169.245 - - [08/Feb/2026:00:46:38 +0300] "GET /index/function.php HTTP/1.1" 404 7915 "-" "Mozilla/5.0 (Windows NT 10.0; Win64; x64) AppleWebKit/537.36 (KHTML, like Gecko) Chrome/120.0.0.0 Safari/537.36"
20.78.169.245 - - [08/Feb/2026:00:46:38 +0300] "GET /adminfuns.php HTTP/1.1" 404 7916 "-" "Mozilla/5.0 (Windows NT 10.0; Win64; x64) AppleWebKit/537.36 (KHTML, like Gecko) Chrome/120.0.0.0 Safari/537.36"
20.78.169.245 - - [08/Feb/2026:00:46:38 +0300] "GET /wp-content/cache/ HTTP/1.1" 404 7919 "-" "Mozilla/5.0 (Windows NT 10.0; Win64; x64) AppleWebKit/537.36 (KHTML, like Gecko) Chrome/120.0.0.0 Safari/537.36"
20.78.169.245 - - [08/Feb/2026:00:46:38 +0300] "GET /wp-includes/js/thickbox/ HTTP/1.1" 404 7916 "-" "Mozilla/5.0 (Windows NT 10.0; Win64; x64) AppleWebKit/537.36 (KHTML, like Gecko) Chrome/120.0.0.0 Safari/537.36"
20.78.169.245 - - [08/Feb/2026:00:46:38 +0300] "GET /goods.php HTTP/1.1" 404 7924 "-" "Mozilla/5.0 (Windows NT 10.0; Win64; x64) AppleWebKit/537.36 (KHTML, like Gecko) Chrome/120.0.0.0 Safari/537.36"
20.78.169.245 - - [08/Feb/2026:00:46:39 +0300] "GET /sf.php HTTP/1.1" 404 7893 "-" "Mozilla/5.0 (Windows NT 10.0; Win64; x64) AppleWebKit/537.36 (KHTML, like Gecko) Chrome/120.0.0.0 Safari/537.36"
20.78.169.245 - - [08/Feb/2026:00:46:39 +0300] "GET /wp-admin/ HTTP/1.1" 404 7912 "-" "Mozilla/5.0 (Windows NT 10.0; Win64; x64) AppleWebKit/537.36 (KHTML, like Gecko) Chrome/120.0.0.0 Safari/537.36"
20.78.169.245 - - [08/Feb/2026:00:46:39 +0300] "GET /wp-admin/images/ HTTP/1.1" 404 7915 "-" "Mozilla/5.0 (Windows NT 10.0; Win64; x64) AppleWebKit/537.36 (KHTML, like Gecko) Chrome/120.0.0.0 Safari/537.36"
20.78.169.245 - - [08/Feb/2026:00:46:39 +0300] "GET /wp-content/admin.php HTTP/1.1" 404 7788 "-" "Mozilla/5.0 (Windows NT 10.0; Win64; x64) AppleWebKit/537.36 (KHTML, like Gecko) Chrome/120.0.0.0 Safari/537.36"
20.78.169.245 - - [08/Feb/2026:00:46:40 +0300] "GET /wp-content/uploads/admin.php HTTP/1.1" 404 7841 "-" "Mozilla/5.0 (Windows NT 10.0; Win64; x64) AppleWebKit/537.36 (KHTML, like Gecko) Chrome/120.0.0.0 Safari/537.36"
20.78.169.245 - - [08/Feb/2026:00:46:40 +0300] "GET /wp-includes/ HTTP/1.1" 404 7909 "-" "Mozilla/5.0 (Windows NT 10.0; Win64; x64) AppleWebKit/537.36 (KHTML, like Gecko) Chrome/120.0.0.0 Safari/537.36"
20.78.169.245 - - [08/Feb/2026:00:46:40 +0300] "GET /wp-includes/css/ HTTP/1.1" 404 7917 "-" "Mozilla/5.0 (Windows NT 10.0; Win64; x64) AppleWebKit/537.36 (KHTML, like Gecko) Chrome/120.0.0.0 Safari/537.36"
20.78.169.245 - - [08/Feb/2026:00:46:40 +0300] "GET /wp-includes/js/plupload/ HTTP/1.1" 404 7917 "-" "Mozilla/5.0 (Windows NT 10.0; Win64; x64) AppleWebKit/537.36 (KHTML, like Gecko) Chrome/120.0.0.0 Safari/537.36"
20.78.169.245 - - [08/Feb/2026:00:46:41 +0300] "GET /.well-known/ HTTP/1.1" 403 787 "-" "Mozilla/5.0 (Windows NT 10.0; Win64; x64) AppleWebKit/537.36 (KHTML, like Gecko) Chrome/120.0.0.0 Safari/537.36"
20.78.169.245 - - [08/Feb/2026:00:46:41 +0300] "GET /222.php HTTP/1.1" 404 7904 "-" "Mozilla/5.0 (Windows NT 10.0; Win64; x64) AppleWebKit/537.36 (KHTML, like Gecko) Chrome/120.0.0.0 Safari/537.36"
20.78.169.245 - - [08/Feb/2026:00:46:41 +0300] "GET /abcd.php HTTP/1.1" 404 7905 "-" "Mozilla/5.0 (Windows NT 10.0; Win64; x64) AppleWebKit/537.36 (KHTML, like Gecko) Chrome/120.0.0.0 Safari/537.36"
20.78.169.245 - - [08/Feb/2026:00:46:41 +0300] "GET /class-t.api.php HTTP/1.1" 404 7925 "-" "Mozilla/5.0 (Windows NT 10.0; Win64; x64) AppleWebKit/537.36 (KHTML, like Gecko) Chrome/120.0.0.0 Safari/537.36"
20.78.169.245 - - [08/Feb/2026:00:46:41 +0300] "GET /classwithtostring.php HTTP/1.1" 404 7903 "-" "Mozilla/5.0 (Windows NT 10.0; Win64; x64) AppleWebKit/537.36 (KHTML, like Gecko) Chrome/120.0.0.0 Safari/537.36"
20.78.169.245 - - [08/Feb/2026:00:46:42 +0300] "GET /file.php HTTP/1.1" 404 7905 "-" "Mozilla/5.0 (Windows NT 10.0; Win64; x64) AppleWebKit/537.36 (KHTML, like Gecko) Chrome/120.0.0.0 Safari/537.36"
20.78.169.245 - - [08/Feb/2026:00:46:42 +0300] "GET /info.php HTTP/1.1" 404 7905 "-" "Mozilla/5.0 (Windows NT 10.0; Win64; x64) AppleWebKit/537.36 (KHTML, like Gecko) Chrome/120.0.0.0 Safari/537.36"
20.78.169.245 - - [08/Feb/2026:00:46:42 +0300] "GET /wp-admin/css/colors/coffee/ HTTP/1.1" 404 7921 "-" "Mozilla/5.0 (Windows NT 10.0; Win64; x64) AppleWebKit/537.36 (KHTML, like Gecko) Chrome/120.0.0.0 Safari/537.36"
20.78.169.245 - - [08/Feb/2026:00:46:42 +0300] "GET /wp-admin/js/widgets/ HTTP/1.1" 404 7910 "-" "Mozilla/5.0 (Windows NT 10.0; Win64; x64) AppleWebKit/537.36 (KHTML, like Gecko) Chrome/120.0.0.0 Safari/537.36"
20.78.169.245 - - [08/Feb/2026:00:46:43 +0300] "GET /wp-content/languages/ HTTP/1.1" 404 7893 "-" "Mozilla/5.0 (Windows NT 10.0; Win64; x64) AppleWebKit/537.36 (KHTML, like Gecko) Chrome/120.0.0.0 Safari/537.36"
20.78.169.245 - - [08/Feb/2026:00:46:43 +0300] "GET /wp-content/languages/plugins/ HTTP/1.1" 404 7921 "-" "Mozilla/5.0 (Windows NT 10.0; Win64; x64) AppleWebKit/537.36 (KHTML, like Gecko) Chrome/120.0.0.0 Safari/537.36"
20.78.169.245 - - [08/Feb/2026:00:46:43 +0300] "GET /wp-content/themes/twentytwentyfour/ HTTP/1.1" 404 7856 "-" "Mozilla/5.0 (Windows NT 10.0; Win64; x64) AppleWebKit/537.36 (KHTML, like Gecko) Chrome/120.0.0.0 Safari/537.36"
20.78.169.245 - - [08/Feb/2026:00:46:43 +0300] "GET /wp-content/upgrade/ HTTP/1.1" 404 7915 "-" "Mozilla/5.0 (Windows NT 10.0; Win64; x64) AppleWebKit/537.36 (KHTML, like Gecko) Chrome/120.0.0.0 Safari/537.36"
20.78.169.245 - - [08/Feb/2026:00:46:43 +0300] "GET /wp-content/uploads/ HTTP/1.1" 404 7915 "-" "Mozilla/5.0 (Windows NT 10.0; Win64; x64) AppleWebKit/537.36 (KHTML, like Gecko) Chrome/120.0.0.0 Safari/537.36"
20.78.169.245 - - [08/Feb/2026:00:46:44 +0300] "GET /wp-good.php HTTP/1.1" 404 7916 "-" "Mozilla/5.0 (Windows NT 10.0; Win64; x64) AppleWebKit/537.36 (KHTML, like Gecko) Chrome/120.0.0.0 Safari/537.36"
20.78.169.245 - - [08/Feb/2026:00:46:44 +0300] "GET /wp-includes/js/jquery/ HTTP/1.1" 404 7890 "-" "Mozilla/5.0 (Windows NT 10.0; Win64; x64) AppleWebKit/537.36 (KHTML, like Gecko) Chrome/120.0.0.0 Safari/537.36"
20.78.169.245 - - [08/Feb/2026:00:46:44 +0300] "GET /wp-includes/js/jquery/ui/ HTTP/1.1" 404 7926 "-" "Mozilla/5.0 (Windows NT 10.0; Win64; x64) AppleWebKit/537.36 (KHTML, like Gecko) Chrome/120.0.0.0 Safari/537.36"
20.78.169.245 - - [08/Feb/2026:00:46:44 +0300] "GET /wp-includes/js/tinymce/themes/ HTTP/1.1" 404 7847 "-" "Mozilla/5.0 (Windows NT 10.0; Win64; x64) AppleWebKit/537.36 (KHTML, like Gecko) Chrome/120.0.0.0 Safari/537.36"
20.78.169.245 - - [08/Feb/2026:00:46:45 +0300] "GET /wp-includes/rest-api/ HTTP/1.1" 404 7895 "-" "Mozilla/5.0 (Windows NT 10.0; Win64; x64) AppleWebKit/537.36 (KHTML, like Gecko) Chrome/120.0.0.0 Safari/537.36"
20.78.169.245 - - [08/Feb/2026:00:46:45 +0300] "GET /wp-includes/ID3/index.php HTTP/1.1" 404 7930 "-" "Mozilla/5.0 (Windows NT 10.0; Win64; x64) AppleWebKit/537.36 (KHTML, like Gecko) Chrome/120.0.0.0 Safari/537.36"
20.78.169.245 - - [08/Feb/2026:00:46:45 +0300] "GET /wp-includes/fonts/ HTTP/1.1" 404 7914 "-" "Mozilla/5.0 (Windows NT 10.0; Win64; x64) AppleWebKit/537.36 (KHTML, like Gecko) Chrome/120.0.0.0 Safari/537.36"
20.78.169.245 - - [08/Feb/2026:00:46:45 +0300] "GET /wordpress/wp-admin/maint/ HTTP/1.1" 404 7921 "-" "Mozilla/5.0 (Windows NT 10.0; Win64; x64) AppleWebKit/537.36 (KHTML, like Gecko) Chrome/120.0.0.0 Safari/537.36"
20.78.169.245 - - [08/Feb/2026:00:46:46 +0300] "GET /cgi-bin/ HTTP/1.1" 404 796 "-" "Mozilla/5.0 (Windows NT 10.0; Win64; x64) AppleWebKit/537.36 (KHTML, like Gecko) Chrome/120.0.0.0 Safari/537.36"
45.32.132.233 - - [08/Feb/2026:00:46:56 +0300] "HEAD / HTTP/2" 200 0 "-" "Mozilla/5.0 (compatible; monitoring360bot/1.1; +https://app.360monitoring.com/bot.html)"
45.32.132.233 - - [08/Feb/2026:00:47:57 +0300] "HEAD / HTTP/2" 200 0 "-" "Mozilla/5.0 (compatible; monitoring360bot/1.1; +https://app.360monitoring.com/bot.html)"
45.32.132.233 - - [08/Feb/2026:00:49:58 +0300] "HEAD / HTTP/2" 200 0 "-" "Mozilla/5.0 (compatible; monitoring360bot/1.1; +https://app.360monitoring.com/bot.html)"
45.32.132.233 - - [08/Feb/2026:00:51:59 +0300] "HEAD / HTTP/2" 200 0 "-" "Mozilla/5.0 (compatible; monitoring360bot/1.1; +https://app.360monitoring.com/bot.html)"
45.32.132.233 - - [08/Feb/2026:00:54:00 +0300] "HEAD / HTTP/2" 200 0 "-" "Mozilla/5.0 (compatible; monitoring360bot/1.1; +https://app.360monitoring.com/bot.html)"
45.32.132.233 - - [08/Feb/2026:00:55:01 +0300] "HEAD / HTTP/2" 200 0 "-" "Mozilla/5.0 (compatible; monitoring360bot/1.1; +https://app.360monitoring.com/bot.html)"
45.32.132.233 - - [08/Feb/2026:00:39:53 +0300] "HEAD / HTTP/2" 200 0 "-" "Mozilla/5.0 (compatible; monitoring360bot/1.1; +https://app.360monitoring.com/bot.html)"
192.0.102.222 - - [08/Feb/2026:00:39:54 +0300] "HEAD / HTTP/1.1" 200 0 "-" "jetmon/1.0 (Jetpack Site Uptime Monitor by WordPress.com)"
45.32.132.233 - - [08/Feb/2026:00:40:53 +0300] "HEAD / HTTP/2" 200 0 "-" "Mozilla/5.0 (compatible; monitoring360bot/1.1; +https://app.360monitoring.com/bot.html)"
45.32.132.233 - - [08/Feb/2026:00:41:54 +0300] "HEAD / HTTP/2" 200 0 "-" "Mozilla/5.0 (compatible; monitoring360bot/1.1; +https://app.360monitoring.com/bot.html)"
45.32.132.233 - - [08/Feb/2026:00:43:55 +0300] "HEAD / HTTP/2" 200 0 "-" "Mozilla/5.0 (compatible; monitoring360bot/1.1; +https://app.360monitoring.com/bot.html)"
45.32.132.233 - - [08/Feb/2026:00:45:56 +0300] "HEAD / HTTP/2" 200 0 "-" "Mozilla/5.0 (compatible; monitoring360bot/1.1; +https://app.360monitoring.com/bot.html)"
45.32.132.233 - - [08/Feb/2026:00:48:57 +0300] "HEAD / HTTP/2" 200 0 "-" "Mozilla/5.0 (compatible; monitoring360bot/1.1; +https://app.360monitoring.com/bot.html)"
192.0.102.222 - - [08/Feb/2026:00:49:53 +0300] "HEAD / HTTP/1.1" 200 0 "-" "jetmon/1.0 (Jetpack Site Uptime Monitor by WordPress.com)"
45.32.132.233 - - [08/Feb/2026:00:50:58 +0300] "HEAD / HTTP/2" 200 0 "-" "Mozilla/5.0 (compatible; monitoring360bot/1.1; +https://app.360monitoring.com/bot.html)"
47.128.111.80 - - [08/Feb/2026:00:51:23 +0300] "GET /robots.txt HTTP/1.1" 404 9210 "-" "Mozilla/5.0 (Linux; Android 5.0) AppleWebKit/537.36 (KHTML, like Gecko) Mobile Safari/537.36 (compatible; Bytespider; spider-feedback@bytedance.com)"
45.32.132.233 - - [08/Feb/2026:00:52:59 +0300] "HEAD / HTTP/2" 200 0 "-" "Mozilla/5.0 (compatible; monitoring360bot/1.1; +https://app.360monitoring.com/bot.html)"
192.0.102.222 - - [08/Feb/2026:00:54:53 +0300] "HEAD / HTTP/1.1" 200 0 "-" "jetmon/1.0 (Jetpack Site Uptime Monitor by WordPress.com)"
45.32.132.233 - - [08/Feb/2026:00:56:01 +0300] "HEAD / HTTP/2" 200 0 "-" "Mozilla/5.0 (compatible; monitoring360bot/1.1; +https://app.360monitoring.com/bot.html)"
45.32.132.233 - - [08/Feb/2026:00:57:02 +0300] "HEAD / HTTP/2" 200 0 "-" "Mozilla/5.0 (compatible; monitoring360bot/1.1; +https://app.360monitoring.com/bot.html)"
192.0.102.222 - - [08/Feb/2026:00:59:53 +0300] "HEAD / HTTP/1.1" 200 0 "-" "jetmon/1.0 (Jetpack Site Uptime Monitor by WordPress.com)"
45.32.132.233 - - [08/Feb/2026:01:00:03 +0300] "HEAD / HTTP/2" 200 0 "-" "Mozilla/5.0 (compatible; monitoring360bot/1.1; +https://app.360monitoring.com/bot.html)"
192.0.102.222 - - [08/Feb/2026:01:04:54 +0300] "HEAD / HTTP/1.1" 200 0 "-" "jetmon/1.0 (Jetpack Site Uptime Monitor by WordPress.com)"
