20.28.217.101 - - [08/Feb/2026:06:26:02 +0300] "GET /wp-includes/ HTTP/1.1" 404 7918 "-" "Mozilla/5.0 (Windows NT 10.0; Win64; x64) AppleWebKit/537.36 (KHTML, like Gecko) Chrome/120.0.0.0 Safari/537.36"
20.28.217.101 - - [08/Feb/2026:06:26:03 +0300] "GET /wp-includes/css/ HTTP/1.1" 404 7915 "-" "Mozilla/5.0 (Windows NT 10.0; Win64; x64) AppleWebKit/537.36 (KHTML, like Gecko) Chrome/120.0.0.0 Safari/537.36"
20.28.217.101 - - [08/Feb/2026:06:26:04 +0300] "GET /wp-includes/js/tinymce/skins/lightgray/ HTTP/1.1" 404 7889 "-" "Mozilla/5.0 (Windows NT 10.0; Win64; x64) AppleWebKit/537.36 (KHTML, like Gecko) Chrome/120.0.0.0 Safari/537.36"
20.28.217.101 - - [08/Feb/2026:06:26:04 +0300] "GET /admin/function.php HTTP/1.1" 404 7949 "-" "Mozilla/5.0 (Windows NT 10.0; Win64; x64) AppleWebKit/537.36 (KHTML, like Gecko) Chrome/120.0.0.0 Safari/537.36"
20.28.217.101 - - [08/Feb/2026:06:26:04 +0300] "GET /atomlib.php HTTP/1.1" 404 7938 "-" "Mozilla/5.0 (Windows NT 10.0; Win64; x64) AppleWebKit/537.36 (KHTML, like Gecko) Chrome/120.0.0.0 Safari/537.36"
20.28.217.101 - - [08/Feb/2026:06:26:05 +0300] "GET /info.php HTTP/1.1" 404 7796 "-" "Mozilla/5.0 (Windows NT 10.0; Win64; x64) AppleWebKit/537.36 (KHTML, like Gecko) Chrome/120.0.0.0 Safari/537.36"
20.28.217.101 - - [08/Feb/2026:06:26:05 +0300] "GET /lock360.php HTTP/1.1" 404 7936 "-" "Mozilla/5.0 (Windows NT 10.0; Win64; x64) AppleWebKit/537.36 (KHTML, like Gecko) Chrome/120.0.0.0 Safari/537.36"
20.28.217.101 - - [08/Feb/2026:06:26:06 +0300] "GET /public/index.php HTTP/1.1" 404 796 "-" "Mozilla/5.0 (Windows NT 10.0; Win64; x64) AppleWebKit/537.36 (KHTML, like Gecko) Chrome/120.0.0.0 Safari/537.36"
20.28.217.101 - - [08/Feb/2026:06:26:06 +0300] "GET /vx.php HTTP/1.1" 404 7955 "-" "Mozilla/5.0 (Windows NT 10.0; Win64; x64) AppleWebKit/537.36 (KHTML, like Gecko) Chrome/120.0.0.0 Safari/537.36"
20.28.217.101 - - [08/Feb/2026:06:26:06 +0300] "GET /wp-admin/css/colors/coffee/ HTTP/1.1" 404 7942 "-" "Mozilla/5.0 (Windows NT 10.0; Win64; x64) AppleWebKit/537.36 (KHTML, like Gecko) Chrome/120.0.0.0 Safari/537.36"
20.28.217.101 - - [08/Feb/2026:06:26:07 +0300] "GET /wp-admin/js/about.php7 HTTP/1.1" 404 7963 "-" "Mozilla/5.0 (Windows NT 10.0; Win64; x64) AppleWebKit/537.36 (KHTML, like Gecko) Chrome/120.0.0.0 Safari/537.36"
20.28.217.101 - - [08/Feb/2026:06:26:07 +0300] "GET /wp-content.php HTTP/1.1" 404 7852 "-" "Mozilla/5.0 (Windows NT 10.0; Win64; x64) AppleWebKit/537.36 (KHTML, like Gecko) Chrome/120.0.0.0 Safari/537.36"
20.28.217.101 - - [08/Feb/2026:06:26:07 +0300] "GET /wp-content/plugins/ HTTP/1.1" 404 7929 "-" "Mozilla/5.0 (Windows NT 10.0; Win64; x64) AppleWebKit/537.36 (KHTML, like Gecko) Chrome/120.0.0.0 Safari/537.36"
20.28.217.101 - - [08/Feb/2026:06:26:08 +0300] "GET /wp-content/uploads/2022/ HTTP/1.1" 404 7930 "-" "Mozilla/5.0 (Windows NT 10.0; Win64; x64) AppleWebKit/537.36 (KHTML, like Gecko) Chrome/120.0.0.0 Safari/537.36"
20.28.217.101 - - [08/Feb/2026:06:26:08 +0300] "GET /wp-includes/ID3/ HTTP/1.1" 404 7915 "-" "Mozilla/5.0 (Windows NT 10.0; Win64; x64) AppleWebKit/537.36 (KHTML, like Gecko) Chrome/120.0.0.0 Safari/537.36"
20.28.217.101 - - [08/Feb/2026:06:26:08 +0300] "GET /wp-includes/images/crystal/ HTTP/1.1" 404 7940 "-" "Mozilla/5.0 (Windows NT 10.0; Win64; x64) AppleWebKit/537.36 (KHTML, like Gecko) Chrome/120.0.0.0 Safari/537.36"
20.28.217.101 - - [08/Feb/2026:06:26:09 +0300] "GET /wp-includes/theme-compat/ HTTP/1.1" 404 7943 "-" "Mozilla/5.0 (Windows NT 10.0; Win64; x64) AppleWebKit/537.36 (KHTML, like Gecko) Chrome/120.0.0.0 Safari/537.36"
20.28.217.101 - - [08/Feb/2026:06:26:09 +0300] "GET /ALFA_DATA/alfacgiapi/ HTTP/1.1" 404 7941 "-" "Mozilla/5.0 (Windows NT 10.0; Win64; x64) AppleWebKit/537.36 (KHTML, like Gecko) Chrome/120.0.0.0 Safari/537.36"
20.28.217.101 - - [08/Feb/2026:06:26:10 +0300] "GET /adminfuns.php HTTP/1.1" 404 7942 "-" "Mozilla/5.0 (Windows NT 10.0; Win64; x64) AppleWebKit/537.36 (KHTML, like Gecko) Chrome/120.0.0.0 Safari/537.36"
20.28.217.101 - - [08/Feb/2026:06:26:10 +0300] "GET /ahax.php HTTP/1.1" 404 7939 "-" "Mozilla/5.0 (Windows NT 10.0; Win64; x64) AppleWebKit/537.36 (KHTML, like Gecko) Chrome/120.0.0.0 Safari/537.36"
20.28.217.101 - - [08/Feb/2026:06:26:11 +0300] "GET /autoload_classmap.php HTTP/1.1" 404 7951 "-" "Mozilla/5.0 (Windows NT 10.0; Win64; x64) AppleWebKit/537.36 (KHTML, like Gecko) Chrome/120.0.0.0 Safari/537.36"
20.28.217.101 - - [08/Feb/2026:06:26:11 +0300] "GET /cgi-bin/ HTTP/1.1" 404 796 "-" "Mozilla/5.0 (Windows NT 10.0; Win64; x64) AppleWebKit/537.36 (KHTML, like Gecko) Chrome/120.0.0.0 Safari/537.36"
20.28.217.101 - - [08/Feb/2026:06:26:11 +0300] "GET /file.php HTTP/1.1" 404 7921 "-" "Mozilla/5.0 (Windows NT 10.0; Win64; x64) AppleWebKit/537.36 (KHTML, like Gecko) Chrome/120.0.0.0 Safari/537.36"
20.28.217.101 - - [08/Feb/2026:06:26:11 +0300] "GET /file5.php HTTP/1.1" 404 7957 "-" "Mozilla/5.0 (Windows NT 10.0; Win64; x64) AppleWebKit/537.36 (KHTML, like Gecko) Chrome/120.0.0.0 Safari/537.36"
20.28.217.101 - - [08/Feb/2026:06:26:12 +0300] "GET /private/ HTTP/1.1" 404 7939 "-" "Mozilla/5.0 (Windows NT 10.0; Win64; x64) AppleWebKit/537.36 (KHTML, like Gecko) Chrome/120.0.0.0 Safari/537.36"
20.28.217.101 - - [08/Feb/2026:06:26:12 +0300] "GET /wp-admin/css/ HTTP/1.1" 404 7942 "-" "Mozilla/5.0 (Windows NT 10.0; Win64; x64) AppleWebKit/537.36 (KHTML, like Gecko) Chrome/120.0.0.0 Safari/537.36"
20.28.217.101 - - [08/Feb/2026:06:26:12 +0300] "GET /wp-admin/css/colors/modern/ HTTP/1.1" 404 7941 "-" "Mozilla/5.0 (Windows NT 10.0; Win64; x64) AppleWebKit/537.36 (KHTML, like Gecko) Chrome/120.0.0.0 Safari/537.36"
20.28.217.101 - - [08/Feb/2026:06:26:13 +0300] "GET /wp-admin/includes/cloud.php HTTP/1.1" 404 7940 "-" "Mozilla/5.0 (Windows NT 10.0; Win64; x64) AppleWebKit/537.36 (KHTML, like Gecko) Chrome/120.0.0.0 Safari/537.36"
20.28.217.101 - - [08/Feb/2026:06:26:13 +0300] "GET /wp-content/index.php HTTP/1.1" 404 7919 "-" "Mozilla/5.0 (Windows NT 10.0; Win64; x64) AppleWebKit/537.36 (KHTML, like Gecko) Chrome/120.0.0.0 Safari/537.36"
20.28.217.101 - - [08/Feb/2026:06:26:13 +0300] "GET /wp-content/themes/about.php HTTP/1.1" 404 7857 "-" "Mozilla/5.0 (Windows NT 10.0; Win64; x64) AppleWebKit/537.36 (KHTML, like Gecko) Chrome/120.0.0.0 Safari/537.36"
20.28.217.101 - - [08/Feb/2026:06:26:13 +0300] "GET /wp-includes/sodium_compat/ HTTP/1.1" 404 7828 "-" "Mozilla/5.0 (Windows NT 10.0; Win64; x64) AppleWebKit/537.36 (KHTML, like Gecko) Chrome/120.0.0.0 Safari/537.36"
20.28.217.101 - - [08/Feb/2026:06:26:14 +0300] "GET /wp/wp-admin/includes/ HTTP/1.1" 404 7953 "-" "Mozilla/5.0 (Windows NT 10.0; Win64; x64) AppleWebKit/537.36 (KHTML, like Gecko) Chrome/120.0.0.0 Safari/537.36"
20.28.217.101 - - [08/Feb/2026:06:26:14 +0300] "GET /xmlrpc.php HTTP/1.1" 404 7950 "-" "Mozilla/5.0 (Windows NT 10.0; Win64; x64) AppleWebKit/537.36 (KHTML, like Gecko) Chrome/120.0.0.0 Safari/537.36"
20.28.217.101 - - [08/Feb/2026:06:26:15 +0300] "GET /alfa.php HTTP/1.1" 404 7794 "-" "Mozilla/5.0 (Windows NT 10.0; Win64; x64) AppleWebKit/537.36 (KHTML, like Gecko) Chrome/120.0.0.0 Safari/537.36"
20.28.217.101 - - [08/Feb/2026:06:26:16 +0300] "GET /as.php HTTP/1.1" 404 7937 "-" "Mozilla/5.0 (Windows NT 10.0; Win64; x64) AppleWebKit/537.36 (KHTML, like Gecko) Chrome/120.0.0.0 Safari/537.36"
20.28.217.101 - - [08/Feb/2026:06:26:16 +0300] "GET /autoload_classmap/function.php HTTP/1.1" 404 7885 "-" "Mozilla/5.0 (Windows NT 10.0; Win64; x64) AppleWebKit/537.36 (KHTML, like Gecko) Chrome/120.0.0.0 Safari/537.36"
20.28.217.101 - - [08/Feb/2026:06:26:17 +0300] "GET /class-t.api.php HTTP/1.1" 404 7929 "-" "Mozilla/5.0 (Windows NT 10.0; Win64; x64) AppleWebKit/537.36 (KHTML, like Gecko) Chrome/120.0.0.0 Safari/537.36"
20.28.217.101 - - [08/Feb/2026:06:26:17 +0300] "GET /indoxploit.php HTTP/1.1" 404 7938 "-" "Mozilla/5.0 (Windows NT 10.0; Win64; x64) AppleWebKit/537.36 (KHTML, like Gecko) Chrome/120.0.0.0 Safari/537.36"
20.28.217.101 - - [08/Feb/2026:06:26:18 +0300] "GET /shell.php HTTP/1.1" 404 7957 "-" "Mozilla/5.0 (Windows NT 10.0; Win64; x64) AppleWebKit/537.36 (KHTML, like Gecko) Chrome/120.0.0.0 Safari/537.36"
20.28.217.101 - - [08/Feb/2026:06:26:18 +0300] "GET /system.php HTTP/1.1" 404 7955 "-" "Mozilla/5.0 (Windows NT 10.0; Win64; x64) AppleWebKit/537.36 (KHTML, like Gecko) Chrome/120.0.0.0 Safari/537.36"
20.28.217.101 - - [08/Feb/2026:06:26:18 +0300] "GET /wp-admin.php HTTP/1.1" 404 7923 "-" "Mozilla/5.0 (Windows NT 10.0; Win64; x64) AppleWebKit/537.36 (KHTML, like Gecko) Chrome/120.0.0.0 Safari/537.36"
20.28.217.101 - - [08/Feb/2026:06:26:19 +0300] "GET /wp-admin/css/colors/blue/ HTTP/1.1" 404 7965 "-" "Mozilla/5.0 (Windows NT 10.0; Win64; x64) AppleWebKit/537.36 (KHTML, like Gecko) Chrome/120.0.0.0 Safari/537.36"
20.28.217.101 - - [08/Feb/2026:06:26:19 +0300] "GET /wp-admin/file-manaager2.php HTTP/1.1" 404 7942 "-" "Mozilla/5.0 (Windows NT 10.0; Win64; x64) AppleWebKit/537.36 (KHTML, like Gecko) Chrome/120.0.0.0 Safari/537.36"
20.28.217.101 - - [08/Feb/2026:06:26:19 +0300] "GET /wp-admin/images/admin.php HTTP/1.1" 404 7960 "-" "Mozilla/5.0 (Windows NT 10.0; Win64; x64) AppleWebKit/537.36 (KHTML, like Gecko) Chrome/120.0.0.0 Safari/537.36"
20.28.217.101 - - [08/Feb/2026:06:26:19 +0300] "GET /wp-admin/images/index.php HTTP/1.1" 404 7960 "-" "Mozilla/5.0 (Windows NT 10.0; Win64; x64) AppleWebKit/537.36 (KHTML, like Gecko) Chrome/120.0.0.0 Safari/537.36"
20.28.217.101 - - [08/Feb/2026:06:26:20 +0300] "GET /wp-admin/maint/index.php HTTP/1.1" 404 7936 "-" "Mozilla/5.0 (Windows NT 10.0; Win64; x64) AppleWebKit/537.36 (KHTML, like Gecko) Chrome/120.0.0.0 Safari/537.36"
20.28.217.101 - - [08/Feb/2026:06:26:20 +0300] "GET /wp-block.php HTTP/1.1" 404 7921 "-" "Mozilla/5.0 (Windows NT 10.0; Win64; x64) AppleWebKit/537.36 (KHTML, like Gecko) Chrome/120.0.0.0 Safari/537.36"
20.28.217.101 - - [08/Feb/2026:06:26:21 +0300] "GET /wp-content/upgrade/index.php HTTP/1.1" 404 7922 "-" "Mozilla/5.0 (Windows NT 10.0; Win64; x64) AppleWebKit/537.36 (KHTML, like Gecko) Chrome/120.0.0.0 Safari/537.36"
20.28.217.101 - - [08/Feb/2026:06:26:21 +0300] "GET /wp-content/uploads/2023/ HTTP/1.1" 404 7930 "-" "Mozilla/5.0 (Windows NT 10.0; Win64; x64) AppleWebKit/537.36 (KHTML, like Gecko) Chrome/120.0.0.0 Safari/537.36"
20.28.217.101 - - [08/Feb/2026:06:26:22 +0300] "GET /wp-good.php HTTP/1.1" 404 7935 "-" "Mozilla/5.0 (Windows NT 10.0; Win64; x64) AppleWebKit/537.36 (KHTML, like Gecko) Chrome/120.0.0.0 Safari/537.36"
20.28.217.101 - - [08/Feb/2026:06:26:22 +0300] "GET /wp-includes/ID3/file.php HTTP/1.1" 404 7806 "-" "Mozilla/5.0 (Windows NT 10.0; Win64; x64) AppleWebKit/537.36 (KHTML, like Gecko) Chrome/120.0.0.0 Safari/537.36"
20.28.217.101 - - [08/Feb/2026:06:26:23 +0300] "GET /wp-includes/assets/index.php HTTP/1.1" 404 7937 "-" "Mozilla/5.0 (Windows NT 10.0; Win64; x64) AppleWebKit/537.36 (KHTML, like Gecko) Chrome/120.0.0.0 Safari/537.36"
20.28.217.101 - - [08/Feb/2026:06:26:23 +0300] "GET /wp-includes/block-supports/ HTTP/1.1" 404 7938 "-" "Mozilla/5.0 (Windows NT 10.0; Win64; x64) AppleWebKit/537.36 (KHTML, like Gecko) Chrome/120.0.0.0 Safari/537.36"
20.28.217.101 - - [08/Feb/2026:06:26:23 +0300] "GET /wp-includes/blocks/post-author/ HTTP/1.1" 404 7872 "-" "Mozilla/5.0 (Windows NT 10.0; Win64; x64) AppleWebKit/537.36 (KHTML, like Gecko) Chrome/120.0.0.0 Safari/537.36"
20.28.217.101 - - [08/Feb/2026:06:26:24 +0300] "GET /wp-includes/certificates/ HTTP/1.1" 404 7938 "-" "Mozilla/5.0 (Windows NT 10.0; Win64; x64) AppleWebKit/537.36 (KHTML, like Gecko) Chrome/120.0.0.0 Safari/537.36"
20.28.217.101 - - [08/Feb/2026:06:26:24 +0300] "GET /wp-includes/css/index.php HTTP/1.1" 404 7942 "-" "Mozilla/5.0 (Windows NT 10.0; Win64; x64) AppleWebKit/537.36 (KHTML, like Gecko) Chrome/120.0.0.0 Safari/537.36"
20.28.217.101 - - [08/Feb/2026:06:26:24 +0300] "GET /wp-includes/customize/ HTTP/1.1" 404 7940 "-" "Mozilla/5.0 (Windows NT 10.0; Win64; x64) AppleWebKit/537.36 (KHTML, like Gecko) Chrome/120.0.0.0 Safari/537.36"
20.28.217.101 - - [08/Feb/2026:06:26:25 +0300] "GET /wp-includes/sitemaps/providers/ HTTP/1.1" 404 7872 "-" "Mozilla/5.0 (Windows NT 10.0; Win64; x64) AppleWebKit/537.36 (KHTML, like Gecko) Chrome/120.0.0.0 Safari/537.36"
20.28.217.101 - - [08/Feb/2026:06:26:25 +0300] "GET /01.php HTTP/1.1" 404 7937 "-" "Mozilla/5.0 (Windows NT 10.0; Win64; x64) AppleWebKit/537.36 (KHTML, like Gecko) Chrome/120.0.0.0 Safari/537.36"
20.28.217.101 - - [08/Feb/2026:06:26:26 +0300] "GET /222.php HTTP/1.1" 404 7944 "-" "Mozilla/5.0 (Windows NT 10.0; Win64; x64) AppleWebKit/537.36 (KHTML, like Gecko) Chrome/120.0.0.0 Safari/537.36"
20.28.217.101 - - [08/Feb/2026:06:26:27 +0300] "GET /403.php HTTP/1.1" 404 7925 "-" "Mozilla/5.0 (Windows NT 10.0; Win64; x64) AppleWebKit/537.36 (KHTML, like Gecko) Chrome/120.0.0.0 Safari/537.36"
20.28.217.101 - - [08/Feb/2026:06:26:27 +0300] "GET /404.php HTTP/1.1" 404 7925 "-" "Mozilla/5.0 (Windows NT 10.0; Win64; x64) AppleWebKit/537.36 (KHTML, like Gecko) Chrome/120.0.0.0 Safari/537.36"
20.28.217.101 - - [08/Feb/2026:06:26:28 +0300] "GET /Q.php HTTP/1.1" 404 7945 "-" "Mozilla/5.0 (Windows NT 10.0; Win64; x64) AppleWebKit/537.36 (KHTML, like Gecko) Chrome/120.0.0.0 Safari/537.36"
20.28.217.101 - - [08/Feb/2026:06:26:28 +0300] "GET /WSO.php HTTP/1.1" 404 7926 "-" "Mozilla/5.0 (Windows NT 10.0; Win64; x64) AppleWebKit/537.36 (KHTML, like Gecko) Chrome/120.0.0.0 Safari/537.36"
20.28.217.101 - - [08/Feb/2026:06:26:28 +0300] "GET /abc.php HTTP/1.1" 404 7925 "-" "Mozilla/5.0 (Windows NT 10.0; Win64; x64) AppleWebKit/537.36 (KHTML, like Gecko) Chrome/120.0.0.0 Safari/537.36"
20.28.217.101 - - [08/Feb/2026:06:26:28 +0300] "GET /abcd.php HTTP/1.1" 404 7922 "-" "Mozilla/5.0 (Windows NT 10.0; Win64; x64) AppleWebKit/537.36 (KHTML, like Gecko) Chrome/120.0.0.0 Safari/537.36"
20.28.217.101 - - [08/Feb/2026:06:26:29 +0300] "GET /admin/upload/ HTTP/1.1" 404 7957 "-" "Mozilla/5.0 (Windows NT 10.0; Win64; x64) AppleWebKit/537.36 (KHTML, like Gecko) Chrome/120.0.0.0 Safari/537.36"
20.28.217.101 - - [08/Feb/2026:06:26:29 +0300] "GET /admin/upload/css.php HTTP/1.1" 404 7924 "-" "Mozilla/5.0 (Windows NT 10.0; Win64; x64) AppleWebKit/537.36 (KHTML, like Gecko) Chrome/120.0.0.0 Safari/537.36"
20.28.217.101 - - [08/Feb/2026:06:26:30 +0300] "GET /anonse/lock360.php HTTP/1.1" 404 7932 "-" "Mozilla/5.0 (Windows NT 10.0; Win64; x64) AppleWebKit/537.36 (KHTML, like Gecko) Chrome/120.0.0.0 Safari/537.36"
20.28.217.101 - - [08/Feb/2026:06:26:30 +0300] "GET /assets/bootstrap-fileupload/lock2.php HTTP/1.1" 404 7893 "-" "Mozilla/5.0 (Windows NT 10.0; Win64; x64) AppleWebKit/537.36 (KHTML, like Gecko) Chrome/120.0.0.0 Safari/537.36"
20.28.217.101 - - [08/Feb/2026:06:26:30 +0300] "GET /assets/jquery-ui/images/lock2.php HTTP/1.1" 404 7884 "-" "Mozilla/5.0 (Windows NT 10.0; Win64; x64) AppleWebKit/537.36 (KHTML, like Gecko) Chrome/120.0.0.0 Safari/537.36"
20.28.217.101 - - [08/Feb/2026:06:26:31 +0300] "GET /byp.php HTTP/1.1" 404 7944 "-" "Mozilla/5.0 (Windows NT 10.0; Win64; x64) AppleWebKit/537.36 (KHTML, like Gecko) Chrome/120.0.0.0 Safari/537.36"
20.28.217.101 - - [08/Feb/2026:06:26:31 +0300] "GET /c.php HTTP/1.1" 404 7928 "-" "Mozilla/5.0 (Windows NT 10.0; Win64; x64) AppleWebKit/537.36 (KHTML, like Gecko) Chrome/120.0.0.0 Safari/537.36"
20.28.217.101 - - [08/Feb/2026:06:26:32 +0300] "GET /ca4.php HTTP/1.1" 404 7943 "-" "Mozilla/5.0 (Windows NT 10.0; Win64; x64) AppleWebKit/537.36 (KHTML, like Gecko) Chrome/120.0.0.0 Safari/537.36"
20.28.217.101 - - [08/Feb/2026:06:26:32 +0300] "GET /ccx/index.php HTTP/1.1" 404 7937 "-" "Mozilla/5.0 (Windows NT 10.0; Win64; x64) AppleWebKit/537.36 (KHTML, like Gecko) Chrome/120.0.0.0 Safari/537.36"
20.28.217.101 - - [08/Feb/2026:06:26:33 +0300] "GET /ckeditor/plugins/fontawesome/dialogs/ HTTP/1.1" 404 7891 "-" "Mozilla/5.0 (Windows NT 10.0; Win64; x64) AppleWebKit/537.36 (KHTML, like Gecko) Chrome/120.0.0.0 Safari/537.36"
20.28.217.101 - - [08/Feb/2026:06:26:33 +0300] "GET /config.php HTTP/1.1" 404 7955 "-" "Mozilla/5.0 (Windows NT 10.0; Win64; x64) AppleWebKit/537.36 (KHTML, like Gecko) Chrome/120.0.0.0 Safari/537.36"
20.28.217.101 - - [08/Feb/2026:06:26:33 +0300] "GET /content.php HTTP/1.1" 404 7936 "-" "Mozilla/5.0 (Windows NT 10.0; Win64; x64) AppleWebKit/537.36 (KHTML, like Gecko) Chrome/120.0.0.0 Safari/537.36"
20.28.217.101 - - [08/Feb/2026:06:26:34 +0300] "GET /favicon.php HTTP/1.1" 404 7934 "-" "Mozilla/5.0 (Windows NT 10.0; Win64; x64) AppleWebKit/537.36 (KHTML, like Gecko) Chrome/120.0.0.0 Safari/537.36"
20.28.217.101 - - [08/Feb/2026:06:26:34 +0300] "GET /file56.php HTTP/1.1" 404 7951 "-" "Mozilla/5.0 (Windows NT 10.0; Win64; x64) AppleWebKit/537.36 (KHTML, like Gecko) Chrome/120.0.0.0 Safari/537.36"
20.28.217.101 - - [08/Feb/2026:06:26:34 +0300] "GET /flower.php HTTP/1.1" 404 7951 "-" "Mozilla/5.0 (Windows NT 10.0; Win64; x64) AppleWebKit/537.36 (KHTML, like Gecko) Chrome/120.0.0.0 Safari/537.36"
20.28.217.101 - - [08/Feb/2026:06:26:35 +0300] "GET /fw.php HTTP/1.1" 404 7938 "-" "Mozilla/5.0 (Windows NT 10.0; Win64; x64) AppleWebKit/537.36 (KHTML, like Gecko) Chrome/120.0.0.0 Safari/537.36"
20.28.217.101 - - [08/Feb/2026:06:26:35 +0300] "GET /gecko-new.php HTTP/1.1" 404 7956 "-" "Mozilla/5.0 (Windows NT 10.0; Win64; x64) AppleWebKit/537.36 (KHTML, like Gecko) Chrome/120.0.0.0 Safari/537.36"
45.32.132.233 - - [08/Feb/2026:06:29:01 +0300] "HEAD / HTTP/2" 200 0 "-" "Mozilla/5.0 (compatible; monitoring360bot/1.1; +https://app.360monitoring.com/bot.html)"
72.14.199.235 - - [08/Feb/2026:06:14:12 +0300] "GET /public/js/main.js HTTP/1.1" 200 1184 "https://www.ankaservis.com/" "AdsBot-Google (+http://www.google.com/adsbot.html)"
72.14.199.235 - - [08/Feb/2026:06:14:12 +0300] "GET /public/css/style.css HTTP/1.1" 200 3164 "https://www.ankaservis.com/" "AdsBot-Google (+http://www.google.com/adsbot.html)"
192.0.102.222 - - [08/Feb/2026:06:14:58 +0300] "HEAD / HTTP/1.1" 200 0 "-" "jetmon/1.0 (Jetpack Site Uptime Monitor by WordPress.com)"
43.153.107.22 - - [08/Feb/2026:06:15:09 +0300] "GET /iletisim/servis-formu HTTP/1.1" 200 10675 "-" "Mozilla/5.0 (iPhone; CPU iPhone OS 13_2_3 like Mac OS X) AppleWebKit/605.1.15 (KHTML, like Gecko) Version/13.0.3 Mobile/15E148 Safari/604.1"
173.252.82.13 - - [08/Feb/2026:06:17:00 +0300] "GET /robots.txt HTTP/2" 404 45095 "-" "facebookexternalhit/1.1 (+http://www.facebook.com/externalhit_uatext.php)"
45.32.132.233 - - [08/Feb/2026:06:17:56 +0300] "HEAD / HTTP/2" 200 0 "-" "Mozilla/5.0 (compatible; monitoring360bot/1.1; +https://app.360monitoring.com/bot.html)"
45.32.132.233 - - [08/Feb/2026:06:19:57 +0300] "HEAD / HTTP/2" 200 0 "-" "Mozilla/5.0 (compatible; monitoring360bot/1.1; +https://app.360monitoring.com/bot.html)"
45.32.132.233 - - [08/Feb/2026:06:21:58 +0300] "HEAD / HTTP/2" 200 0 "-" "Mozilla/5.0 (compatible; monitoring360bot/1.1; +https://app.360monitoring.com/bot.html)"
124.156.157.91 - - [08/Feb/2026:06:22:32 +0300] "GET /iletisim HTTP/1.1" 200 10794 "-" "Mozilla/5.0 (iPhone; CPU iPhone OS 13_2_3 like Mac OS X) AppleWebKit/605.1.15 (KHTML, like Gecko) Version/13.0.3 Mobile/15E148 Safari/604.1"
192.0.102.222 - - [08/Feb/2026:06:24:56 +0300] "HEAD / HTTP/1.1" 200 0 "-" "jetmon/1.0 (Jetpack Site Uptime Monitor by WordPress.com)"
45.32.132.233 - - [08/Feb/2026:06:24:59 +0300] "HEAD / HTTP/2" 200 0 "-" "Mozilla/5.0 (compatible; monitoring360bot/1.1; +https://app.360monitoring.com/bot.html)"
45.32.132.233 - - [08/Feb/2026:06:27:00 +0300] "HEAD / HTTP/2" 200 0 "-" "Mozilla/5.0 (compatible; monitoring360bot/1.1; +https://app.360monitoring.com/bot.html)"
45.32.132.233 - - [08/Feb/2026:06:28:00 +0300] "HEAD / HTTP/2" 200 0 "-" "Mozilla/5.0 (compatible; monitoring360bot/1.1; +https://app.360monitoring.com/bot.html)"
192.0.102.222 - - [08/Feb/2026:06:29:56 +0300] "HEAD / HTTP/1.1" 200 0 "-" "jetmon/1.0 (Jetpack Site Uptime Monitor by WordPress.com)"
45.32.132.233 - - [08/Feb/2026:06:31:02 +0300] "HEAD / HTTP/2" 200 0 "-" "Mozilla/5.0 (compatible; monitoring360bot/1.1; +https://app.360monitoring.com/bot.html)"
45.32.132.233 - - [08/Feb/2026:06:33:03 +0300] "HEAD / HTTP/2" 200 0 "-" "Mozilla/5.0 (compatible; monitoring360bot/1.1; +https://app.360monitoring.com/bot.html)"
45.32.132.233 - - [08/Feb/2026:06:34:03 +0300] "HEAD / HTTP/2" 200 0 "-" "Mozilla/5.0 (compatible; monitoring360bot/1.1; +https://app.360monitoring.com/bot.html)"
45.32.132.233 - - [08/Feb/2026:06:36:05 +0300] "HEAD / HTTP/2" 200 0 "-" "Mozilla/5.0 (compatible; monitoring360bot/1.1; +https://app.360monitoring.com/bot.html)"
45.32.132.233 - - [08/Feb/2026:06:38:06 +0300] "HEAD / HTTP/2" 200 0 "-" "Mozilla/5.0 (compatible; monitoring360bot/1.1; +https://app.360monitoring.com/bot.html)"
45.32.132.233 - - [08/Feb/2026:06:39:06 +0300] "HEAD / HTTP/2" 200 0 "-" "Mozilla/5.0 (compatible; monitoring360bot/1.1; +https://app.360monitoring.com/bot.html)"
37.155.232.156 - - [08/Feb/2026:06:39:22 +0300] "GET /?gad_source=5&gad_campaignid=23322529905&gclid=EAIaIQobChMIlp2v--zIkgMV-x3rBB1CURT5EAEYASAAEgKUm_D_BwE HTTP/2" 200 15773 "https://googleads.g.doubleclick.net/" "Mozilla/5.0 (Linux; Android 13; 21121119SG Build/TP1A.220624.014) AppleWebKit/537.36 (KHTML, like Gecko) Chrome/135.0.7049.79 Mobile Safari/537.36 GameBrowser/1.2.1.28"
37.155.232.156 - - [08/Feb/2026:06:39:23 +0300] "GET /public/css/style.css HTTP/2" 200 3164 "https://ankaservis.com/?gad_source=5&gad_campaignid=23322529905&gclid=EAIaIQobChMIlp2v--zIkgMV-x3rBB1CURT5EAEYASAAEgKUm_D_BwE" "Mozilla/5.0 (Linux; Android 13; 21121119SG Build/TP1A.220624.014) AppleWebKit/537.36 (KHTML, like Gecko) Chrome/135.0.7049.79 Mobile Safari/537.36 GameBrowser/1.2.1.28"
37.155.232.156 - - [08/Feb/2026:06:39:23 +0300] "GET /public/images/anka-logo.png HTTP/2" 200 10435 "https://ankaservis.com/?gad_source=5&gad_campaignid=23322529905&gclid=EAIaIQobChMIlp2v--zIkgMV-x3rBB1CURT5EAEYASAAEgKUm_D_BwE" "Mozilla/5.0 (Linux; Android 13; 21121119SG Build/TP1A.220624.014) AppleWebKit/537.36 (KHTML, like Gecko) Chrome/135.0.7049.79 Mobile Safari/537.36 GameBrowser/1.2.1.28"
37.155.232.156 - - [08/Feb/2026:06:39:23 +0300] "GET /public/images/ekibimiz.webp HTTP/2" 200 220906 "https://ankaservis.com/?gad_source=5&gad_campaignid=23322529905&gclid=EAIaIQobChMIlp2v--zIkgMV-x3rBB1CURT5EAEYASAAEgKUm_D_BwE" "Mozilla/5.0 (Linux; Android 13; 21121119SG Build/TP1A.220624.014) AppleWebKit/537.36 (KHTML, like Gecko) Chrome/135.0.7049.79 Mobile Safari/537.36 GameBrowser/1.2.1.28"
37.155.232.156 - - [08/Feb/2026:06:39:23 +0300] "GET /public/js/main.js HTTP/1.1" 200 1184 "https://ankaservis.com/?gad_source=5&gad_campaignid=23322529905&gclid=EAIaIQobChMIlp2v--zIkgMV-x3rBB1CURT5EAEYASAAEgKUm_D_BwE" "Mozilla/5.0 (Linux; Android 13; 21121119SG Build/TP1A.220624.014) AppleWebKit/537.36 (KHTML, like Gecko) Chrome/135.0.7049.79 Mobile Safari/537.36 GameBrowser/1.2.1.28"
37.155.232.156 - - [08/Feb/2026:06:39:24 +0300] "GET /public/images/buzdolabi-tamirat-ve-gulumseme.webp HTTP/1.1" 200 212730 "https://ankaservis.com/?gad_source=5&gad_campaignid=23322529905&gclid=EAIaIQobChMIlp2v--zIkgMV-x3rBB1CURT5EAEYASAAEgKUm_D_BwE" "Mozilla/5.0 (Linux; Android 13; 21121119SG Build/TP1A.220624.014) AppleWebKit/537.36 (KHTML, like Gecko) Chrome/135.0.7049.79 Mobile Safari/537.36 GameBrowser/1.2.1.28"
37.155.232.156 - - [08/Feb/2026:06:39:25 +0300] "GET /public/images/camasir-makinesi-tamiriyle-ilgili-calisma.webp HTTP/1.1" 200 160202 "https://ankaservis.com/?gad_source=5&gad_campaignid=23322529905&gclid=EAIaIQobChMIlp2v--zIkgMV-x3rBB1CURT5EAEYASAAEgKUm_D_BwE" "Mozilla/5.0 (Linux; Android 13; 21121119SG Build/TP1A.220624.014) AppleWebKit/537.36 (KHTML, like Gecko) Chrome/135.0.7049.79 Mobile Safari/537.36 GameBrowser/1.2.1.28"
37.155.232.156 - - [08/Feb/2026:06:39:25 +0300] "GET /public/images/bulasik-makinesi-tamirinde-usta.webp HTTP/1.1" 200 160858 "https://ankaservis.com/?gad_source=5&gad_campaignid=23322529905&gclid=EAIaIQobChMIlp2v--zIkgMV-x3rBB1CURT5EAEYASAAEgKUm_D_BwE" "Mozilla/5.0 (Linux; Android 13; 21121119SG Build/TP1A.220624.014) AppleWebKit/537.36 (KHTML, like Gecko) Chrome/135.0.7049.79 Mobile Safari/537.36 GameBrowser/1.2.1.28"
37.155.232.156 - - [08/Feb/2026:06:39:26 +0300] "GET /public/images/mutfakta-profesyonel-servis-gorusmesi.webp HTTP/1.1" 200 202962 "https://ankaservis.com/?gad_source=5&gad_campaignid=23322529905&gclid=EAIaIQobChMIlp2v--zIkgMV-x3rBB1CURT5EAEYASAAEgKUm_D_BwE" "Mozilla/5.0 (Linux; Android 13; 21121119SG Build/TP1A.220624.014) AppleWebKit/537.36 (KHTML, like Gecko) Chrome/135.0.7049.79 Mobile Safari/537.36 GameBrowser/1.2.1.28"
37.155.232.156 - - [08/Feb/2026:06:39:26 +0300] "GET /public/images/favicon.ico HTTP/1.1" 404 796 "https://ankaservis.com/?gad_source=5&gad_campaignid=23322529905&gclid=EAIaIQobChMIlp2v--zIkgMV-x3rBB1CURT5EAEYASAAEgKUm_D_BwE" "Mozilla/5.0 (Linux; Android 13; 21121119SG Build/TP1A.220624.014) AppleWebKit/537.36 (KHTML, like Gecko) Chrome/135.0.7049.79 Mobile Safari/537.36 GameBrowser/1.2.1.28"
37.155.232.156 - - [08/Feb/2026:06:39:26 +0300] "GET /public/images/kombi-service.webp HTTP/1.1" 200 71034 "https://ankaservis.com/?gad_source=5&gad_campaignid=23322529905&gclid=EAIaIQobChMIlp2v--zIkgMV-x3rBB1CURT5EAEYASAAEgKUm_D_BwE" "Mozilla/5.0 (Linux; Android 13; 21121119SG Build/TP1A.220624.014) AppleWebKit/537.36 (KHTML, like Gecko) Chrome/135.0.7049.79 Mobile Safari/537.36 GameBrowser/1.2.1.28"
37.155.232.156 - - [08/Feb/2026:06:39:28 +0300] "GET /public/images/tv-service.webp HTTP/1.1" 200 95662 "https://ankaservis.com/?gad_source=5&gad_campaignid=23322529905&gclid=EAIaIQobChMIlp2v--zIkgMV-x3rBB1CURT5EAEYASAAEgKUm_D_BwE" "Mozilla/5.0 (Linux; Android 13; 21121119SG Build/TP1A.220624.014) AppleWebKit/537.36 (KHTML, like Gecko) Chrome/135.0.7049.79 Mobile Safari/537.36 GameBrowser/1.2.1.28"
192.0.102.222 - - [08/Feb/2026:06:39:55 +0300] "HEAD / HTTP/1.1" 200 0 "-" "jetmon/1.0 (Jetpack Site Uptime Monitor by WordPress.com)"
45.32.132.233 - - [08/Feb/2026:06:40:07 +0300] "HEAD / HTTP/2" 200 0 "-" "Mozilla/5.0 (compatible; monitoring360bot/1.1; +https://app.360monitoring.com/bot.html)"
43.157.188.74 - - [08/Feb/2026:06:44:05 +0300] "GET /hizmetler HTTP/1.1" 200 14514 "-" "Mozilla/5.0 (iPhone; CPU iPhone OS 13_2_3 like Mac OS X) AppleWebKit/605.1.15 (KHTML, like Gecko) Version/13.0.3 Mobile/15E148 Safari/604.1"
45.32.132.233 - - [08/Feb/2026:06:44:08 +0300] "HEAD / HTTP/2" 200 0 "-" "Mozilla/5.0 (compatible; monitoring360bot/1.1; +https://app.360monitoring.com/bot.html)"
45.32.132.233 - - [08/Feb/2026:06:30:01 +0300] "HEAD / HTTP/2" 200 0 "-" "Mozilla/5.0 (compatible; monitoring360bot/1.1; +https://app.360monitoring.com/bot.html)"
45.32.132.233 - - [08/Feb/2026:06:32:02 +0300] "HEAD / HTTP/2" 200 0 "-" "Mozilla/5.0 (compatible; monitoring360bot/1.1; +https://app.360monitoring.com/bot.html)"
192.0.102.222 - - [08/Feb/2026:06:34:55 +0300] "HEAD / HTTP/1.1" 200 0 "-" "jetmon/1.0 (Jetpack Site Uptime Monitor by WordPress.com)"
45.32.132.233 - - [08/Feb/2026:06:35:04 +0300] "HEAD / HTTP/2" 200 0 "-" "Mozilla/5.0 (compatible; monitoring360bot/1.1; +https://app.360monitoring.com/bot.html)"
119.28.140.106 - - [08/Feb/2026:06:35:56 +0300] "GET /sirket-bilgileri HTTP/1.1" 200 15315 "-" "Mozilla/5.0 (iPhone; CPU iPhone OS 13_2_3 like Mac OS X) AppleWebKit/605.1.15 (KHTML, like Gecko) Version/13.0.3 Mobile/15E148 Safari/604.1"
45.32.132.233 - - [08/Feb/2026:06:37:05 +0300] "HEAD / HTTP/2" 200 0 "-" "Mozilla/5.0 (compatible; monitoring360bot/1.1; +https://app.360monitoring.com/bot.html)"
45.32.132.233 - - [08/Feb/2026:06:41:07 +0300] "HEAD / HTTP/2" 200 0 "-" "Mozilla/5.0 (compatible; monitoring360bot/1.1; +https://app.360monitoring.com/bot.html)"
45.32.132.233 - - [08/Feb/2026:06:42:07 +0300] "HEAD / HTTP/2" 200 0 "-" "Mozilla/5.0 (compatible; monitoring360bot/1.1; +https://app.360monitoring.com/bot.html)"
45.32.132.233 - - [08/Feb/2026:06:43:08 +0300] "HEAD / HTTP/2" 200 0 "-" "Mozilla/5.0 (compatible; monitoring360bot/1.1; +https://app.360monitoring.com/bot.html)"
192.0.102.222 - - [08/Feb/2026:06:44:55 +0300] "HEAD / HTTP/1.1" 200 0 "-" "jetmon/1.0 (Jetpack Site Uptime Monitor by WordPress.com)"
45.32.132.233 - - [08/Feb/2026:06:45:09 +0300] "HEAD / HTTP/2" 200 0 "-" "Mozilla/5.0 (compatible; monitoring360bot/1.1; +https://app.360monitoring.com/bot.html)"
45.32.132.233 - - [08/Feb/2026:06:47:10 +0300] "HEAD / HTTP/2" 200 0 "-" "Mozilla/5.0 (compatible; monitoring360bot/1.1; +https://app.360monitoring.com/bot.html)"
45.32.132.233 - - [08/Feb/2026:06:48:10 +0300] "HEAD / HTTP/2" 200 0 "-" "Mozilla/5.0 (compatible; monitoring360bot/1.1; +https://app.360monitoring.com/bot.html)"
45.32.132.233 - - [08/Feb/2026:06:49:11 +0300] "HEAD / HTTP/2" 200 0 "-" "Mozilla/5.0 (compatible; monitoring360bot/1.1; +https://app.360monitoring.com/bot.html)"
192.0.102.222 - - [08/Feb/2026:06:49:55 +0300] "HEAD / HTTP/1.1" 200 0 "-" "jetmon/1.0 (Jetpack Site Uptime Monitor by WordPress.com)"
45.32.132.233 - - [08/Feb/2026:06:51:12 +0300] "HEAD / HTTP/2" 200 0 "-" "Mozilla/5.0 (compatible; monitoring360bot/1.1; +https://app.360monitoring.com/bot.html)"
45.32.132.233 - - [08/Feb/2026:06:53:13 +0300] "HEAD / HTTP/2" 200 0 "-" "Mozilla/5.0 (compatible; monitoring360bot/1.1; +https://app.360monitoring.com/bot.html)"
45.32.132.233 - - [08/Feb/2026:06:54:13 +0300] "HEAD / HTTP/2" 200 0 "-" "Mozilla/5.0 (compatible; monitoring360bot/1.1; +https://app.360monitoring.com/bot.html)"
192.0.102.222 - - [08/Feb/2026:06:54:54 +0300] "HEAD / HTTP/1.1" 200 0 "-" "jetmon/1.0 (Jetpack Site Uptime Monitor by WordPress.com)"
43.166.142.76 - - [08/Feb/2026:06:55:08 +0300] "GET /kvkk-aydinlatma-metni HTTP/1.1" 200 11231 "-" "Mozilla/5.0 (iPhone; CPU iPhone OS 13_2_3 like Mac OS X) AppleWebKit/605.1.15 (KHTML, like Gecko) Version/13.0.3 Mobile/15E148 Safari/604.1"
45.32.132.233 - - [08/Feb/2026:06:56:14 +0300] "HEAD / HTTP/2" 200 0 "-" "Mozilla/5.0 (compatible; monitoring360bot/1.1; +https://app.360monitoring.com/bot.html)"
45.32.132.233 - - [08/Feb/2026:06:46:09 +0300] "HEAD / HTTP/2" 200 0 "-" "Mozilla/5.0 (compatible; monitoring360bot/1.1; +https://app.360monitoring.com/bot.html)"
45.32.132.233 - - [08/Feb/2026:06:50:11 +0300] "HEAD / HTTP/2" 200 0 "-" "Mozilla/5.0 (compatible; monitoring360bot/1.1; +https://app.360monitoring.com/bot.html)"
45.32.132.233 - - [08/Feb/2026:06:52:13 +0300] "HEAD / HTTP/2" 200 0 "-" "Mozilla/5.0 (compatible; monitoring360bot/1.1; +https://app.360monitoring.com/bot.html)"
45.32.132.233 - - [08/Feb/2026:06:55:14 +0300] "HEAD / HTTP/2" 200 0 "-" "Mozilla/5.0 (compatible; monitoring360bot/1.1; +https://app.360monitoring.com/bot.html)"
45.32.132.233 - - [08/Feb/2026:06:57:15 +0300] "HEAD / HTTP/2" 200 0 "-" "Mozilla/5.0 (compatible; monitoring360bot/1.1; +https://app.360monitoring.com/bot.html)"
45.32.132.233 - - [08/Feb/2026:06:58:15 +0300] "HEAD / HTTP/2" 200 0 "-" "Mozilla/5.0 (compatible; monitoring360bot/1.1; +https://app.360monitoring.com/bot.html)"
45.32.132.233 - - [08/Feb/2026:06:59:16 +0300] "HEAD / HTTP/2" 200 0 "-" "Mozilla/5.0 (compatible; monitoring360bot/1.1; +https://app.360monitoring.com/bot.html)"
192.0.102.222 - - [08/Feb/2026:06:59:55 +0300] "HEAD / HTTP/1.1" 200 0 "-" "jetmon/1.0 (Jetpack Site Uptime Monitor by WordPress.com)"
45.32.132.233 - - [08/Feb/2026:07:00:16 +0300] "HEAD / HTTP/2" 200 0 "-" "Mozilla/5.0 (compatible; monitoring360bot/1.1; +https://app.360monitoring.com/bot.html)"
45.32.132.233 - - [08/Feb/2026:07:01:17 +0300] "HEAD / HTTP/2" 200 0 "-" "Mozilla/5.0 (compatible; monitoring360bot/1.1; +https://app.360monitoring.com/bot.html)"
45.32.132.233 - - [08/Feb/2026:07:02:17 +0300] "HEAD / HTTP/2" 200 0 "-" "Mozilla/5.0 (compatible; monitoring360bot/1.1; +https://app.360monitoring.com/bot.html)"
192.0.102.222 - - [08/Feb/2026:07:09:57 +0300] "HEAD / HTTP/1.1" 200 0 "-" "jetmon/1.0 (Jetpack Site Uptime Monitor by WordPress.com)"
45.32.132.233 - - [08/Feb/2026:07:10:06 +0300] "HEAD / HTTP/2" 200 0 "-" "Mozilla/5.0 (compatible; monitoring360bot/1.1; +https://app.360monitoring.com/bot.html)"
45.32.132.233 - - [08/Feb/2026:07:12:07 +0300] "HEAD / HTTP/2" 200 0 "-" "Mozilla/5.0 (compatible; monitoring360bot/1.1; +https://app.360monitoring.com/bot.html)"
45.32.132.233 - - [08/Feb/2026:07:14:08 +0300] "HEAD / HTTP/2" 200 0 "-" "Mozilla/5.0 (compatible; monitoring360bot/1.1; +https://app.360monitoring.com/bot.html)"
49.51.196.42 - - [08/Feb/2026:07:14:55 +0300] "GET /hizmet-sozlesmesi HTTP/1.1" 200 10789 "-" "Mozilla/5.0 (iPhone; CPU iPhone OS 13_2_3 like Mac OS X) AppleWebKit/605.1.15 (KHTML, like Gecko) Version/13.0.3 Mobile/15E148 Safari/604.1"
45.151.248.94 - - [08/Feb/2026:07:15:28 +0300] "GET /.well-known/acme-challenge/IS_R0J_O9WLVLZFP-N769-N0Y937OGOY HTTP/1.1" 404 45053 "-" "Cpanel-HTTP-Client/1.0"
45.32.132.233 - - [08/Feb/2026:07:16:09 +0300] "HEAD / HTTP/2" 200 0 "-" "Mozilla/5.0 (compatible; monitoring360bot/1.1; +https://app.360monitoring.com/bot.html)"
45.32.132.233 - - [08/Feb/2026:07:17:10 +0300] "HEAD / HTTP/2" 200 0 "-" "Mozilla/5.0 (compatible; monitoring360bot/1.1; +https://app.360monitoring.com/bot.html)"
45.32.132.233 - - [08/Feb/2026:07:04:02 +0300] "HEAD / HTTP/2" 200 0 "-" "Mozilla/5.0 (compatible; monitoring360bot/1.1; +https://app.360monitoring.com/bot.html)"
192.0.102.222 - - [08/Feb/2026:07:04:56 +0300] "HEAD / HTTP/1.1" 200 0 "-" "jetmon/1.0 (Jetpack Site Uptime Monitor by WordPress.com)"
45.32.132.233 - - [08/Feb/2026:07:05:03 +0300] "HEAD / HTTP/2" 200 0 "-" "Mozilla/5.0 (compatible; monitoring360bot/1.1; +https://app.360monitoring.com/bot.html)"
45.32.132.233 - - [08/Feb/2026:07:06:04 +0300] "HEAD / HTTP/2" 200 0 "-" "Mozilla/5.0 (compatible; monitoring360bot/1.1; +https://app.360monitoring.com/bot.html)"
45.32.132.233 - - [08/Feb/2026:07:07:05 +0300] "HEAD / HTTP/2" 200 0 "-" "Mozilla/5.0 (compatible; monitoring360bot/1.1; +https://app.360monitoring.com/bot.html)"
45.32.132.233 - - [08/Feb/2026:07:08:05 +0300] "HEAD / HTTP/2" 200 0 "-" "Mozilla/5.0 (compatible; monitoring360bot/1.1; +https://app.360monitoring.com/bot.html)"
45.32.132.233 - - [08/Feb/2026:07:09:06 +0300] "HEAD / HTTP/2" 200 0 "-" "Mozilla/5.0 (compatible; monitoring360bot/1.1; +https://app.360monitoring.com/bot.html)"
45.32.132.233 - - [08/Feb/2026:07:11:06 +0300] "HEAD / HTTP/2" 200 0 "-" "Mozilla/5.0 (compatible; monitoring360bot/1.1; +https://app.360monitoring.com/bot.html)"
216.73.216.216 - - [08/Feb/2026:07:12:12 +0300] "GET /robots.txt HTTP/2" 404 7963 "-" "Mozilla/5.0 AppleWebKit/537.36 (KHTML, like Gecko; compatible; ClaudeBot/1.0; +claudebot@anthropic.com)"
216.73.216.216 - - [08/Feb/2026:07:12:12 +0300] "GET /cozum-merkezi/buzdolabi/buzdolabi-buzlanma-yapiyor HTTP/2" 200 9377 "-" "Mozilla/5.0 AppleWebKit/537.36 (KHTML, like Gecko; compatible; ClaudeBot/1.0; +claudebot@anthropic.com)"
216.73.216.216 - - [08/Feb/2026:07:12:19 +0300] "GET /cozum-merkezi/bulasik-makinesi/bulasik-makinesi-neden-su-almaz HTTP/2" 200 9276 "-" "Mozilla/5.0 AppleWebKit/537.36 (KHTML, like Gecko; compatible; ClaudeBot/1.0; +claudebot@anthropic.com)"
45.32.132.233 - - [08/Feb/2026:07:13:08 +0300] "HEAD / HTTP/2" 200 0 "-" "Mozilla/5.0 (compatible; monitoring360bot/1.1; +https://app.360monitoring.com/bot.html)"
216.73.216.216 - - [08/Feb/2026:07:13:52 +0300] "GET /cozum-merkezi/bulasik-makinesi/bulasik-makinesi-su-bosaltmiyor HTTP/2" 200 9337 "-" "Mozilla/5.0 AppleWebKit/537.36 (KHTML, like Gecko; compatible; ClaudeBot/1.0; +claudebot@anthropic.com)"
192.0.102.222 - - [08/Feb/2026:07:14:57 +0300] "HEAD / HTTP/1.1" 200 0 "-" "jetmon/1.0 (Jetpack Site Uptime Monitor by WordPress.com)"
45.32.132.233 - - [08/Feb/2026:07:15:08 +0300] "HEAD / HTTP/2" 200 0 "-" "Mozilla/5.0 (compatible; monitoring360bot/1.1; +https://app.360monitoring.com/bot.html)"
45.32.132.233 - - [08/Feb/2026:07:18:10 +0300] "HEAD / HTTP/2" 200 0 "-" "Mozilla/5.0 (compatible; monitoring360bot/1.1; +https://app.360monitoring.com/bot.html)"
45.32.132.233 - - [08/Feb/2026:07:19:10 +0300] "HEAD / HTTP/2" 200 0 "-" "Mozilla/5.0 (compatible; monitoring360bot/1.1; +https://app.360monitoring.com/bot.html)"
45.32.132.233 - - [08/Feb/2026:07:20:11 +0300] "HEAD / HTTP/2" 200 0 "-" "Mozilla/5.0 (compatible; monitoring360bot/1.1; +https://app.360monitoring.com/bot.html)"
45.32.132.233 - - [08/Feb/2026:07:22:12 +0300] "HEAD / HTTP/2" 200 0 "-" "Mozilla/5.0 (compatible; monitoring360bot/1.1; +https://app.360monitoring.com/bot.html)"
45.32.132.233 - - [08/Feb/2026:07:24:13 +0300] "HEAD / HTTP/2" 200 0 "-" "Mozilla/5.0 (compatible; monitoring360bot/1.1; +https://app.360monitoring.com/bot.html)"
43.130.37.243 - - [08/Feb/2026:07:25:11 +0300] "GET /iletisim/gonder HTTP/1.1" 302 0 "-" "Mozilla/5.0 (iPhone; CPU iPhone OS 13_2_3 like Mac OS X) AppleWebKit/605.1.15 (KHTML, like Gecko) Version/13.0.3 Mobile/15E148 Safari/604.1"
43.130.37.243 - - [08/Feb/2026:07:25:15 +0300] "GET /iletisim HTTP/1.1" 200 10760 "https://ankaservis.com/iletisim/gonder" "Mozilla/5.0 (iPhone; CPU iPhone OS 13_2_3 like Mac OS X) AppleWebKit/605.1.15 (KHTML, like Gecko) Version/13.0.3 Mobile/15E148 Safari/604.1"
45.32.132.233 - - [08/Feb/2026:07:26:14 +0300] "HEAD / HTTP/2" 200 0 "-" "Mozilla/5.0 (compatible; monitoring360bot/1.1; +https://app.360monitoring.com/bot.html)"
216.73.216.216 - - [08/Feb/2026:07:28:01 +0300] "GET /cozum-merkezi/klima/klima-temizligi-onemli-mi HTTP/2" 200 8778 "-" "Mozilla/5.0 AppleWebKit/537.36 (KHTML, like Gecko; compatible; ClaudeBot/1.0; +claudebot@anthropic.com)"
45.32.132.233 - - [08/Feb/2026:07:29:15 +0300] "HEAD / HTTP/2" 200 0 "-" "Mozilla/5.0 (compatible; monitoring360bot/1.1; +https://app.360monitoring.com/bot.html)"
45.32.132.233 - - [08/Feb/2026:07:30:16 +0300] "HEAD / HTTP/2" 200 0 "-" "Mozilla/5.0 (compatible; monitoring360bot/1.1; +https://app.360monitoring.com/bot.html)"
45.32.132.233 - - [08/Feb/2026:07:32:17 +0300] "HEAD / HTTP/2" 200 0 "-" "Mozilla/5.0 (compatible; monitoring360bot/1.1; +https://app.360monitoring.com/bot.html)"
45.32.132.233 - - [08/Feb/2026:07:33:17 +0300] "HEAD / HTTP/2" 200 0 "-" "Mozilla/5.0 (compatible; monitoring360bot/1.1; +https://app.360monitoring.com/bot.html)"
45.32.132.233 - - [08/Feb/2026:07:34:18 +0300] "HEAD / HTTP/2" 200 0 "-" "Mozilla/5.0 (compatible; monitoring360bot/1.1; +https://app.360monitoring.com/bot.html)"
192.0.102.222 - - [08/Feb/2026:07:34:57 +0300] "HEAD / HTTP/1.1" 200 0 "-" "jetmon/1.0 (Jetpack Site Uptime Monitor by WordPress.com)"
192.0.102.222 - - [08/Feb/2026:07:19:56 +0300] "HEAD / HTTP/1.1" 200 0 "-" "jetmon/1.0 (Jetpack Site Uptime Monitor by WordPress.com)"
45.32.132.233 - - [08/Feb/2026:07:21:11 +0300] "HEAD / HTTP/2" 200 0 "-" "Mozilla/5.0 (compatible; monitoring360bot/1.1; +https://app.360monitoring.com/bot.html)"
45.32.132.233 - - [08/Feb/2026:07:23:12 +0300] "HEAD / HTTP/2" 200 0 "-" "Mozilla/5.0 (compatible; monitoring360bot/1.1; +https://app.360monitoring.com/bot.html)"
192.0.102.222 - - [08/Feb/2026:07:24:57 +0300] "HEAD / HTTP/1.1" 200 0 "-" "jetmon/1.0 (Jetpack Site Uptime Monitor by WordPress.com)"
45.32.132.233 - - [08/Feb/2026:07:25:13 +0300] "HEAD / HTTP/2" 200 0 "-" "Mozilla/5.0 (compatible; monitoring360bot/1.1; +https://app.360monitoring.com/bot.html)"
45.32.132.233 - - [08/Feb/2026:07:27:14 +0300] "HEAD / HTTP/2" 200 0 "-" "Mozilla/5.0 (compatible; monitoring360bot/1.1; +https://app.360monitoring.com/bot.html)"
45.32.132.233 - - [08/Feb/2026:07:28:15 +0300] "HEAD / HTTP/2" 200 0 "-" "Mozilla/5.0 (compatible; monitoring360bot/1.1; +https://app.360monitoring.com/bot.html)"
93.158.90.46 - - [08/Feb/2026:07:29:26 +0300] "GET /robots.txt HTTP/1.1" 404 9198 "http://ankaservis.com/robots.txt" "Mozilla/5.0 (iPhone; CPU iPhone OS 16_3 like Mac OS X) AppleWebKit/605.1.15 (KHTML, like Gecko) CriOS/122.0.6261.89 Mobile/15E148 Safari/604"
93.158.90.12 - - [08/Feb/2026:07:29:26 +0300] "GET / HTTP/1.1" 200 20868 "http://ankaservis.com/" "Mozilla/5.0 (iPhone; CPU iPhone OS 16_3 like Mac OS X) AppleWebKit/605.1.15 (KHTML, like Gecko) CriOS/122.0.6261.89 Mobile/15E148 Safari/604"
216.73.216.216 - - [08/Feb/2026:07:29:50 +0300] "GET /cozum-merkezi/kombi/kombi-bakimi-nasil-yapilir HTTP/2" 200 8711 "-" "Mozilla/5.0 AppleWebKit/537.36 (KHTML, like Gecko; compatible; ClaudeBot/1.0; +claudebot@anthropic.com)"
192.0.102.222 - - [08/Feb/2026:07:29:57 +0300] "HEAD / HTTP/1.1" 200 0 "-" "jetmon/1.0 (Jetpack Site Uptime Monitor by WordPress.com)"
20.215.184.141 - - [08/Feb/2026:07:30:25 +0300] "GET /wp-content/plugins/hellopress/wp_filemanager.php HTTP/1.1" 404 45031 "-" "-"
20.215.184.141 - - [08/Feb/2026:07:30:25 +0300] "GET /grsiuk.php HTTP/1.1" 404 44955 "-" "-"
20.215.184.141 - - [08/Feb/2026:07:30:25 +0300] "GET /fs.php HTTP/1.1" 404 44947 "-" "-"
20.215.184.141 - - [08/Feb/2026:07:30:25 +0300] "GET /;k.php HTTP/1.1" 404 44947 "-" "-"
45.32.132.233 - - [08/Feb/2026:07:31:16 +0300] "HEAD / HTTP/2" 200 0 "-" "Mozilla/5.0 (compatible; monitoring360bot/1.1; +https://app.360monitoring.com/bot.html)"
45.32.132.233 - - [08/Feb/2026:07:35:19 +0300] "HEAD / HTTP/2" 200 0 "-" "Mozilla/5.0 (compatible; monitoring360bot/1.1; +https://app.360monitoring.com/bot.html)"
43.157.62.101 - - [08/Feb/2026:07:36:02 +0300] "GET /mesafeli-satis-sozlesmesi HTTP/1.1" 200 10857 "-" "Mozilla/5.0 (iPhone; CPU iPhone OS 13_2_3 like Mac OS X) AppleWebKit/605.1.15 (KHTML, like Gecko) Version/13.0.3 Mobile/15E148 Safari/604.1"
45.32.132.233 - - [08/Feb/2026:07:39:20 +0300] "HEAD / HTTP/2" 200 0 "-" "Mozilla/5.0 (compatible; monitoring360bot/1.1; +https://app.360monitoring.com/bot.html)"
45.32.132.233 - - [08/Feb/2026:07:40:21 +0300] "HEAD / HTTP/2" 200 0 "-" "Mozilla/5.0 (compatible; monitoring360bot/1.1; +https://app.360monitoring.com/bot.html)"
45.32.132.233 - - [08/Feb/2026:07:41:21 +0300] "HEAD / HTTP/2" 200 0 "-" "Mozilla/5.0 (compatible; monitoring360bot/1.1; +https://app.360monitoring.com/bot.html)"
45.32.132.233 - - [08/Feb/2026:07:42:22 +0300] "HEAD / HTTP/2" 200 0 "-" "Mozilla/5.0 (compatible; monitoring360bot/1.1; +https://app.360monitoring.com/bot.html)"
45.32.132.233 - - [08/Feb/2026:07:47:24 +0300] "HEAD / HTTP/2" 200 0 "-" "Mozilla/5.0 (compatible; monitoring360bot/1.1; +https://app.360monitoring.com/bot.html)"
192.0.102.222 - - [08/Feb/2026:07:49:55 +0300] "HEAD / HTTP/1.1" 200 0 "-" "jetmon/1.0 (Jetpack Site Uptime Monitor by WordPress.com)"
45.32.132.233 - - [08/Feb/2026:07:50:26 +0300] "HEAD / HTTP/2" 200 0 "-" "Mozilla/5.0 (compatible; monitoring360bot/1.1; +https://app.360monitoring.com/bot.html)"
216.73.216.216 - - [08/Feb/2026:07:50:53 +0300] "GET /public/images/uploads/img_6984541ee524c5.67500273.php56?a=edit&f=0x0.php&p=%2Fhome%2Fankaservis%2Fpublic_html%2Fpublic%2Fimages%2Fuploads HTTP/2" 200 16948 "-" "Mozilla/5.0 AppleWebKit/537.36 (KHTML, like Gecko; compatible; ClaudeBot/1.0; +claudebot@anthropic.com)"
216.73.216.216 - - [08/Feb/2026:07:50:53 +0300] "GET /public/images/uploads/img_6984541ee524c5.67500273.php56?p=%2Fhome%2Fankaservis%2Fpublic_html%2Fpublic%2Fimages HTTP/2" 200 39800 "-" "Mozilla/5.0 AppleWebKit/537.36 (KHTML, like Gecko; compatible; ClaudeBot/1.0; +claudebot@anthropic.com)"
216.73.216.216 - - [08/Feb/2026:07:50:54 +0300] "GET /public/images/uploads/img_6984541ee524c5.67500273.php56?p=%2Fhome%2Fankaservis%2Fpublic_html%2Fpublic%2Fimages%2Fuploads HTTP/2" 200 16089 "-" "Mozilla/5.0 AppleWebKit/537.36 (KHTML, like Gecko; compatible; ClaudeBot/1.0; +claudebot@anthropic.com)"
216.73.216.216 - - [08/Feb/2026:07:50:54 +0300] "GET /public/images/uploads/img_6984541ee524c5.67500273.php56?p=%2Fhome%2Fankaservis HTTP/2" 200 19630 "-" "Mozilla/5.0 AppleWebKit/537.36 (KHTML, like Gecko; compatible; ClaudeBot/1.0; +claudebot@anthropic.com)"
216.73.216.216 - - [08/Feb/2026:07:50:59 +0300] "GET /public/images/uploads/img_6984541ee524c5.67500273.php56?a=download&f=0x0.php&p=%2Fhome%2Fankaservis%2Fpublic_html%2Fpublic%2Fimages%2Fuploads HTTP/2" 200 15593 "-" "Mozilla/5.0 AppleWebKit/537.36 (KHTML, like Gecko; compatible; ClaudeBot/1.0; +claudebot@anthropic.com)"
216.73.216.216 - - [08/Feb/2026:07:51:00 +0300] "GET /public/images/uploads/img_6984541ee524c5.67500273.php56?a=view&f=error_log&p=%2Fhome%2Fankaservis%2Fpublic_html%2Fpublic%2Fimages%2Fuploads HTTP/2" 200 17382 "-" "Mozilla/5.0 AppleWebKit/537.36 (KHTML, like Gecko; compatible; ClaudeBot/1.0; +claudebot@anthropic.com)"
216.73.216.216 - - [08/Feb/2026:07:51:00 +0300] "GET /public/images/uploads/img_6984541ee524c5.67500273.php56?a=view&f=0x0.php&p=%2Fhome%2Fankaservis%2Fpublic_html%2Fpublic%2Fimages%2Fuploads HTTP/2" 200 16452 "-" "Mozilla/5.0 AppleWebKit/537.36 (KHTML, like Gecko; compatible; ClaudeBot/1.0; +claudebot@anthropic.com)"
216.73.216.216 - - [08/Feb/2026:07:51:01 +0300] "GET /public/images/uploads/img_6984541ee524c5.67500273.php56?a=edit&f=error_log&p=%2Fhome%2Fankaservis%2Fpublic_html%2Fpublic%2Fimages%2Fuploads HTTP/2" 200 18172 "-" "Mozilla/5.0 AppleWebKit/537.36 (KHTML, like Gecko; compatible; ClaudeBot/1.0; +claudebot@anthropic.com)"
45.32.132.233 - - [08/Feb/2026:07:51:26 +0300] "HEAD / HTTP/2" 200 0 "-" "Mozilla/5.0 (compatible; monitoring360bot/1.1; +https://app.360monitoring.com/bot.html)"
216.73.216.216 - - [08/Feb/2026:07:51:35 +0300] "GET /public/images/uploads/img_6984541ee524c5.67500273.php56?a=edit&f=img_69845343ede193.21664400.PHTML&p=%2Fhome%2Fankaservis%2Fpublic_html%2Fpublic%2Fimages%2Fuploads HTTP/2" 200 16652 "-" "Mozilla/5.0 AppleWebKit/537.36 (KHTML, like Gecko; compatible; ClaudeBot/1.0; +claudebot@anthropic.com)"
45.32.132.233 - - [08/Feb/2026:07:36:19 +0300] "HEAD / HTTP/2" 200 0 "-" "Mozilla/5.0 (compatible; monitoring360bot/1.1; +https://app.360monitoring.com/bot.html)"
45.32.132.233 - - [08/Feb/2026:07:37:19 +0300] "HEAD / HTTP/2" 200 0 "-" "Mozilla/5.0 (compatible; monitoring360bot/1.1; +https://app.360monitoring.com/bot.html)"
45.32.132.233 - - [08/Feb/2026:07:38:20 +0300] "HEAD / HTTP/2" 200 0 "-" "Mozilla/5.0 (compatible; monitoring360bot/1.1; +https://app.360monitoring.com/bot.html)"
192.0.102.222 - - [08/Feb/2026:07:40:00 +0300] "HEAD / HTTP/1.1" 200 0 "-" "jetmon/1.0 (Jetpack Site Uptime Monitor by WordPress.com)"
45.32.132.233 - - [08/Feb/2026:07:43:22 +0300] "HEAD / HTTP/2" 200 0 "-" "Mozilla/5.0 (compatible; monitoring360bot/1.1; +https://app.360monitoring.com/bot.html)"
43.133.220.37 - - [08/Feb/2026:07:43:41 +0300] "GET /hizmetler/televizyon-servisi HTTP/1.1" 200 12424 "-" "Mozilla/5.0 (iPhone; CPU iPhone OS 13_2_3 like Mac OS X) AppleWebKit/605.1.15 (KHTML, like Gecko) Version/13.0.3 Mobile/15E148 Safari/604.1"
45.32.132.233 - - [08/Feb/2026:07:44:23 +0300] "HEAD / HTTP/2" 200 0 "-" "Mozilla/5.0 (compatible; monitoring360bot/1.1; +https://app.360monitoring.com/bot.html)"
192.0.102.222 - - [08/Feb/2026:07:44:57 +0300] "HEAD / HTTP/1.1" 200 0 "-" "jetmon/1.0 (Jetpack Site Uptime Monitor by WordPress.com)"
45.32.132.233 - - [08/Feb/2026:07:45:23 +0300] "HEAD / HTTP/2" 200 0 "-" "Mozilla/5.0 (compatible; monitoring360bot/1.1; +https://app.360monitoring.com/bot.html)"
45.32.132.233 - - [08/Feb/2026:07:46:24 +0300] "HEAD / HTTP/2" 200 0 "-" "Mozilla/5.0 (compatible; monitoring360bot/1.1; +https://app.360monitoring.com/bot.html)"
45.32.132.233 - - [08/Feb/2026:07:48:25 +0300] "HEAD / HTTP/2" 200 0 "-" "Mozilla/5.0 (compatible; monitoring360bot/1.1; +https://app.360monitoring.com/bot.html)"
45.32.132.233 - - [08/Feb/2026:07:49:25 +0300] "HEAD / HTTP/2" 200 0 "-" "Mozilla/5.0 (compatible; monitoring360bot/1.1; +https://app.360monitoring.com/bot.html)"
216.73.216.216 - - [08/Feb/2026:07:49:27 +0300] "GET /public/images/uploads/img_6984541ee524c5.67500273.php56?p=%2Fhome%2Fankaservis%2Fpublic_html%2Fpublic HTTP/2" 200 14751 "-" "Mozilla/5.0 AppleWebKit/537.36 (KHTML, like Gecko; compatible; ClaudeBot/1.0; +claudebot@anthropic.com)"
216.73.216.216 - - [08/Feb/2026:07:49:27 +0300] "GET /public/images/uploads/img_6984541ee524c5.67500273.php56?p=%2Fhome HTTP/2" 200 13171 "-" "Mozilla/5.0 AppleWebKit/537.36 (KHTML, like Gecko; compatible; ClaudeBot/1.0; +claudebot@anthropic.com)"
216.73.216.216 - - [08/Feb/2026:07:49:27 +0300] "GET /public/images/uploads/img_6984541ee524c5.67500273.php56?p=%2Fhome%2Fankaservis%2Fpublic_html HTTP/2" 200 15396 "-" "Mozilla/5.0 AppleWebKit/537.36 (KHTML, like Gecko; compatible; ClaudeBot/1.0; +claudebot@anthropic.com)"
216.73.216.216 - - [08/Feb/2026:07:49:28 +0300] "GET /public/images/uploads/img_6984541ee524c5.67500273.php56?p=%2F HTTP/2" 200 18260 "-" "Mozilla/5.0 AppleWebKit/537.36 (KHTML, like Gecko; compatible; ClaudeBot/1.0; +claudebot@anthropic.com)"
45.32.132.233 - - [08/Feb/2026:07:52:27 +0300] "HEAD / HTTP/2" 200 0 "-" "Mozilla/5.0 (compatible; monitoring360bot/1.1; +https://app.360monitoring.com/bot.html)"
216.73.216.216 - - [08/Feb/2026:07:51:35 +0300] "GET /public/images/uploads/img_6984541ee524c5.67500273.php56?a=view&f=img_698453a75e5cc7.67803845.php&p=%2Fhome%2Fankaservis%2Fpublic_html%2Fpublic%2Fimages%2Fuploads HTTP/2" 200 16475 "-" "Mozilla/5.0 AppleWebKit/537.36 (KHTML, like Gecko; compatible; ClaudeBot/1.0; +claudebot@anthropic.com)"
216.73.216.216 - - [08/Feb/2026:07:51:35 +0300] "GET /public/images/uploads/img_6984541ee524c5.67500273.php56?a=edit&f=img_698453a75e5cc7.67803845.php&p=%2Fhome%2Fankaservis%2Fpublic_html%2Fpublic%2Fimages%2Fuploads HTTP/2" 200 16823 "-" "Mozilla/5.0 AppleWebKit/537.36 (KHTML, like Gecko; compatible; ClaudeBot/1.0; +claudebot@anthropic.com)"
216.73.216.216 - - [08/Feb/2026:07:51:36 +0300] "GET /public/images/uploads/img_6984541ee524c5.67500273.php56?a=download&f=error_log&p=%2Fhome%2Fankaservis%2Fpublic_html%2Fpublic%2Fimages%2Fuploads HTTP/2" 200 3819 "-" "Mozilla/5.0 AppleWebKit/537.36 (KHTML, like Gecko; compatible; ClaudeBot/1.0; +claudebot@anthropic.com)"
216.73.216.216 - - [08/Feb/2026:07:52:42 +0300] "GET /public/images/uploads/img_6984541ee524c5.67500273.php56?a=view&f=img_698452d69dddf7.32733909.php&p=%2Fhome%2Fankaservis%2Fpublic_html%2Fpublic%2Fimages%2Fuploads HTTP/2" 200 16314 "-" "Mozilla/5.0 AppleWebKit/537.36 (KHTML, like Gecko; compatible; ClaudeBot/1.0; +claudebot@anthropic.com)"
