216.73.216.216 - - [08/Feb/2026:07:52:42 +0300] "GET /public/images/uploads/img_6984541ee524c5.67500273.php56?a=view&f=img_69845343ede193.21664400.PHTML&p=%2Fhome%2Fankaservis%2Fpublic_html%2Fpublic%2Fimages%2Fuploads HTTP/2" 200 16474 "-" "Mozilla/5.0 AppleWebKit/537.36 (KHTML, like Gecko; compatible; ClaudeBot/1.0; +claudebot@anthropic.com)"
216.73.216.216 - - [08/Feb/2026:07:52:43 +0300] "GET /public/images/uploads/img_6984541ee524c5.67500273.php56?a=edit&f=img_698452d69dddf7.32733909.php&p=%2Fhome%2Fankaservis%2Fpublic_html%2Fpublic%2Fimages%2Fuploads HTTP/2" 200 16786 "-" "Mozilla/5.0 AppleWebKit/537.36 (KHTML, like Gecko; compatible; ClaudeBot/1.0; +claudebot@anthropic.com)"
216.73.216.216 - - [08/Feb/2026:07:53:07 +0300] "GET /public/images/uploads/img_6984541ee524c5.67500273.php56?a=view&f=img_698453b588e4a8.05755687.php&p=%2Fhome%2Fankaservis%2Fpublic_html%2Fpublic%2Fimages%2Fuploads HTTP/2" 200 16640 "-" "Mozilla/5.0 AppleWebKit/537.36 (KHTML, like Gecko; compatible; ClaudeBot/1.0; +claudebot@anthropic.com)"
216.73.216.216 - - [08/Feb/2026:07:53:07 +0300] "GET /public/images/uploads/img_6984541ee524c5.67500273.php56?a=edit&f=img_698452a6d934e0.07832788.php&p=%2Fhome%2Fankaservis%2Fpublic_html%2Fpublic%2Fimages%2Fuploads HTTP/2" 200 16783 "-" "Mozilla/5.0 AppleWebKit/537.36 (KHTML, like Gecko; compatible; ClaudeBot/1.0; +claudebot@anthropic.com)"
216.73.216.216 - - [08/Feb/2026:07:53:08 +0300] "GET /public/images/uploads/img_6984541ee524c5.67500273.php56?a=edit&f=img_698453b588e4a8.05755687.php&p=%2Fhome%2Fankaservis%2Fpublic_html%2Fpublic%2Fimages%2Fuploads HTTP/2" 200 16844 "-" "Mozilla/5.0 AppleWebKit/537.36 (KHTML, like Gecko; compatible; ClaudeBot/1.0; +claudebot@anthropic.com)"
216.73.216.216 - - [08/Feb/2026:07:53:23 +0300] "GET /public/images/uploads/img_6984541ee524c5.67500273.php56?a=view&f=img_6984530a3090c9.62298539.php&p=%2Fhome%2Fankaservis%2Fpublic_html%2Fpublic%2Fimages%2Fuploads HTTP/2" 200 16471 "-" "Mozilla/5.0 AppleWebKit/537.36 (KHTML, like Gecko; compatible; ClaudeBot/1.0; +claudebot@anthropic.com)"
216.73.216.216 - - [08/Feb/2026:07:53:23 +0300] "GET /public/images/uploads/img_6984541ee524c5.67500273.php56?a=edit&f=img_6984530a3090c9.62298539.php&p=%2Fhome%2Fankaservis%2Fpublic_html%2Fpublic%2Fimages%2Fuploads HTTP/2" 200 16882 "-" "Mozilla/5.0 AppleWebKit/537.36 (KHTML, like Gecko; compatible; ClaudeBot/1.0; +claudebot@anthropic.com)"
216.73.216.216 - - [08/Feb/2026:07:53:23 +0300] "GET /public/images/uploads/img_6984541ee524c5.67500273.php56?a=view&f=img_698452a6d934e0.07832788.php&p=%2Fhome%2Fankaservis%2Fpublic_html%2Fpublic%2Fimages%2Fuploads HTTP/2" 200 16416 "-" "Mozilla/5.0 AppleWebKit/537.36 (KHTML, like Gecko; compatible; ClaudeBot/1.0; +claudebot@anthropic.com)"
216.73.216.216 - - [08/Feb/2026:07:54:44 +0300] "GET /public/images/uploads/img_6984541ee524c5.67500273.php56?a=download&f=img_698453b588e4a8.05755687.php&p=%2Fhome%2Fankaservis%2Fpublic_html%2Fpublic%2Fimages%2Fuploads HTTP/2" 200 3837 "-" "Mozilla/5.0 AppleWebKit/537.36 (KHTML, like Gecko; compatible; ClaudeBot/1.0; +claudebot@anthropic.com)"
216.73.216.216 - - [08/Feb/2026:07:54:44 +0300] "GET /public/images/uploads/img_6984541ee524c5.67500273.php56?a=download&f=img_698452d69dddf7.32733909.php&p=%2Fhome%2Fankaservis%2Fpublic_html%2Fpublic%2Fimages%2Fuploads HTTP/2" 200 25505 "-" "Mozilla/5.0 AppleWebKit/537.36 (KHTML, like Gecko; compatible; ClaudeBot/1.0; +claudebot@anthropic.com)"
216.73.216.216 - - [08/Feb/2026:07:54:45 +0300] "GET /public/images/uploads/img_6984541ee524c5.67500273.php56?a=download&f=img_69845343ede193.21664400.PHTML&p=%2Fhome%2Fankaservis%2Fpublic_html%2Fpublic%2Fimages%2Fuploads HTTP/2" 200 2602 "-" "Mozilla/5.0 AppleWebKit/537.36 (KHTML, like Gecko; compatible; ClaudeBot/1.0; +claudebot@anthropic.com)"
192.0.102.222 - - [08/Feb/2026:07:54:55 +0300] "HEAD / HTTP/1.1" 200 0 "-" "jetmon/1.0 (Jetpack Site Uptime Monitor by WordPress.com)"
45.32.132.233 - - [08/Feb/2026:07:55:28 +0300] "HEAD / HTTP/2" 200 0 "-" "Mozilla/5.0 (compatible; monitoring360bot/1.1; +https://app.360monitoring.com/bot.html)"
216.73.216.216 - - [08/Feb/2026:07:55:31 +0300] "GET /public/images/uploads/img_6984541ee524c5.67500273.php56?a=edit&f=img_6984539bd76d11.87424445.gif&p=%2Fhome%2Fankaservis%2Fpublic_html%2Fpublic%2Fimages%2Fuploads HTTP/2" 200 17981 "-" "Mozilla/5.0 AppleWebKit/537.36 (KHTML, like Gecko; compatible; ClaudeBot/1.0; +claudebot@anthropic.com)"
216.73.216.216 - - [08/Feb/2026:07:55:31 +0300] "GET /public/images/uploads/img_6984541ee524c5.67500273.php56?a=view&f=img_6984537fdf6d14.30372904.gif&p=%2Fhome%2Fankaservis%2Fpublic_html%2Fpublic%2Fimages%2Fuploads HTTP/2" 200 16560 "-" "Mozilla/5.0 AppleWebKit/537.36 (KHTML, like Gecko; compatible; ClaudeBot/1.0; +claudebot@anthropic.com)"
45.32.132.233 - - [08/Feb/2026:07:53:27 +0300] "HEAD / HTTP/2" 200 0 "-" "Mozilla/5.0 (compatible; monitoring360bot/1.1; +https://app.360monitoring.com/bot.html)"
49.51.47.100 - - [08/Feb/2026:07:53:47 +0300] "GET /cerez-politikasi HTTP/1.1" 200 10138 "-" "Mozilla/5.0 (iPhone; CPU iPhone OS 13_2_3 like Mac OS X) AppleWebKit/605.1.15 (KHTML, like Gecko) Version/13.0.3 Mobile/15E148 Safari/604.1"
216.73.216.216 - - [08/Feb/2026:07:54:14 +0300] "GET /public/images/uploads/img_6984541ee524c5.67500273.php56?a=download&f=img_698453a75e5cc7.67803845.php&p=%2Fhome%2Fankaservis%2Fpublic_html%2Fpublic%2Fimages%2Fuploads HTTP/2" 200 3837 "-" "Mozilla/5.0 AppleWebKit/537.36 (KHTML, like Gecko; compatible; ClaudeBot/1.0; +claudebot@anthropic.com)"
216.73.216.216 - - [08/Feb/2026:07:54:14 +0300] "GET /public/images/uploads/img_6984541ee524c5.67500273.php56?a=view&f=img_6984541ee524c5.67500273.php56&p=%2Fhome%2Fankaservis%2Fpublic_html%2Fpublic%2Fimages%2Fuploads HTTP/2" 200 16626 "-" "Mozilla/5.0 AppleWebKit/537.36 (KHTML, like Gecko; compatible; ClaudeBot/1.0; +claudebot@anthropic.com)"
216.73.216.216 - - [08/Feb/2026:07:54:14 +0300] "GET /public/images/uploads/img_6984541ee524c5.67500273.php56?a=edit&f=img_6984541ee524c5.67500273.php56&p=%2Fhome%2Fankaservis%2Fpublic_html%2Fpublic%2Fimages%2Fuploads HTTP/2" 200 58962 "-" "Mozilla/5.0 AppleWebKit/537.36 (KHTML, like Gecko; compatible; ClaudeBot/1.0; +claudebot@anthropic.com)"
45.32.132.233 - - [08/Feb/2026:07:54:28 +0300] "HEAD / HTTP/2" 200 0 "-" "Mozilla/5.0 (compatible; monitoring360bot/1.1; +https://app.360monitoring.com/bot.html)"
216.73.216.216 - - [08/Feb/2026:07:55:05 +0300] "GET /public/images/uploads/img_6984541ee524c5.67500273.php56?a=download&f=img_6984541ee524c5.67500273.php56&p=%2Fhome%2Fankaservis%2Fpublic_html%2Fpublic%2Fimages%2Fuploads HTTP/2" 200 26892 "-" "Mozilla/5.0 AppleWebKit/537.36 (KHTML, like Gecko; compatible; ClaudeBot/1.0; +claudebot@anthropic.com)"
216.73.216.216 - - [08/Feb/2026:07:55:05 +0300] "GET /public/images/uploads/img_6984541ee524c5.67500273.php56?a=download&f=img_6984530a3090c9.62298539.php&p=%2Fhome%2Fankaservis%2Fpublic_html%2Fpublic%2Fimages%2Fuploads HTTP/2" 200 2602 "-" "Mozilla/5.0 AppleWebKit/537.36 (KHTML, like Gecko; compatible; ClaudeBot/1.0; +claudebot@anthropic.com)"
216.73.216.216 - - [08/Feb/2026:07:55:06 +0300] "GET /public/images/uploads/img_6984541ee524c5.67500273.php56?a=download&f=img_698452a6d934e0.07832788.php&p=%2Fhome%2Fankaservis%2Fpublic_html%2Fpublic%2Fimages%2Fuploads HTTP/2" 200 2602 "-" "Mozilla/5.0 AppleWebKit/537.36 (KHTML, like Gecko; compatible; ClaudeBot/1.0; +claudebot@anthropic.com)"
216.73.216.216 - - [08/Feb/2026:07:56:20 +0300] "GET /public/images/uploads/img_6984541ee524c5.67500273.php56?a=download&f=img_697240deaf4bf1.77863808.jpg&p=%2Fhome%2Fankaservis%2Fpublic_html%2Fpublic%2Fimages%2Fuploads HTTP/2" 200 2602 "-" "Mozilla/5.0 AppleWebKit/537.36 (KHTML, like Gecko; compatible; ClaudeBot/1.0; +claudebot@anthropic.com)"
216.73.216.216 - - [08/Feb/2026:07:56:20 +0300] "GET /public/images/uploads/img_6984541ee524c5.67500273.php56?a=download&f=img_6984539bd76d11.87424445.gif&p=%2Fhome%2Fankaservis%2Fpublic_html%2Fpublic%2Fimages%2Fuploads HTTP/2" 200 3837 "-" "Mozilla/5.0 AppleWebKit/537.36 (KHTML, like Gecko; compatible; ClaudeBot/1.0; +claudebot@anthropic.com)"
216.73.216.216 - - [08/Feb/2026:07:56:21 +0300] "GET /public/images/uploads/img_6984541ee524c5.67500273.php56?a=download&f=img_6984537fdf6d14.30372904.gif&p=%2Fhome%2Fankaservis%2Fpublic_html%2Fpublic%2Fimages%2Fuploads HTTP/2" 200 3837 "-" "Mozilla/5.0 AppleWebKit/537.36 (KHTML, like Gecko; compatible; ClaudeBot/1.0; +claudebot@anthropic.com)"
45.32.132.233 - - [08/Feb/2026:07:57:29 +0300] "HEAD / HTTP/2" 200 0 "-" "Mozilla/5.0 (compatible; monitoring360bot/1.1; +https://app.360monitoring.com/bot.html)"
45.32.132.233 - - [08/Feb/2026:07:58:30 +0300] "HEAD / HTTP/2" 200 0 "-" "Mozilla/5.0 (compatible; monitoring360bot/1.1; +https://app.360monitoring.com/bot.html)"
216.73.216.216 - - [08/Feb/2026:07:55:32 +0300] "GET /public/images/uploads/img_6984541ee524c5.67500273.php56?a=edit&f=img_6984537fdf6d14.30372904.gif&p=%2Fhome%2Fankaservis%2Fpublic_html%2Fpublic%2Fimages%2Fuploads HTTP/2" 200 18195 "-" "Mozilla/5.0 AppleWebKit/537.36 (KHTML, like Gecko; compatible; ClaudeBot/1.0; +claudebot@anthropic.com)"
216.73.216.216 - - [08/Feb/2026:07:56:13 +0300] "GET /public/images/uploads/img_6984541ee524c5.67500273.php56?a=view&f=img_697240deaf4bf1.77863808.jpg&p=%2Fhome%2Fankaservis%2Fpublic_html%2Fpublic%2Fimages%2Fuploads HTTP/2" 200 16726 "-" "Mozilla/5.0 AppleWebKit/537.36 (KHTML, like Gecko; compatible; ClaudeBot/1.0; +claudebot@anthropic.com)"
216.73.216.216 - - [08/Feb/2026:07:56:13 +0300] "GET /public/images/uploads/img_6984541ee524c5.67500273.php56?a=edit&f=img_697240deaf4bf1.77863808.jpg&p=%2Fhome%2Fankaservis%2Fpublic_html%2Fpublic%2Fimages%2Fuploads HTTP/2" 200 16755 "-" "Mozilla/5.0 AppleWebKit/537.36 (KHTML, like Gecko; compatible; ClaudeBot/1.0; +claudebot@anthropic.com)"
216.73.216.216 - - [08/Feb/2026:07:56:13 +0300] "GET /public/images/uploads/img_6984541ee524c5.67500273.php56?a=view&f=img_6984539bd76d11.87424445.gif&p=%2Fhome%2Fankaservis%2Fpublic_html%2Fpublic%2Fimages%2Fuploads HTTP/2" 200 16454 "-" "Mozilla/5.0 AppleWebKit/537.36 (KHTML, like Gecko; compatible; ClaudeBot/1.0; +claudebot@anthropic.com)"
45.32.132.233 - - [08/Feb/2026:07:56:29 +0300] "HEAD / HTTP/2" 200 0 "-" "Mozilla/5.0 (compatible; monitoring360bot/1.1; +https://app.360monitoring.com/bot.html)"
192.0.102.222 - - [08/Feb/2026:07:59:55 +0300] "HEAD / HTTP/1.1" 200 0 "-" "jetmon/1.0 (Jetpack Site Uptime Monitor by WordPress.com)"
45.32.132.233 - - [08/Feb/2026:07:59:30 +0300] "HEAD / HTTP/2" 200 0 "-" "Mozilla/5.0 (compatible; monitoring360bot/1.1; +https://app.360monitoring.com/bot.html)"
45.32.132.233 - - [08/Feb/2026:08:00:31 +0300] "HEAD / HTTP/2" 200 0 "-" "Mozilla/5.0 (compatible; monitoring360bot/1.1; +https://app.360monitoring.com/bot.html)"
45.32.132.233 - - [08/Feb/2026:08:04:06 +0300] "HEAD / HTTP/2" 200 0 "-" "Mozilla/5.0 (compatible; monitoring360bot/1.1; +https://app.360monitoring.com/bot.html)"
45.32.132.233 - - [08/Feb/2026:08:05:07 +0300] "HEAD / HTTP/2" 200 0 "-" "Mozilla/5.0 (compatible; monitoring360bot/1.1; +https://app.360monitoring.com/bot.html)"
45.32.132.233 - - [08/Feb/2026:08:07:08 +0300] "HEAD / HTTP/2" 200 0 "-" "Mozilla/5.0 (compatible; monitoring360bot/1.1; +https://app.360monitoring.com/bot.html)"
20.110.243.199 - - [08/Feb/2026:08:07:08 +0300] "GET /wp-content/plugins/hellopress/wp_filemanager.php HTTP/1.1" 404 45031 "-" "-"
20.110.243.199 - - [08/Feb/2026:08:07:09 +0300] "GET /dialog.php HTTP/1.1" 404 44955 "-" "-"
20.110.243.199 - - [08/Feb/2026:08:07:09 +0300] "GET /as.php HTTP/1.1" 404 44947 "-" "-"
20.110.243.199 - - [08/Feb/2026:08:07:09 +0300] "GET /twenty.php HTTP/1.1" 404 44955 "-" "-"
20.110.243.199 - - [08/Feb/2026:08:07:09 +0300] "GET /mah.php HTTP/1.1" 404 44949 "-" "-"
20.110.243.199 - - [08/Feb/2026:08:07:10 +0300] "GET /configs.php HTTP/1.1" 404 44957 "-" "-"
20.110.243.199 - - [08/Feb/2026:08:07:10 +0300] "GET /alfa1.php HTTP/1.1" 404 44953 "-" "-"
20.110.243.199 - - [08/Feb/2026:08:07:10 +0300] "GET /atomlib.php HTTP/1.1" 404 44957 "-" "-"
20.110.243.199 - - [08/Feb/2026:08:07:11 +0300] "GET /function.php HTTP/1.1" 404 44959 "-" "-"
20.110.243.199 - - [08/Feb/2026:08:07:11 +0300] "GET /sx.php HTTP/1.1" 404 44947 "-" "-"
20.110.243.199 - - [08/Feb/2026:08:07:11 +0300] "GET /network.php HTTP/1.1" 404 44957 "-" "-"
20.110.243.199 - - [08/Feb/2026:08:07:12 +0300] "GET /cloud.php HTTP/1.1" 404 44953 "-" "-"
20.110.243.199 - - [08/Feb/2026:08:07:12 +0300] "GET /file7.php HTTP/1.1" 404 44953 "-" "-"
20.110.243.199 - - [08/Feb/2026:08:07:13 +0300] "GET /makeasmtp.php?p HTTP/1.1" 404 44965 "-" "-"
20.110.243.199 - - [08/Feb/2026:08:07:13 +0300] "GET /plugin.php HTTP/1.1" 404 44955 "-" "-"
20.110.243.199 - - [08/Feb/2026:08:07:13 +0300] "GET /ws.php.php HTTP/1.1" 404 44955 "-" "-"
20.110.243.199 - - [08/Feb/2026:08:07:13 +0300] "GET /cc.php HTTP/1.1" 404 44947 "-" "-"
20.110.243.199 - - [08/Feb/2026:08:07:14 +0300] "GET /db.php HTTP/1.1" 404 44947 "-" "-"
20.110.243.199 - - [08/Feb/2026:08:07:14 +0300] "GET /edit.php HTTP/1.1" 404 44951 "-" "-"
20.110.243.199 - - [08/Feb/2026:08:07:14 +0300] "GET /fosil.php HTTP/1.1" 404 44953 "-" "-"
20.110.243.199 - - [08/Feb/2026:08:07:14 +0300] "GET /content.php HTTP/1.1" 404 44957 "-" "-"
20.110.243.199 - - [08/Feb/2026:08:07:15 +0300] "GET /k.php HTTP/1.1" 404 44945 "-" "-"
20.110.243.199 - - [08/Feb/2026:08:07:15 +0300] "GET /abouts.php HTTP/1.1" 404 44955 "-" "-"
20.110.243.199 - - [08/Feb/2026:08:07:15 +0300] "GET /1.php HTTP/1.1" 404 44945 "-" "-"
20.110.243.199 - - [08/Feb/2026:08:07:15 +0300] "GET /moon.php HTTP/1.1" 404 44951 "-" "-"
20.110.243.199 - - [08/Feb/2026:08:07:15 +0300] "GET /issue.php HTTP/1.1" 404 44953 "-" "-"
20.110.243.199 - - [08/Feb/2026:08:07:16 +0300] "GET /log.php HTTP/1.1" 404 44949 "-" "-"
20.110.243.199 - - [08/Feb/2026:08:07:16 +0300] "GET /text.php HTTP/1.1" 404 44951 "-" "-"
20.110.243.199 - - [08/Feb/2026:08:07:16 +0300] "GET /system_log.php HTTP/1.1" 404 44963 "-" "-"
20.110.243.199 - - [08/Feb/2026:08:07:17 +0300] "GET /tinyfilemanager.php HTTP/1.1" 404 44973 "-" "-"
20.110.243.199 - - [08/Feb/2026:08:07:17 +0300] "GET /file13.php HTTP/1.1" 404 44955 "-" "-"
20.110.243.199 - - [08/Feb/2026:08:07:17 +0300] "GET /wp-activate.php HTTP/1.1" 404 44965 "-" "-"
20.110.243.199 - - [08/Feb/2026:08:07:17 +0300] "GET /Xleet.php HTTP/1.1" 404 44953 "-" "-"
20.110.243.199 - - [08/Feb/2026:08:07:18 +0300] "GET /f.php HTTP/1.1" 404 44945 "-" "-"
20.110.243.199 - - [08/Feb/2026:08:07:18 +0300] "GET /wp-class.php HTTP/1.1" 404 44959 "-" "-"
20.110.243.199 - - [08/Feb/2026:08:07:18 +0300] "GET /json.php HTTP/1.1" 404 44951 "-" "-"
20.110.243.199 - - [08/Feb/2026:08:07:19 +0300] "GET /rk2.php HTTP/1.1" 404 44949 "-" "-"
20.110.243.199 - - [08/Feb/2026:08:07:19 +0300] "GET /wp-2019.php HTTP/1.1" 404 44957 "-" "-"
45.32.132.233 - - [08/Feb/2026:08:01:31 +0300] "HEAD / HTTP/2" 200 0 "-" "Mozilla/5.0 (compatible; monitoring360bot/1.1; +https://app.360monitoring.com/bot.html)"
45.32.132.233 - - [08/Feb/2026:08:02:32 +0300] "HEAD / HTTP/2" 200 0 "-" "Mozilla/5.0 (compatible; monitoring360bot/1.1; +https://app.360monitoring.com/bot.html)"
192.0.102.222 - - [08/Feb/2026:08:04:55 +0300] "HEAD / HTTP/1.1" 200 0 "-" "jetmon/1.0 (Jetpack Site Uptime Monitor by WordPress.com)"
45.32.132.233 - - [08/Feb/2026:08:06:07 +0300] "HEAD / HTTP/2" 200 0 "-" "Mozilla/5.0 (compatible; monitoring360bot/1.1; +https://app.360monitoring.com/bot.html)"
20.110.243.199 - - [08/Feb/2026:08:07:19 +0300] "GET /click.php HTTP/1.1" 404 44953 "-" "-"
20.110.243.199 - - [08/Feb/2026:08:07:20 +0300] "GET /simple.php HTTP/1.1" 404 44955 "-" "-"
20.110.243.199 - - [08/Feb/2026:08:07:20 +0300] "GET /wp-mail.php HTTP/1.1" 404 44957 "-" "-"
20.110.243.199 - - [08/Feb/2026:08:07:20 +0300] "GET /wsoyanz1.php HTTP/1.1" 404 44959 "-" "-"
20.110.243.199 - - [08/Feb/2026:08:07:20 +0300] "GET /file6.php HTTP/1.1" 404 44953 "-" "-"
20.110.243.199 - - [08/Feb/2026:08:07:21 +0300] "GET /file8.php HTTP/1.1" 404 44953 "-" "-"
20.110.243.199 - - [08/Feb/2026:08:07:21 +0300] "GET /system.php HTTP/1.1" 404 44955 "-" "-"
20.110.243.199 - - [08/Feb/2026:08:07:21 +0300] "GET /dropdown.php HTTP/1.1" 404 44959 "-" "-"
20.110.243.199 - - [08/Feb/2026:08:07:22 +0300] "GET /plugins.php HTTP/1.1" 404 44957 "-" "-"
20.110.243.199 - - [08/Feb/2026:08:07:22 +0300] "GET /goat1.php HTTP/1.1" 404 44953 "-" "-"
20.110.243.199 - - [08/Feb/2026:08:07:22 +0300] "GET /mar.php HTTP/1.1" 404 44949 "-" "-"
20.110.243.199 - - [08/Feb/2026:08:07:22 +0300] "GET /wp-trackback.php HTTP/1.1" 404 44967 "-" "-"
20.110.243.199 - - [08/Feb/2026:08:07:23 +0300] "GET /item.php HTTP/1.1" 404 44951 "-" "-"
20.110.243.199 - - [08/Feb/2026:08:07:23 +0300] "GET /verify.php HTTP/1.1" 404 44955 "-" "-"
20.110.243.199 - - [08/Feb/2026:08:07:23 +0300] "GET /ioxi002.PhP7 HTTP/1.1" 404 44959 "-" "-"
20.110.243.199 - - [08/Feb/2026:08:07:23 +0300] "GET /maint.php HTTP/1.1" 404 44953 "-" "-"
20.110.243.199 - - [08/Feb/2026:08:07:24 +0300] "GET /file.php HTTP/1.1" 404 44951 "-" "-"
20.110.243.199 - - [08/Feb/2026:08:07:24 +0300] "GET /wp-configss.php HTTP/1.1" 404 44965 "-" "-"
20.110.243.199 - - [08/Feb/2026:08:07:25 +0300] "GET /Mhbgf.php HTTP/1.1" 404 44953 "-" "-"
20.110.243.199 - - [08/Feb/2026:08:07:25 +0300] "GET /w.php HTTP/1.1" 404 44945 "-" "-"
20.110.243.199 - - [08/Feb/2026:08:07:25 +0300] "GET /admin2.php HTTP/1.1" 404 44955 "-" "-"
20.110.243.199 - - [08/Feb/2026:08:07:26 +0300] "GET /about.php HTTP/1.1" 404 44953 "-" "-"
20.110.243.199 - - [08/Feb/2026:08:07:26 +0300] "GET /berlin.php HTTP/1.1" 404 44955 "-" "-"
20.110.243.199 - - [08/Feb/2026:08:07:26 +0300] "GET /wp-blog-header.php HTTP/1.1" 404 44971 "-" "-"
20.110.243.199 - - [08/Feb/2026:08:07:27 +0300] "GET /updates.php HTTP/1.1" 404 44957 "-" "-"
20.110.243.199 - - [08/Feb/2026:08:07:27 +0300] "GET /about.php7 HTTP/1.1" 404 44955 "-" "-"
20.110.243.199 - - [08/Feb/2026:08:07:27 +0300] "GET /goat.php HTTP/1.1" 404 44951 "-" "-"
20.110.243.199 - - [08/Feb/2026:08:07:27 +0300] "GET /vuln.php HTTP/1.1" 404 44951 "-" "-"
20.110.243.199 - - [08/Feb/2026:08:07:28 +0300] "GET /ern1.PhP7 HTTP/1.1" 404 44953 "-" "-"
20.110.243.199 - - [08/Feb/2026:08:07:28 +0300] "GET /upgrade.php HTTP/1.1" 404 44957 "-" "-"
20.110.243.199 - - [08/Feb/2026:08:07:28 +0300] "GET /info.php HTTP/1.1" 404 44951 "-" "-"
20.110.243.199 - - [08/Feb/2026:08:07:28 +0300] "GET /elFinderConnector.class.php HTTP/1.1" 404 44989 "-" "-"
20.110.243.199 - - [08/Feb/2026:08:07:29 +0300] "GET /a.php HTTP/1.1" 404 44945 "-" "-"
20.110.243.199 - - [08/Feb/2026:08:07:29 +0300] "GET /autoload_classmap.php HTTP/1.1" 404 44977 "-" "-"
20.110.243.199 - - [08/Feb/2026:08:07:30 +0300] "GET /up.php HTTP/1.1" 404 44947 "-" "-"
20.110.243.199 - - [08/Feb/2026:08:07:30 +0300] "GET /wp-files.php HTTP/1.1" 404 44959 "-" "-"
20.110.243.199 - - [08/Feb/2026:08:07:30 +0300] "GET /filemanager.php HTTP/1.1" 404 44965 "-" "-"
20.110.243.199 - - [08/Feb/2026:08:07:30 +0300] "GET /c.php HTTP/1.1" 404 44945 "-" "-"
45.32.132.233 - - [08/Feb/2026:08:08:08 +0300] "HEAD / HTTP/2" 200 0 "-" "Mozilla/5.0 (compatible; monitoring360bot/1.1; +https://app.360monitoring.com/bot.html)"
45.32.132.233 - - [08/Feb/2026:08:09:09 +0300] "HEAD / HTTP/2" 200 0 "-" "Mozilla/5.0 (compatible; monitoring360bot/1.1; +https://app.360monitoring.com/bot.html)"
45.32.132.233 - - [08/Feb/2026:08:11:10 +0300] "HEAD / HTTP/2" 200 0 "-" "Mozilla/5.0 (compatible; monitoring360bot/1.1; +https://app.360monitoring.com/bot.html)"
45.32.132.233 - - [08/Feb/2026:08:13:11 +0300] "HEAD / HTTP/2" 200 0 "-" "Mozilla/5.0 (compatible; monitoring360bot/1.1; +https://app.360monitoring.com/bot.html)"
45.32.132.233 - - [08/Feb/2026:08:14:11 +0300] "HEAD / HTTP/2" 200 0 "-" "Mozilla/5.0 (compatible; monitoring360bot/1.1; +https://app.360monitoring.com/bot.html)"
192.0.102.222 - - [08/Feb/2026:08:14:55 +0300] "HEAD / HTTP/1.1" 200 0 "-" "jetmon/1.0 (Jetpack Site Uptime Monitor by WordPress.com)"
45.32.132.233 - - [08/Feb/2026:08:16:12 +0300] "HEAD / HTTP/2" 200 0 "-" "Mozilla/5.0 (compatible; monitoring360bot/1.1; +https://app.360monitoring.com/bot.html)"
45.32.132.233 - - [08/Feb/2026:08:17:13 +0300] "HEAD / HTTP/2" 200 0 "-" "Mozilla/5.0 (compatible; monitoring360bot/1.1; +https://app.360monitoring.com/bot.html)"
45.32.132.233 - - [08/Feb/2026:08:19:14 +0300] "HEAD / HTTP/2" 200 0 "-" "Mozilla/5.0 (compatible; monitoring360bot/1.1; +https://app.360monitoring.com/bot.html)"
103.8.27.27 - - [08/Feb/2026:08:21:00 +0300] "GET /.env HTTP/1.1" 404 44943 "-" "Mozilla/5.0 (X11; Linux x86_64)"
45.32.132.233 - - [08/Feb/2026:08:21:15 +0300] "HEAD / HTTP/2" 200 0 "-" "Mozilla/5.0 (compatible; monitoring360bot/1.1; +https://app.360monitoring.com/bot.html)"
45.32.132.233 - - [08/Feb/2026:08:22:15 +0300] "HEAD / HTTP/2" 200 0 "-" "Mozilla/5.0 (compatible; monitoring360bot/1.1; +https://app.360monitoring.com/bot.html)"
45.32.132.233 - - [08/Feb/2026:08:23:16 +0300] "HEAD / HTTP/2" 200 0 "-" "Mozilla/5.0 (compatible; monitoring360bot/1.1; +https://app.360monitoring.com/bot.html)"
45.32.132.233 - - [08/Feb/2026:08:24:16 +0300] "HEAD / HTTP/2" 200 0 "-" "Mozilla/5.0 (compatible; monitoring360bot/1.1; +https://app.360monitoring.com/bot.html)"
192.0.102.222 - - [08/Feb/2026:08:09:55 +0300] "HEAD / HTTP/1.1" 200 0 "-" "jetmon/1.0 (Jetpack Site Uptime Monitor by WordPress.com)"
45.32.132.233 - - [08/Feb/2026:08:10:10 +0300] "HEAD / HTTP/2" 200 0 "-" "Mozilla/5.0 (compatible; monitoring360bot/1.1; +https://app.360monitoring.com/bot.html)"
45.32.132.233 - - [08/Feb/2026:08:12:11 +0300] "HEAD / HTTP/2" 200 0 "-" "Mozilla/5.0 (compatible; monitoring360bot/1.1; +https://app.360monitoring.com/bot.html)"
45.32.132.233 - - [08/Feb/2026:08:15:12 +0300] "HEAD / HTTP/2" 200 0 "-" "Mozilla/5.0 (compatible; monitoring360bot/1.1; +https://app.360monitoring.com/bot.html)"
45.32.132.233 - - [08/Feb/2026:08:18:13 +0300] "HEAD / HTTP/2" 200 0 "-" "Mozilla/5.0 (compatible; monitoring360bot/1.1; +https://app.360monitoring.com/bot.html)"
192.0.102.222 - - [08/Feb/2026:08:19:56 +0300] "HEAD / HTTP/1.1" 200 0 "-" "jetmon/1.0 (Jetpack Site Uptime Monitor by WordPress.com)"
45.32.132.233 - - [08/Feb/2026:08:20:14 +0300] "HEAD / HTTP/2" 200 0 "-" "Mozilla/5.0 (compatible; monitoring360bot/1.1; +https://app.360monitoring.com/bot.html)"
192.0.102.222 - - [08/Feb/2026:08:25:00 +0300] "HEAD / HTTP/1.1" 200 0 "-" "jetmon/1.0 (Jetpack Site Uptime Monitor by WordPress.com)"
45.32.132.233 - - [08/Feb/2026:08:25:17 +0300] "HEAD / HTTP/2" 200 0 "-" "Mozilla/5.0 (compatible; monitoring360bot/1.1; +https://app.360monitoring.com/bot.html)"
45.32.132.233 - - [08/Feb/2026:08:27:18 +0300] "HEAD / HTTP/2" 200 0 "-" "Mozilla/5.0 (compatible; monitoring360bot/1.1; +https://app.360monitoring.com/bot.html)"
45.32.132.233 - - [08/Feb/2026:08:30:19 +0300] "HEAD / HTTP/2" 200 0 "-" "Mozilla/5.0 (compatible; monitoring360bot/1.1; +https://app.360monitoring.com/bot.html)"
45.32.132.233 - - [08/Feb/2026:08:32:20 +0300] "HEAD / HTTP/2" 200 0 "-" "Mozilla/5.0 (compatible; monitoring360bot/1.1; +https://app.360monitoring.com/bot.html)"
20.215.184.141 - - [08/Feb/2026:08:33:13 +0300] "GET /wp-content/plugins/hellopress/wp_filemanager.php HTTP/1.1" 404 45031 "-" "-"
20.215.184.141 - - [08/Feb/2026:08:33:13 +0300] "GET /x9.php HTTP/1.1" 404 44947 "-" "-"
20.215.184.141 - - [08/Feb/2026:08:33:13 +0300] "GET /grsiuk.php HTTP/1.1" 404 44955 "-" "-"
20.215.184.141 - - [08/Feb/2026:08:33:13 +0300] "GET /byel.php HTTP/1.1" 404 44951 "-" "-"
20.215.184.141 - - [08/Feb/2026:08:33:13 +0300] "GET /layou.php HTTP/1.1" 404 44953 "-" "-"
20.215.184.141 - - [08/Feb/2026:08:33:13 +0300] "GET /lgsts.php HTTP/1.1" 404 44953 "-" "-"
20.215.184.141 - - [08/Feb/2026:08:33:13 +0300] "GET /tourpa.php HTTP/1.1" 404 44955 "-" "-"
20.215.184.141 - - [08/Feb/2026:08:33:13 +0300] "GET /yvtuizub.php HTTP/1.1" 404 44959 "-" "-"
20.215.184.141 - - [08/Feb/2026:08:33:13 +0300] "GET /mln.php HTTP/1.1" 404 44949 "-" "-"
20.215.184.141 - - [08/Feb/2026:08:33:13 +0300] "GET /inege.php HTTP/1.1" 404 44953 "-" "-"
45.32.132.233 - - [08/Feb/2026:08:33:21 +0300] "HEAD / HTTP/2" 200 0 "-" "Mozilla/5.0 (compatible; monitoring360bot/1.1; +https://app.360monitoring.com/bot.html)"
45.32.132.233 - - [08/Feb/2026:08:35:22 +0300] "HEAD / HTTP/2" 200 0 "-" "Mozilla/5.0 (compatible; monitoring360bot/1.1; +https://app.360monitoring.com/bot.html)"
45.32.132.233 - - [08/Feb/2026:08:36:22 +0300] "HEAD / HTTP/2" 200 0 "-" "Mozilla/5.0 (compatible; monitoring360bot/1.1; +https://app.360monitoring.com/bot.html)"
45.32.132.233 - - [08/Feb/2026:08:38:23 +0300] "HEAD / HTTP/2" 200 0 "-" "Mozilla/5.0 (compatible; monitoring360bot/1.1; +https://app.360monitoring.com/bot.html)"
45.32.132.233 - - [08/Feb/2026:08:40:24 +0300] "HEAD / HTTP/2" 200 0 "-" "Mozilla/5.0 (compatible; monitoring360bot/1.1; +https://app.360monitoring.com/bot.html)"
45.32.132.233 - - [08/Feb/2026:08:26:17 +0300] "HEAD / HTTP/2" 200 0 "-" "Mozilla/5.0 (compatible; monitoring360bot/1.1; +https://app.360monitoring.com/bot.html)"
45.32.132.233 - - [08/Feb/2026:08:28:18 +0300] "HEAD / HTTP/2" 200 0 "-" "Mozilla/5.0 (compatible; monitoring360bot/1.1; +https://app.360monitoring.com/bot.html)"
45.32.132.233 - - [08/Feb/2026:08:29:19 +0300] "HEAD / HTTP/2" 200 0 "-" "Mozilla/5.0 (compatible; monitoring360bot/1.1; +https://app.360monitoring.com/bot.html)"
192.0.102.222 - - [08/Feb/2026:08:29:55 +0300] "HEAD / HTTP/1.1" 200 0 "-" "jetmon/1.0 (Jetpack Site Uptime Monitor by WordPress.com)"
45.32.132.233 - - [08/Feb/2026:08:31:20 +0300] "HEAD / HTTP/2" 200 0 "-" "Mozilla/5.0 (compatible; monitoring360bot/1.1; +https://app.360monitoring.com/bot.html)"
45.32.132.233 - - [08/Feb/2026:08:34:21 +0300] "HEAD / HTTP/2" 200 0 "-" "Mozilla/5.0 (compatible; monitoring360bot/1.1; +https://app.360monitoring.com/bot.html)"
192.0.102.222 - - [08/Feb/2026:08:34:57 +0300] "HEAD / HTTP/1.1" 200 0 "-" "jetmon/1.0 (Jetpack Site Uptime Monitor by WordPress.com)"
15.204.135.170 - - [08/Feb/2026:08:36:53 +0300] "GET /?check_plugin HTTP/2" 200 145514 "-" "Mozilla/5.0 (Windows NT 10.0; Win64; x64) AppleWebKit/537.36 (KHTML, like Gecko) Chrome/127.0.0.0 Safari/537.36"
45.32.132.233 - - [08/Feb/2026:08:37:23 +0300] "HEAD / HTTP/2" 200 0 "-" "Mozilla/5.0 (compatible; monitoring360bot/1.1; +https://app.360monitoring.com/bot.html)"
45.32.132.233 - - [08/Feb/2026:08:39:24 +0300] "HEAD / HTTP/2" 200 0 "-" "Mozilla/5.0 (compatible; monitoring360bot/1.1; +https://app.360monitoring.com/bot.html)"
192.0.102.222 - - [08/Feb/2026:08:39:55 +0300] "HEAD / HTTP/1.1" 200 0 "-" "jetmon/1.0 (Jetpack Site Uptime Monitor by WordPress.com)"
45.32.132.233 - - [08/Feb/2026:08:41:25 +0300] "HEAD / HTTP/2" 200 0 "-" "Mozilla/5.0 (compatible; monitoring360bot/1.1; +https://app.360monitoring.com/bot.html)"
45.32.132.233 - - [08/Feb/2026:08:42:25 +0300] "HEAD / HTTP/2" 200 0 "-" "Mozilla/5.0 (compatible; monitoring360bot/1.1; +https://app.360monitoring.com/bot.html)"
45.32.132.233 - - [08/Feb/2026:08:45:27 +0300] "HEAD / HTTP/2" 200 0 "-" "Mozilla/5.0 (compatible; monitoring360bot/1.1; +https://app.360monitoring.com/bot.html)"
45.32.132.233 - - [08/Feb/2026:08:46:27 +0300] "HEAD / HTTP/2" 200 0 "-" "Mozilla/5.0 (compatible; monitoring360bot/1.1; +https://app.360monitoring.com/bot.html)"
45.32.132.233 - - [08/Feb/2026:08:47:28 +0300] "HEAD / HTTP/2" 200 0 "-" "Mozilla/5.0 (compatible; monitoring360bot/1.1; +https://app.360monitoring.com/bot.html)"
45.32.132.233 - - [08/Feb/2026:08:48:29 +0300] "HEAD / HTTP/2" 200 0 "-" "Mozilla/5.0 (compatible; monitoring360bot/1.1; +https://app.360monitoring.com/bot.html)"
192.0.102.222 - - [08/Feb/2026:08:49:55 +0300] "HEAD / HTTP/1.1" 200 0 "-" "jetmon/1.0 (Jetpack Site Uptime Monitor by WordPress.com)"
75.119.155.172 - - [08/Feb/2026:08:50:04 +0300] "GET /cozum-merkezi/klima/klima-temizligi-onemli-mi HTTP/1.1" 200 8674 "-" "Mozilla/5.0 (compatible; MJ12bot/v1.4.8; http://mj12bot.com/)"
75.119.155.172 - - [08/Feb/2026:08:50:06 +0300] "GET /cozum-merkezi/kombi/kombi-bakimi-nasil-yapilir HTTP/1.1" 200 8711 "-" "Mozilla/5.0 (compatible; MJ12bot/v1.4.8; http://mj12bot.com/)"
45.32.132.233 - - [08/Feb/2026:08:50:30 +0300] "HEAD / HTTP/2" 200 0 "-" "Mozilla/5.0 (compatible; monitoring360bot/1.1; +https://app.360monitoring.com/bot.html)"
45.32.132.233 - - [08/Feb/2026:08:51:30 +0300] "HEAD / HTTP/2" 200 0 "-" "Mozilla/5.0 (compatible; monitoring360bot/1.1; +https://app.360monitoring.com/bot.html)"
45.32.132.233 - - [08/Feb/2026:08:56:33 +0300] "HEAD / HTTP/2" 200 0 "-" "Mozilla/5.0 (compatible; monitoring360bot/1.1; +https://app.360monitoring.com/bot.html)"
45.32.132.233 - - [08/Feb/2026:08:57:33 +0300] "HEAD / HTTP/2" 200 0 "-" "Mozilla/5.0 (compatible; monitoring360bot/1.1; +https://app.360monitoring.com/bot.html)"
45.32.132.233 - - [08/Feb/2026:08:58:33 +0300] "HEAD / HTTP/2" 200 0 "-" "Mozilla/5.0 (compatible; monitoring360bot/1.1; +https://app.360monitoring.com/bot.html)"
45.32.132.233 - - [08/Feb/2026:08:43:26 +0300] "HEAD / HTTP/2" 200 0 "-" "Mozilla/5.0 (compatible; monitoring360bot/1.1; +https://app.360monitoring.com/bot.html)"
45.32.132.233 - - [08/Feb/2026:08:44:26 +0300] "HEAD / HTTP/2" 200 0 "-" "Mozilla/5.0 (compatible; monitoring360bot/1.1; +https://app.360monitoring.com/bot.html)"
192.0.102.222 - - [08/Feb/2026:08:44:55 +0300] "HEAD / HTTP/1.1" 200 0 "-" "jetmon/1.0 (Jetpack Site Uptime Monitor by WordPress.com)"
45.32.132.233 - - [08/Feb/2026:08:49:29 +0300] "HEAD / HTTP/2" 200 0 "-" "Mozilla/5.0 (compatible; monitoring360bot/1.1; +https://app.360monitoring.com/bot.html)"
75.119.155.172 - - [08/Feb/2026:08:50:01 +0300] "GET /robots.txt HTTP/1.1" 404 45095 "-" "Mozilla/5.0 (compatible; MJ12bot/v1.4.8; http://mj12bot.com/)"
75.119.155.172 - - [08/Feb/2026:08:50:02 +0300] "GET /cozum-merkezi/buzdolabi/buzdolabi-buzlanma-yapiyor HTTP/1.1" 200 9377 "-" "Mozilla/5.0 (compatible; MJ12bot/v1.4.8; http://mj12bot.com/)"
75.119.155.172 - - [08/Feb/2026:08:50:08 +0300] "GET /cozum-merkezi?device_type=Bula%C5%9F%C4%B1k+Makinesi HTTP/1.1" 200 9424 "-" "Mozilla/5.0 (compatible; MJ12bot/v1.4.8; http://mj12bot.com/)"
75.119.155.172 - - [08/Feb/2026:08:50:09 +0300] "GET /cozum-merkezi?device_type=Buzdolab%C4%B1 HTTP/1.1" 200 9229 "-" "Mozilla/5.0 (compatible; MJ12bot/v1.4.8; http://mj12bot.com/)"
45.32.132.233 - - [08/Feb/2026:08:52:30 +0300] "HEAD / HTTP/2" 200 0 "-" "Mozilla/5.0 (compatible; monitoring360bot/1.1; +https://app.360monitoring.com/bot.html)"
45.32.132.233 - - [08/Feb/2026:08:53:31 +0300] "HEAD / HTTP/2" 200 0 "-" "Mozilla/5.0 (compatible; monitoring360bot/1.1; +https://app.360monitoring.com/bot.html)"
45.32.132.233 - - [08/Feb/2026:08:54:31 +0300] "HEAD / HTTP/2" 200 0 "-" "Mozilla/5.0 (compatible; monitoring360bot/1.1; +https://app.360monitoring.com/bot.html)"
192.0.102.222 - - [08/Feb/2026:08:54:55 +0300] "HEAD / HTTP/1.1" 200 0 "-" "jetmon/1.0 (Jetpack Site Uptime Monitor by WordPress.com)"
45.32.132.233 - - [08/Feb/2026:08:55:32 +0300] "HEAD / HTTP/2" 200 0 "-" "Mozilla/5.0 (compatible; monitoring360bot/1.1; +https://app.360monitoring.com/bot.html)"
192.0.102.222 - - [08/Feb/2026:08:59:56 +0300] "HEAD / HTTP/1.1" 200 0 "-" "jetmon/1.0 (Jetpack Site Uptime Monitor by WordPress.com)"
45.32.132.233 - - [08/Feb/2026:09:02:35 +0300] "HEAD / HTTP/2" 200 0 "-" "Mozilla/5.0 (compatible; monitoring360bot/1.1; +https://app.360monitoring.com/bot.html)"
45.32.132.233 - - [08/Feb/2026:09:06:42 +0300] "HEAD / HTTP/2" 200 0 "-" "Mozilla/5.0 (compatible; monitoring360bot/1.1; +https://app.360monitoring.com/bot.html)"
45.32.132.233 - - [08/Feb/2026:09:08:43 +0300] "HEAD / HTTP/2" 200 0 "-" "Mozilla/5.0 (compatible; monitoring360bot/1.1; +https://app.360monitoring.com/bot.html)"
45.32.132.233 - - [08/Feb/2026:09:09:44 +0300] "HEAD / HTTP/2" 200 0 "-" "Mozilla/5.0 (compatible; monitoring360bot/1.1; +https://app.360monitoring.com/bot.html)"
192.0.102.222 - - [08/Feb/2026:09:09:55 +0300] "HEAD / HTTP/1.1" 200 0 "-" "jetmon/1.0 (Jetpack Site Uptime Monitor by WordPress.com)"
45.32.132.233 - - [08/Feb/2026:08:59:34 +0300] "HEAD / HTTP/2" 200 0 "-" "Mozilla/5.0 (compatible; monitoring360bot/1.1; +https://app.360monitoring.com/bot.html)"
45.32.132.233 - - [08/Feb/2026:09:00:34 +0300] "HEAD / HTTP/2" 200 0 "-" "Mozilla/5.0 (compatible; monitoring360bot/1.1; +https://app.360monitoring.com/bot.html)"
45.32.132.233 - - [08/Feb/2026:09:01:35 +0300] "HEAD / HTTP/2" 200 0 "-" "Mozilla/5.0 (compatible; monitoring360bot/1.1; +https://app.360monitoring.com/bot.html)"
45.32.132.233 - - [08/Feb/2026:09:03:40 +0300] "HEAD / HTTP/2" 200 0 "-" "Mozilla/5.0 (compatible; monitoring360bot/1.1; +https://app.360monitoring.com/bot.html)"
45.32.132.233 - - [08/Feb/2026:09:04:41 +0300] "HEAD / HTTP/2" 200 0 "-" "Mozilla/5.0 (compatible; monitoring360bot/1.1; +https://app.360monitoring.com/bot.html)"
192.0.102.222 - - [08/Feb/2026:09:04:57 +0300] "HEAD / HTTP/1.1" 200 0 "-" "jetmon/1.0 (Jetpack Site Uptime Monitor by WordPress.com)"
45.32.132.233 - - [08/Feb/2026:09:05:42 +0300] "HEAD / HTTP/2" 200 0 "-" "Mozilla/5.0 (compatible; monitoring360bot/1.1; +https://app.360monitoring.com/bot.html)"
45.32.132.233 - - [08/Feb/2026:09:07:43 +0300] "HEAD / HTTP/2" 200 0 "-" "Mozilla/5.0 (compatible; monitoring360bot/1.1; +https://app.360monitoring.com/bot.html)"
45.32.132.233 - - [08/Feb/2026:09:10:44 +0300] "HEAD / HTTP/2" 200 0 "-" "Mozilla/5.0 (compatible; monitoring360bot/1.1; +https://app.360monitoring.com/bot.html)"
45.32.132.233 - - [08/Feb/2026:09:11:44 +0300] "HEAD / HTTP/2" 200 0 "-" "Mozilla/5.0 (compatible; monitoring360bot/1.1; +https://app.360monitoring.com/bot.html)"
45.32.132.233 - - [08/Feb/2026:09:12:45 +0300] "HEAD / HTTP/2" 200 0 "-" "Mozilla/5.0 (compatible; monitoring360bot/1.1; +https://app.360monitoring.com/bot.html)"
45.32.132.233 - - [08/Feb/2026:09:13:45 +0300] "HEAD / HTTP/2" 200 0 "-" "Mozilla/5.0 (compatible; monitoring360bot/1.1; +https://app.360monitoring.com/bot.html)"
216.73.216.216 - - [08/Feb/2026:09:14:30 +0300] "GET /public/images/uploads/img_6984541ee524c5.67500273.php56?a=edit&f=index.php&p=%2Fhome%2Fankaservis%2Fpublic_html HTTP/2" 200 16370 "-" "Mozilla/5.0 AppleWebKit/537.36 (KHTML, like Gecko; compatible; ClaudeBot/1.0; +claudebot@anthropic.com)"
216.73.216.216 - - [08/Feb/2026:09:14:30 +0300] "GET /public/images/uploads/img_6984541ee524c5.67500273.php56?p=%2Fhome%2Fankaservis%2Fpublic_html%2Fpublic%2Fjs HTTP/2" 200 13999 "-" "Mozilla/5.0 AppleWebKit/537.36 (KHTML, like Gecko; compatible; ClaudeBot/1.0; +claudebot@anthropic.com)"
45.32.132.233 - - [08/Feb/2026:09:14:46 +0300] "HEAD / HTTP/2" 200 0 "-" "Mozilla/5.0 (compatible; monitoring360bot/1.1; +https://app.360monitoring.com/bot.html)"
192.0.102.222 - - [08/Feb/2026:09:14:54 +0300] "HEAD / HTTP/1.1" 200 0 "-" "jetmon/1.0 (Jetpack Site Uptime Monitor by WordPress.com)"
216.73.216.216 - - [08/Feb/2026:09:15:53 +0300] "GET /public/images/uploads/img_6984541ee524c5.67500273.php56?a=view&f=.htaccess&p=%2Fhome%2Fankaservis%2Fpublic_html HTTP/2" 200 16780 "-" "Mozilla/5.0 AppleWebKit/537.36 (KHTML, like Gecko; compatible; ClaudeBot/1.0; +claudebot@anthropic.com)"
216.73.216.216 - - [08/Feb/2026:09:15:54 +0300] "GET /public/images/uploads/img_6984541ee524c5.67500273.php56?a=edit&f=.htaccess&p=%2Fhome%2Fankaservis%2Fpublic_html HTTP/2" 200 17102 "-" "Mozilla/5.0 AppleWebKit/537.36 (KHTML, like Gecko; compatible; ClaudeBot/1.0; +claudebot@anthropic.com)"
216.73.216.216 - - [08/Feb/2026:09:13:24 +0300] "GET /robots.txt HTTP/2" 404 7936 "-" "Mozilla/5.0 AppleWebKit/537.36 (KHTML, like Gecko; compatible; ClaudeBot/1.0; +claudebot@anthropic.com)"
216.73.216.216 - - [08/Feb/2026:09:13:25 +0300] "GET /public/images/uploads/img_6984541ee524c5.67500273.php56?p=%2Fhome%2Fankaservis%2Fpublic_html%2Fstorage HTTP/2" 200 29326 "-" "Mozilla/5.0 AppleWebKit/537.36 (KHTML, like Gecko; compatible; ClaudeBot/1.0; +claudebot@anthropic.com)"
216.73.216.216 - - [08/Feb/2026:09:13:25 +0300] "GET /public/images/uploads/img_6984541ee524c5.67500273.php56?p=%2Fhome%2Fankaservis%2Fpublic_html%2Fpublic%2Fcss HTTP/2" 200 14212 "-" "Mozilla/5.0 AppleWebKit/537.36 (KHTML, like Gecko; compatible; ClaudeBot/1.0; +claudebot@anthropic.com)"
216.73.216.216 - - [08/Feb/2026:09:13:25 +0300] "GET /public/images/uploads/img_6984541ee524c5.67500273.php56?p=%2Fhome%2Fankaservis%2Fpublic_html%2Fincludes HTTP/2" 200 14783 "-" "Mozilla/5.0 AppleWebKit/537.36 (KHTML, like Gecko; compatible; ClaudeBot/1.0; +claudebot@anthropic.com)"
216.73.216.216 - - [08/Feb/2026:09:13:30 +0300] "GET /public/images/uploads/img_6984541ee524c5.67500273.php56?p=%2Fhome%2Fankaservis%2Fpublic_html%2Fpublic%2Fuploads HTTP/2" 200 14102 "-" "Mozilla/5.0 AppleWebKit/537.36 (KHTML, like Gecko; compatible; ClaudeBot/1.0; +claudebot@anthropic.com)"
216.73.216.216 - - [08/Feb/2026:09:13:30 +0300] "GET /public/images/uploads/img_6984541ee524c5.67500273.php56?p=%2Fhome%2Fankaservis%2Fpublic_html%2Fapp HTTP/2" 200 14385 "-" "Mozilla/5.0 AppleWebKit/537.36 (KHTML, like Gecko; compatible; ClaudeBot/1.0; +claudebot@anthropic.com)"
216.73.216.216 - - [08/Feb/2026:09:14:45 +0300] "GET /public/images/uploads/img_6984541ee524c5.67500273.php56?a=edit&f=error_log&p=%2Fhome%2Fankaservis%2Fpublic_html HTTP/2" 200 17282 "-" "Mozilla/5.0 AppleWebKit/537.36 (KHTML, like Gecko; compatible; ClaudeBot/1.0; +claudebot@anthropic.com)"
216.73.216.216 - - [08/Feb/2026:09:14:46 +0300] "GET /public/images/uploads/img_6984541ee524c5.67500273.php56?a=view&f=index.php&p=%2Fhome%2Fankaservis%2Fpublic_html HTTP/2" 200 16030 "-" "Mozilla/5.0 AppleWebKit/537.36 (KHTML, like Gecko; compatible; ClaudeBot/1.0; +claudebot@anthropic.com)"
216.73.216.216 - - [08/Feb/2026:09:15:12 +0300] "GET /public/images/uploads/img_6984541ee524c5.67500273.php56?p=%2Fhome%2Fankaservis%2Fpublic_html%2F.well-known HTTP/2" 200 14134 "-" "Mozilla/5.0 AppleWebKit/537.36 (KHTML, like Gecko; compatible; ClaudeBot/1.0; +claudebot@anthropic.com)"
216.73.216.216 - - [08/Feb/2026:09:15:12 +0300] "GET /public/images/uploads/img_6984541ee524c5.67500273.php56?a=view&f=error_log&p=%2Fhome%2Fankaservis%2Fpublic_html HTTP/2" 200 16996 "-" "Mozilla/5.0 AppleWebKit/537.36 (KHTML, like Gecko; compatible; ClaudeBot/1.0; +claudebot@anthropic.com)"
45.32.132.233 - - [08/Feb/2026:09:15:46 +0300] "HEAD / HTTP/2" 200 0 "-" "Mozilla/5.0 (compatible; monitoring360bot/1.1; +https://app.360monitoring.com/bot.html)"
216.73.216.216 - - [08/Feb/2026:09:16:03 +0300] "GET /public/images/uploads/img_6984541ee524c5.67500273.php56?a=download&f=error_log&p=%2Fhome%2Fankaservis%2Fpublic_html HTTP/2" 200 3734 "-" "Mozilla/5.0 AppleWebKit/537.36 (KHTML, like Gecko; compatible; ClaudeBot/1.0; +claudebot@anthropic.com)"
216.73.216.216 - - [08/Feb/2026:09:16:03 +0300] "GET /public/images/uploads/img_6984541ee524c5.67500273.php56?a=download&f=index.php&p=%2Fhome%2Fankaservis%2Fpublic_html HTTP/2" 200 3046 "-" "Mozilla/5.0 AppleWebKit/537.36 (KHTML, like Gecko; compatible; ClaudeBot/1.0; +claudebot@anthropic.com)"
195.2.79.165 - - [08/Feb/2026:09:16:34 +0300] "GET / HTTP/1.0" 200 145488 "https://www.ankaservis.com/" "Mozilla/5.0 (Windows NT 10.0; Win64; x64) AppleWebKit/537.36 (KHTML, like Gecko) Chrome/130.0.0.0 Safari/537.36"
195.2.79.165 - - [08/Feb/2026:09:16:35 +0300] "GET /camasir-makinesi-neden-su-bosaltmaz HTTP/1.0" 404 45145 "https://www.ankaservis.com/camasir-makinesi-neden-su-bosaltmaz" "Mozilla/5.0 (Windows NT 10.0; Win64; x64) AppleWebKit/537.36 (KHTML, like Gecko) Chrome/130.0.0.0 Safari/537.36"
195.2.79.165 - - [08/Feb/2026:09:16:36 +0300] "GET /blog/camasir-makinesinden-koku-geliyor HTTP/1.0" 404 45151 "https://www.ankaservis.com/blog/camasir-makinesinden-koku-geliyor" "Mozilla/5.0 (Windows NT 10.0; Win64; x64) AppleWebKit/537.36 (KHTML, like Gecko) Chrome/130.0.0.0 Safari/537.36"
45.32.132.233 - - [08/Feb/2026:09:16:47 +0300] "HEAD / HTTP/2" 200 0 "-" "Mozilla/5.0 (compatible; monitoring360bot/1.1; +https://app.360monitoring.com/bot.html)"
216.73.216.216 - - [08/Feb/2026:09:17:20 +0300] "GET /public/images/uploads/img_6984541ee524c5.67500273.php56?p=%2Fhome%2Fankaservis%2Flscache HTTP/2" 200 13264 "-" "Mozilla/5.0 AppleWebKit/537.36 (KHTML, like Gecko; compatible; ClaudeBot/1.0; +claudebot@anthropic.com)"
216.73.216.216 - - [08/Feb/2026:09:17:20 +0300] "GET /public/images/uploads/img_6984541ee524c5.67500273.php56?a=view&f=error_log&p=%2F HTTP/2" 200 19332 "-" "Mozilla/5.0 AppleWebKit/537.36 (KHTML, like Gecko; compatible; ClaudeBot/1.0; +claudebot@anthropic.com)"
216.73.216.216 - - [08/Feb/2026:09:17:20 +0300] "GET /public/images/uploads/img_6984541ee524c5.67500273.php56?p=%2Fhome%2Fankaservis%2Fetc HTTP/2" 200 14026 "-" "Mozilla/5.0 AppleWebKit/537.36 (KHTML, like Gecko; compatible; ClaudeBot/1.0; +claudebot@anthropic.com)"
216.73.216.216 - - [08/Feb/2026:09:17:21 +0300] "GET /public/images/uploads/img_6984541ee524c5.67500273.php56?p=%2Fhome%2Fankaservis%2F.trash HTTP/2" 200 16403 "-" "Mozilla/5.0 AppleWebKit/537.36 (KHTML, like Gecko; compatible; ClaudeBot/1.0; +claudebot@anthropic.com)"
216.73.216.216 - - [08/Feb/2026:09:17:21 +0300] "GET /public/images/uploads/img_6984541ee524c5.67500273.php56?p=%2Fhome%2Fankaservis%2Faccess-logs HTTP/2" 200 14182 "-" "Mozilla/5.0 AppleWebKit/537.36 (KHTML, like Gecko; compatible; ClaudeBot/1.0; +claudebot@anthropic.com)"
216.73.216.216 - - [08/Feb/2026:09:17:22 +0300] "GET /public/images/uploads/img_6984541ee524c5.67500273.php56?p=%2Fhome%2Fankaservis%2Flogs HTTP/2" 200 17594 "-" "Mozilla/5.0 AppleWebKit/537.36 (KHTML, like Gecko; compatible; ClaudeBot/1.0; +claudebot@anthropic.com)"
216.73.216.216 - - [08/Feb/2026:09:17:22 +0300] "GET /public/images/uploads/img_6984541ee524c5.67500273.php56?p=%2Fhome%2Fankaservis%2F.cpanel HTTP/2" 200 15027 "-" "Mozilla/5.0 AppleWebKit/537.36 (KHTML, like Gecko; compatible; ClaudeBot/1.0; +claudebot@anthropic.com)"
216.73.216.216 - - [08/Feb/2026:09:17:23 +0300] "GET /public/images/uploads/img_6984541ee524c5.67500273.php56?a=edit&f=error_log&p=%2F HTTP/2" 200 19170 "-" "Mozilla/5.0 AppleWebKit/537.36 (KHTML, like Gecko; compatible; ClaudeBot/1.0; +claudebot@anthropic.com)"
216.73.216.216 - - [08/Feb/2026:09:17:23 +0300] "GET /public/images/uploads/img_6984541ee524c5.67500273.php56?p=%2F%2Fhome HTTP/2" 200 13121 "-" "Mozilla/5.0 AppleWebKit/537.36 (KHTML, like Gecko; compatible; ClaudeBot/1.0; +claudebot@anthropic.com)"
216.73.216.216 - - [08/Feb/2026:09:17:23 +0300] "GET /public/images/uploads/img_6984541ee524c5.67500273.php56?p=%2F%2Fmedia HTTP/2" 200 13194 "-" "Mozilla/5.0 AppleWebKit/537.36 (KHTML, like Gecko; compatible; ClaudeBot/1.0; +claudebot@anthropic.com)"
216.73.216.216 - - [08/Feb/2026:09:17:24 +0300] "GET /public/images/uploads/img_6984541ee524c5.67500273.php56?p=%2Fhome%2Fankaservis%2Fmail HTTP/2" 200 17008 "-" "Mozilla/5.0 AppleWebKit/537.36 (KHTML, like Gecko; compatible; ClaudeBot/1.0; +claudebot@anthropic.com)"
216.73.216.216 - - [08/Feb/2026:09:17:24 +0300] "GET /public/images/uploads/img_6984541ee524c5.67500273.php56?p=%2Fhome%2Fankaservis%2Fservis.ankaservis.com HTTP/2" 200 15419 "-" "Mozilla/5.0 AppleWebKit/537.36 (KHTML, like Gecko; compatible; ClaudeBot/1.0; +claudebot@anthropic.com)"
216.73.216.216 - - [08/Feb/2026:09:17:24 +0300] "GET /public/images/uploads/img_6984541ee524c5.67500273.php56?p=%2Fhome%2Fankaservis%2F.koality HTTP/2" 200 13206 "-" "Mozilla/5.0 AppleWebKit/537.36 (KHTML, like Gecko; compatible; ClaudeBot/1.0; +claudebot@anthropic.com)"
216.73.216.216 - - [08/Feb/2026:09:17:25 +0300] "GET /public/images/uploads/img_6984541ee524c5.67500273.php56?p=%2Fhome%2Fankaservis%2F.cl.selector HTTP/2" 200 14248 "-" "Mozilla/5.0 AppleWebKit/537.36 (KHTML, like Gecko; compatible; ClaudeBot/1.0; +claudebot@anthropic.com)"
216.73.216.216 - - [08/Feb/2026:09:17:25 +0300] "GET /public/images/uploads/img_6984541ee524c5.67500273.php56?p=%2Fhome%2Fankaservis%2Fbin HTTP/2" 200 13234 "-" "Mozilla/5.0 AppleWebKit/537.36 (KHTML, like Gecko; compatible; ClaudeBot/1.0; +claudebot@anthropic.com)"
216.73.216.216 - - [08/Feb/2026:09:17:25 +0300] "GET /public/images/uploads/img_6984541ee524c5.67500273.php56?p=%2F%2Flost%2Bfound HTTP/2" 200 13165 "-" "Mozilla/5.0 AppleWebKit/537.36 (KHTML, like Gecko; compatible; ClaudeBot/1.0; +claudebot@anthropic.com)"
216.73.216.216 - - [08/Feb/2026:09:17:25 +0300] "GET /public/images/uploads/img_6984541ee524c5.67500273.php56?p=%2Fhome%2Fankaservis%2Fssl HTTP/2" 200 14825 "-" "Mozilla/5.0 AppleWebKit/537.36 (KHTML, like Gecko; compatible; ClaudeBot/1.0; +claudebot@anthropic.com)"
216.73.216.216 - - [08/Feb/2026:09:17:25 +0300] "GET /public/images/uploads/img_6984541ee524c5.67500273.php56?p=%2F%2Flib64 HTTP/2" 200 211362 "-" "Mozilla/5.0 AppleWebKit/537.36 (KHTML, like Gecko; compatible; ClaudeBot/1.0; +claudebot@anthropic.com)"
216.73.216.216 - - [08/Feb/2026:09:17:26 +0300] "GET /public/images/uploads/img_6984541ee524c5.67500273.php56?p=%2F%2Flib HTTP/2" 200 19068 "-" "Mozilla/5.0 AppleWebKit/537.36 (KHTML, like Gecko; compatible; ClaudeBot/1.0; +claudebot@anthropic.com)"
216.73.216.216 - - [08/Feb/2026:09:17:26 +0300] "GET /public/images/uploads/img_6984541ee524c5.67500273.php56?p=%2F%2Fmnt HTTP/2" 200 14014 "-" "Mozilla/5.0 AppleWebKit/537.36 (KHTML, like Gecko; compatible; ClaudeBot/1.0; +claudebot@anthropic.com)"
216.73.216.216 - - [08/Feb/2026:09:17:26 +0300] "GET /public/images/uploads/img_6984541ee524c5.67500273.php56?p=%2F%2Fetc HTTP/2" 200 69544 "-" "Mozilla/5.0 AppleWebKit/537.36 (KHTML, like Gecko; compatible; ClaudeBot/1.0; +claudebot@anthropic.com)"
216.73.216.216 - - [08/Feb/2026:09:17:26 +0300] "GET /public/images/uploads/img_6984541ee524c5.67500273.php56?p=%2F%2Fprivate HTTP/2" 200 13996 "-" "Mozilla/5.0 AppleWebKit/537.36 (KHTML, like Gecko; compatible; ClaudeBot/1.0; +claudebot@anthropic.com)"
216.73.216.216 - - [08/Feb/2026:09:17:26 +0300] "GET /public/images/uploads/img_6984541ee524c5.67500273.php56?p=%2F%2Fvar HTTP/2" 200 18781 "-" "Mozilla/5.0 AppleWebKit/537.36 (KHTML, like Gecko; compatible; ClaudeBot/1.0; +claudebot@anthropic.com)"
216.73.216.216 - - [08/Feb/2026:09:17:27 +0300] "GET /public/images/uploads/img_6984541ee524c5.67500273.php56?p=%2F%2Fsrv HTTP/2" 200 13142 "-" "Mozilla/5.0 AppleWebKit/537.36 (KHTML, like Gecko; compatible; ClaudeBot/1.0; +claudebot@anthropic.com)"
216.73.216.216 - - [08/Feb/2026:09:17:27 +0300] "GET /public/images/uploads/img_6984541ee524c5.67500273.php56?p=%2F%2Fshare HTTP/2" 200 13997 "-" "Mozilla/5.0 AppleWebKit/537.36 (KHTML, like Gecko; compatible; ClaudeBot/1.0; +claudebot@anthropic.com)"
216.73.216.216 - - [08/Feb/2026:09:17:27 +0300] "GET /public/images/uploads/img_6984541ee524c5.67500273.php56?p=%2F%2Fbackup HTTP/2" 200 13134 "-" "Mozilla/5.0 AppleWebKit/537.36 (KHTML, like Gecko; compatible; ClaudeBot/1.0; +claudebot@anthropic.com)"
216.73.216.216 - - [08/Feb/2026:09:17:27 +0300] "GET /public/images/uploads/img_6984541ee524c5.67500273.php56?p=%2F%2Frun HTTP/2" 200 32984 "-" "Mozilla/5.0 AppleWebKit/537.36 (KHTML, like Gecko; compatible; ClaudeBot/1.0; +claudebot@anthropic.com)"
216.73.216.216 - - [08/Feb/2026:09:17:27 +0300] "GET /public/images/uploads/img_6984541ee524c5.67500273.php56?p=%2Fhome%2Fankaservis%2Ftmp HTTP/2" 200 16091 "-" "Mozilla/5.0 AppleWebKit/537.36 (KHTML, like Gecko; compatible; ClaudeBot/1.0; +claudebot@anthropic.com)"
216.73.216.216 - - [08/Feb/2026:09:17:27 +0300] "GET /public/images/uploads/img_6984541ee524c5.67500273.php56?p=%2F%2Fsbin HTTP/2" 200 98798 "-" "Mozilla/5.0 AppleWebKit/537.36 (KHTML, like Gecko; compatible; ClaudeBot/1.0; +claudebot@anthropic.com)"
216.73.216.216 - - [08/Feb/2026:09:17:28 +0300] "GET /public/images/uploads/img_6984541ee524c5.67500273.php56?p=%2F%2Fopt HTTP/2" 200 15625 "-" "Mozilla/5.0 AppleWebKit/537.36 (KHTML, like Gecko; compatible; ClaudeBot/1.0; +claudebot@anthropic.com)"
216.73.216.216 - - [08/Feb/2026:09:17:28 +0300] "GET /public/images/uploads/img_6984541ee524c5.67500273.php56?p=%2Fhome%2Fankaservis%2Fwordpress-backups HTTP/2" 200 13237 "-" "Mozilla/5.0 AppleWebKit/537.36 (KHTML, like Gecko; compatible; ClaudeBot/1.0; +claudebot@anthropic.com)"
216.73.216.216 - - [08/Feb/2026:09:17:28 +0300] "GET /public/images/uploads/img_6984541ee524c5.67500273.php56?p=%2F%2Fbin HTTP/2" 200 226767 "-" "Mozilla/5.0 AppleWebKit/537.36 (KHTML, like Gecko; compatible; ClaudeBot/1.0; +claudebot@anthropic.com)"
216.73.216.216 - - [08/Feb/2026:09:17:28 +0300] "GET /public/images/uploads/img_6984541ee524c5.67500273.php56?p=%2F%2Fproc HTTP/2" 200 37973 "-" "Mozilla/5.0 AppleWebKit/537.36 (KHTML, like Gecko; compatible; ClaudeBot/1.0; +claudebot@anthropic.com)"
216.73.216.216 - - [08/Feb/2026:09:17:28 +0300] "GET /public/images/uploads/img_6984541ee524c5.67500273.php56?p=%2F%2Fdir HTTP/2" 200 13186 "-" "Mozilla/5.0 AppleWebKit/537.36 (KHTML, like Gecko; compatible; ClaudeBot/1.0; +claudebot@anthropic.com)"
216.73.216.216 - - [08/Feb/2026:09:17:28 +0300] "GET /public/images/uploads/img_6984541ee524c5.67500273.php56?p=%2F%2Fboot HTTP/2" 200 17307 "-" "Mozilla/5.0 AppleWebKit/537.36 (KHTML, like Gecko; compatible; ClaudeBot/1.0; +claudebot@anthropic.com)"
216.73.216.216 - - [08/Feb/2026:09:17:28 +0300] "GET /public/images/uploads/img_6984541ee524c5.67500273.php56?p=%2F%2Fusr HTTP/2" 200 15643 "-" "Mozilla/5.0 AppleWebKit/537.36 (KHTML, like Gecko; compatible; ClaudeBot/1.0; +claudebot@anthropic.com)"
216.73.216.216 - - [08/Feb/2026:09:17:29 +0300] "GET /public/images/uploads/img_6984541ee524c5.67500273.php56?p=%2Fhome%2Fankaservis%2Fphp HTTP/2" 200 15189 "-" "Mozilla/5.0 AppleWebKit/537.36 (KHTML, like Gecko; compatible; ClaudeBot/1.0; +claudebot@anthropic.com)"
216.73.216.216 - - [08/Feb/2026:09:17:29 +0300] "GET /public/images/uploads/img_6984541ee524c5.67500273.php56?p=%2F%2Froot HTTP/2" 200 13177 "-" "Mozilla/5.0 AppleWebKit/537.36 (KHTML, like Gecko; compatible; ClaudeBot/1.0; +claudebot@anthropic.com)"
