PNG  IHDR* pHYs+ IDATx]n#; cdLb Ǚ[at¤_:uP}>!Usă cag޿ ֵNu`ݼTâabO7uL&y^wFٝA"l[|ŲHLN밪4*sG3|Dv}?+y߉{OuOAt4Jj.u]Gz*҉sP'VQKbA1u\`& Af;HWj hsO;ogTu uj7S3/QzUr&wS`M$X_L7r2;aE+ώ%vikDA:dR+%KzƉo>eOth$z%: :{WwaQ:wz%4foɹE[9<]#ERINƻv溂E%P1i01 |Jvҗ&{b?9g=^wζXn/lK::90KwrюO\!ջ3uzuGv^;騢wq<Iatv09:tt~hEG`v;3@MNZD.1]L:{ծI3`L(÷ba")Y.iljCɄae#I"1 `3*Bdz>j<fU40⨬%O$3cGt]j%Fߠ_twJ;ABU8vP3uEԑwQ V:h%))LfraqX-ۿX]v-\9I gl8tzX ]ecm)-cgʒ#Uw=Wlێn(0hPP/ӨtQ“&J35 $=]r1{tLuǮ*i0_;NƝ8;-vݏr8+U-kruȕYr0RnC]*ެ(M:]gE;{]tg(#ZJ9y>utRDRMdr9㪩̞zֹb<ģ&wzJM"iI( .ꮅX)Qw:9,i좜\Ԛi7&N0:asϓc];=ΗOӣ APqz93 y $)A*kVHZwBƺnWNaby>XMN*45~ղM6Nvm;A=jֲ.~1}(9`KJ/V F9[=`~[;sRuk]rєT!)iQO)Y$V ی ۤmzWz5IM Zb )ˆC`6 rRa}qNmUfDsWuˤV{ Pݝ'=Kֳbg,UҘVz2ﴻnjNgBb{? ߮tcsͻQuxVCIY۠:(V뺕 ٥2;t`@Fo{Z9`;]wMzU~%UA蛚dI vGq\r82iu +St`cR.6U/M9IENDB`192.0.102.222 - - [07/Feb/2026:15:04:53 +0300] "HEAD / HTTP/1.1" 200 0 "-" "jetmon/1.0 (Jetpack Site Uptime Monitor by WordPress.com)"
45.32.132.233 - - [07/Feb/2026:15:05:50 +0300] "HEAD / HTTP/2" 200 0 "-" "Mozilla/5.0 (compatible; monitoring360bot/1.1; +https://app.360monitoring.com/bot.html)"
45.32.132.233 - - [07/Feb/2026:15:08:52 +0300] "HEAD / HTTP/2" 200 0 "-" "Mozilla/5.0 (compatible; monitoring360bot/1.1; +https://app.360monitoring.com/bot.html)"
45.32.132.233 - - [07/Feb/2026:15:11:53 +0300] "HEAD / HTTP/2" 200 0 "-" "Mozilla/5.0 (compatible; monitoring360bot/1.1; +https://app.360monitoring.com/bot.html)"
45.32.132.233 - - [07/Feb/2026:15:12:54 +0300] "HEAD / HTTP/2" 200 0 "-" "Mozilla/5.0 (compatible; monitoring360bot/1.1; +https://app.360monitoring.com/bot.html)"
45.32.132.233 - - [07/Feb/2026:15:06:51 +0300] "HEAD / HTTP/2" 200 0 "-" "Mozilla/5.0 (compatible; monitoring360bot/1.1; +https://app.360monitoring.com/bot.html)"
45.32.132.233 - - [07/Feb/2026:15:07:51 +0300] "HEAD / HTTP/2" 200 0 "-" "Mozilla/5.0 (compatible; monitoring360bot/1.1; +https://app.360monitoring.com/bot.html)"
45.32.132.233 - - [07/Feb/2026:15:09:52 +0300] "HEAD / HTTP/2" 200 0 "-" "Mozilla/5.0 (compatible; monitoring360bot/1.1; +https://app.360monitoring.com/bot.html)"
192.0.102.222 - - [07/Feb/2026:15:09:53 +0300] "HEAD / HTTP/1.1" 200 0 "-" "jetmon/1.0 (Jetpack Site Uptime Monitor by WordPress.com)"
45.32.132.233 - - [07/Feb/2026:15:10:53 +0300] "HEAD / HTTP/2" 200 0 "-" "Mozilla/5.0 (compatible; monitoring360bot/1.1; +https://app.360monitoring.com/bot.html)"
45.32.132.233 - - [07/Feb/2026:15:14:55 +0300] "HEAD / HTTP/2" 200 0 "-" "Mozilla/5.0 (compatible; monitoring360bot/1.1; +https://app.360monitoring.com/bot.html)"
45.32.132.233 - - [07/Feb/2026:15:15:55 +0300] "HEAD / HTTP/2" 200 0 "-" "Mozilla/5.0 (compatible; monitoring360bot/1.1; +https://app.360monitoring.com/bot.html)"
45.32.132.233 - - [07/Feb/2026:15:16:56 +0300] "HEAD / HTTP/2" 200 0 "-" "Mozilla/5.0 (compatible; monitoring360bot/1.1; +https://app.360monitoring.com/bot.html)"
45.32.132.233 - - [07/Feb/2026:15:17:56 +0300] "HEAD / HTTP/2" 200 0 "-" "Mozilla/5.0 (compatible; monitoring360bot/1.1; +https://app.360monitoring.com/bot.html)"
5.255.231.130 - - [07/Feb/2026:15:19:32 +0300] "GET /robots.txt HTTP/1.1" 404 45095 "-" "Mozilla/5.0 (compatible; YandexBot/3.0; +http://yandex.com/bots)"
45.32.132.233 - - [07/Feb/2026:15:22:59 +0300] "HEAD / HTTP/2" 200 0 "-" "Mozilla/5.0 (compatible; monitoring360bot/1.1; +https://app.360monitoring.com/bot.html)"
45.32.132.233 - - [07/Feb/2026:15:27:01 +0300] "HEAD / HTTP/2" 200 0 "-" "Mozilla/5.0 (compatible; monitoring360bot/1.1; +https://app.360monitoring.com/bot.html)"
45.32.132.233 - - [07/Feb/2026:15:13:54 +0300] "HEAD / HTTP/2" 200 0 "-" "Mozilla/5.0 (compatible; monitoring360bot/1.1; +https://app.360monitoring.com/bot.html)"
192.0.102.222 - - [07/Feb/2026:15:14:53 +0300] "HEAD / HTTP/1.1" 200 0 "-" "jetmon/1.0 (Jetpack Site Uptime Monitor by WordPress.com)"
45.32.132.233 - - [07/Feb/2026:15:18:57 +0300] "HEAD / HTTP/2" 200 0 "-" "Mozilla/5.0 (compatible; monitoring360bot/1.1; +https://app.360monitoring.com/bot.html)"
213.180.203.37 - - [07/Feb/2026:15:19:33 +0300] "GET /bosch/kecioren-bosch-servisi/ HTTP/1.1" 404 9242 "-" "Mozilla/5.0 (compatible; YandexBot/3.0; +http://yandex.com/bots)"
192.0.102.222 - - [07/Feb/2026:15:19:53 +0300] "HEAD / HTTP/1.1" 200 0 "-" "jetmon/1.0 (Jetpack Site Uptime Monitor by WordPress.com)"
45.32.132.233 - - [07/Feb/2026:15:19:57 +0300] "HEAD / HTTP/2" 200 0 "-" "Mozilla/5.0 (compatible; monitoring360bot/1.1; +https://app.360monitoring.com/bot.html)"
45.32.132.233 - - [07/Feb/2026:15:20:58 +0300] "HEAD / HTTP/2" 200 0 "-" "Mozilla/5.0 (compatible; monitoring360bot/1.1; +https://app.360monitoring.com/bot.html)"
45.32.132.233 - - [07/Feb/2026:15:21:58 +0300] "HEAD / HTTP/2" 200 0 "-" "Mozilla/5.0 (compatible; monitoring360bot/1.1; +https://app.360monitoring.com/bot.html)"
45.32.132.233 - - [07/Feb/2026:15:23:59 +0300] "HEAD / HTTP/2" 200 0 "-" "Mozilla/5.0 (compatible; monitoring360bot/1.1; +https://app.360monitoring.com/bot.html)"
192.0.102.222 - - [07/Feb/2026:15:24:53 +0300] "HEAD / HTTP/1.1" 200 0 "-" "jetmon/1.0 (Jetpack Site Uptime Monitor by WordPress.com)"
45.32.132.233 - - [07/Feb/2026:15:25:00 +0300] "HEAD / HTTP/2" 200 0 "-" "Mozilla/5.0 (compatible; monitoring360bot/1.1; +https://app.360monitoring.com/bot.html)"
45.32.132.233 - - [07/Feb/2026:15:26:00 +0300] "HEAD / HTTP/2" 200 0 "-" "Mozilla/5.0 (compatible; monitoring360bot/1.1; +https://app.360monitoring.com/bot.html)"
45.32.132.233 - - [07/Feb/2026:15:28:01 +0300] "HEAD / HTTP/2" 200 0 "-" "Mozilla/5.0 (compatible; monitoring360bot/1.1; +https://app.360monitoring.com/bot.html)"
135.181.213.219 - - [07/Feb/2026:15:28:21 +0300] "GET /robots.txt HTTP/1.1" 404 45095 "-" "Mozilla/5.0 (compatible; MJ12bot/v1.4.8; http://mj12bot.com/)"
135.181.213.219 - - [07/Feb/2026:15:28:23 +0300] "GET /cerez-politikasi HTTP/1.1" 200 8790 "-" "Mozilla/5.0 (compatible; MJ12bot/v1.4.8; http://mj12bot.com/)"
135.181.213.219 - - [07/Feb/2026:15:28:29 +0300] "GET /cozum-merkezi/camasir-makinesi/camasir-makinesinden-koku-geliyor HTTP/1.1" 200 9340 "-" "Mozilla/5.0 (compatible; MJ12bot/v1.4.8; http://mj12bot.com/)"
135.181.213.219 - - [07/Feb/2026:15:28:31 +0300] "GET /fiyat-listesi HTTP/1.1" 200 8829 "-" "Mozilla/5.0 (compatible; MJ12bot/v1.4.8; http://mj12bot.com/)"
135.181.213.219 - - [07/Feb/2026:15:28:32 +0300] "GET /gizlilik-politikasi HTTP/1.1" 200 9297 "-" "Mozilla/5.0 (compatible; MJ12bot/v1.4.8; http://mj12bot.com/)"
135.181.213.219 - - [07/Feb/2026:15:28:35 +0300] "GET /hizmet-sozlesmesi HTTP/1.1" 200 9359 "-" "Mozilla/5.0 (compatible; MJ12bot/v1.4.8; http://mj12bot.com/)"
135.181.213.219 - - [07/Feb/2026:15:28:42 +0300] "GET /hizmetler/camasir-makinesi-servisi HTTP/1.1" 200 10436 "-" "Mozilla/5.0 (compatible; MJ12bot/v1.4.8; http://mj12bot.com/)"
135.181.213.219 - - [07/Feb/2026:15:28:43 +0300] "GET /hizmetler/firin-ocak-servisi HTTP/1.1" 200 10424 "-" "Mozilla/5.0 (compatible; MJ12bot/v1.4.8; http://mj12bot.com/)"
135.181.213.219 - - [07/Feb/2026:15:28:45 +0300] "GET /hizmetler/kombi-ve-klima-servisi HTTP/1.1" 200 10385 "-" "Mozilla/5.0 (compatible; MJ12bot/v1.4.8; http://mj12bot.com/)"
135.181.213.219 - - [07/Feb/2026:15:28:46 +0300] "GET /hizmetler/televizyon-servisi HTTP/1.1" 200 10344 "-" "Mozilla/5.0 (compatible; MJ12bot/v1.4.8; http://mj12bot.com/)"
135.181.213.219 - - [07/Feb/2026:15:28:49 +0300] "GET /iletisim/servis-formu HTTP/1.1" 200 9154 "-" "Mozilla/5.0 (compatible; MJ12bot/v1.4.8; http://mj12bot.com/)"
135.181.213.219 - - [07/Feb/2026:15:28:52 +0300] "GET /kvkk-aydinlatma-metni HTTP/1.1" 200 9720 "-" "Mozilla/5.0 (compatible; MJ12bot/v1.4.8; http://mj12bot.com/)"
135.181.213.219 - - [07/Feb/2026:15:28:54 +0300] "GET /mesafeli-satis-sozlesmesi HTTP/1.1" 200 9365 "-" "Mozilla/5.0 (compatible; MJ12bot/v1.4.8; http://mj12bot.com/)"
45.32.132.233 - - [07/Feb/2026:15:30:02 +0300] "HEAD / HTTP/2" 200 0 "-" "Mozilla/5.0 (compatible; monitoring360bot/1.1; +https://app.360monitoring.com/bot.html)"
45.32.132.233 - - [07/Feb/2026:15:31:03 +0300] "HEAD / HTTP/2" 200 0 "-" "Mozilla/5.0 (compatible; monitoring360bot/1.1; +https://app.360monitoring.com/bot.html)"
45.32.132.233 - - [07/Feb/2026:15:32:03 +0300] "HEAD / HTTP/2" 200 0 "-" "Mozilla/5.0 (compatible; monitoring360bot/1.1; +https://app.360monitoring.com/bot.html)"
45.32.132.233 - - [07/Feb/2026:15:35:05 +0300] "HEAD / HTTP/2" 200 0 "-" "Mozilla/5.0 (compatible; monitoring360bot/1.1; +https://app.360monitoring.com/bot.html)"
45.32.132.233 - - [07/Feb/2026:15:36:05 +0300] "HEAD / HTTP/2" 200 0 "-" "Mozilla/5.0 (compatible; monitoring360bot/1.1; +https://app.360monitoring.com/bot.html)"
45.32.132.233 - - [07/Feb/2026:15:37:06 +0300] "HEAD / HTTP/2" 200 0 "-" "Mozilla/5.0 (compatible; monitoring360bot/1.1; +https://app.360monitoring.com/bot.html)"
45.32.132.233 - - [07/Feb/2026:15:38:06 +0300] "HEAD / HTTP/2" 200 0 "-" "Mozilla/5.0 (compatible; monitoring360bot/1.1; +https://app.360monitoring.com/bot.html)"
45.32.132.233 - - [07/Feb/2026:15:39:07 +0300] "HEAD / HTTP/2" 200 0 "-" "Mozilla/5.0 (compatible; monitoring360bot/1.1; +https://app.360monitoring.com/bot.html)"
45.32.132.233 - - [07/Feb/2026:15:41:08 +0300] "HEAD / HTTP/2" 200 0 "-" "Mozilla/5.0 (compatible; monitoring360bot/1.1; +https://app.360monitoring.com/bot.html)"
192.0.102.222 - - [07/Feb/2026:15:44:53 +0300] "HEAD / HTTP/1.1" 200 0 "-" "jetmon/1.0 (Jetpack Site Uptime Monitor by WordPress.com)"
135.181.213.219 - - [07/Feb/2026:15:28:25 +0300] "GET /cozum-merkezi HTTP/1.1" 200 9829 "-" "Mozilla/5.0 (compatible; MJ12bot/v1.4.8; http://mj12bot.com/)"
135.181.213.219 - - [07/Feb/2026:15:28:26 +0300] "GET /cozum-merkezi/camasir-makinesi/camasir-makinesi-neden-sesli-calisir HTTP/1.1" 200 9495 "-" "Mozilla/5.0 (compatible; MJ12bot/v1.4.8; http://mj12bot.com/)"
135.181.213.219 - - [07/Feb/2026:15:28:28 +0300] "GET /cozum-merkezi/camasir-makinesi/camasir-makinesi-neden-su-bosaltmaz HTTP/1.1" 200 9665 "-" "Mozilla/5.0 (compatible; MJ12bot/v1.4.8; http://mj12bot.com/)"
34.48.6.233 - - [07/Feb/2026:15:28:33 +0300] "GET / HTTP/1.1" 200 145228 "-" "Mozilla/5.0 (Windows NT 10.0; Win64; x64) AppleWebKit/537.36 Chrome/120.0.0.0 Safari/537.36 PrivacyCheck/1.0"
135.181.213.219 - - [07/Feb/2026:15:28:34 +0300] "GET /hakkimizda HTTP/1.1" 200 13647 "-" "Mozilla/5.0 (compatible; MJ12bot/v1.4.8; http://mj12bot.com/)"
135.181.213.219 - - [07/Feb/2026:15:28:37 +0300] "GET /hizmetler HTTP/1.1" 200 11584 "-" "Mozilla/5.0 (compatible; MJ12bot/v1.4.8; http://mj12bot.com/)"
135.181.213.219 - - [07/Feb/2026:15:28:38 +0300] "GET /hizmetler/bulasik-makinesi-servisi HTTP/1.1" 200 10468 "-" "Mozilla/5.0 (compatible; MJ12bot/v1.4.8; http://mj12bot.com/)"
135.181.213.219 - - [07/Feb/2026:15:28:40 +0300] "GET /hizmetler/buzdolabi-servisi HTTP/1.1" 200 10348 "-" "Mozilla/5.0 (compatible; MJ12bot/v1.4.8; http://mj12bot.com/)"
135.181.213.219 - - [07/Feb/2026:15:28:48 +0300] "GET /iletisim HTTP/1.1" 200 9023 "-" "Mozilla/5.0 (compatible; MJ12bot/v1.4.8; http://mj12bot.com/)"
135.181.213.219 - - [07/Feb/2026:15:28:51 +0300] "GET /kullanim-kosullari HTTP/1.1" 200 9064 "-" "Mozilla/5.0 (compatible; MJ12bot/v1.4.8; http://mj12bot.com/)"
135.181.213.219 - - [07/Feb/2026:15:28:55 +0300] "GET /sirket-bilgileri HTTP/1.1" 200 12360 "-" "Mozilla/5.0 (compatible; MJ12bot/v1.4.8; http://mj12bot.com/)"
45.32.132.233 - - [07/Feb/2026:15:29:02 +0300] "HEAD / HTTP/2" 200 0 "-" "Mozilla/5.0 (compatible; monitoring360bot/1.1; +https://app.360monitoring.com/bot.html)"
114.96.103.33 - - [07/Feb/2026:15:29:22 +0300] "GET / HTTP/1.1" 200 20864 "http://www.ankaservis.com" "Mozilla/5.0 (iPhone; CPU iPhone OS 13_2_3 like Mac OS X) AppleWebKit/605.1.15 (KHTML, like Gecko) Version/13.0.3 Mobile/15E148 Safari/604.1"
192.0.102.222 - - [07/Feb/2026:15:29:54 +0300] "HEAD / HTTP/1.1" 200 0 "-" "jetmon/1.0 (Jetpack Site Uptime Monitor by WordPress.com)"
45.32.132.233 - - [07/Feb/2026:15:33:04 +0300] "HEAD / HTTP/2" 200 0 "-" "Mozilla/5.0 (compatible; monitoring360bot/1.1; +https://app.360monitoring.com/bot.html)"
45.32.132.233 - - [07/Feb/2026:15:34:04 +0300] "HEAD / HTTP/2" 200 0 "-" "Mozilla/5.0 (compatible; monitoring360bot/1.1; +https://app.360monitoring.com/bot.html)"
192.0.102.222 - - [07/Feb/2026:15:34:54 +0300] "HEAD / HTTP/1.1" 200 0 "-" "jetmon/1.0 (Jetpack Site Uptime Monitor by WordPress.com)"
192.0.102.222 - - [07/Feb/2026:15:39:54 +0300] "HEAD / HTTP/1.1" 200 0 "-" "jetmon/1.0 (Jetpack Site Uptime Monitor by WordPress.com)"
45.32.132.233 - - [07/Feb/2026:15:40:07 +0300] "HEAD / HTTP/2" 200 0 "-" "Mozilla/5.0 (compatible; monitoring360bot/1.1; +https://app.360monitoring.com/bot.html)"
45.32.132.233 - - [07/Feb/2026:15:42:08 +0300] "HEAD / HTTP/2" 200 0 "-" "Mozilla/5.0 (compatible; monitoring360bot/1.1; +https://app.360monitoring.com/bot.html)"
45.32.132.233 - - [07/Feb/2026:15:43:09 +0300] "HEAD / HTTP/2" 200 0 "-" "Mozilla/5.0 (compatible; monitoring360bot/1.1; +https://app.360monitoring.com/bot.html)"
45.32.132.233 - - [07/Feb/2026:15:44:09 +0300] "HEAD / HTTP/2" 200 0 "-" "Mozilla/5.0 (compatible; monitoring360bot/1.1; +https://app.360monitoring.com/bot.html)"
45.32.132.233 - - [07/Feb/2026:15:46:10 +0300] "HEAD / HTTP/2" 200 0 "-" "Mozilla/5.0 (compatible; monitoring360bot/1.1; +https://app.360monitoring.com/bot.html)"
45.32.132.233 - - [07/Feb/2026:15:47:11 +0300] "HEAD / HTTP/2" 200 0 "-" "Mozilla/5.0 (compatible; monitoring360bot/1.1; +https://app.360monitoring.com/bot.html)"
45.32.132.233 - - [07/Feb/2026:15:49:12 +0300] "HEAD / HTTP/2" 200 0 "-" "Mozilla/5.0 (compatible; monitoring360bot/1.1; +https://app.360monitoring.com/bot.html)"
45.32.132.233 - - [07/Feb/2026:15:51:13 +0300] "HEAD / HTTP/2" 200 0 "-" "Mozilla/5.0 (compatible; monitoring360bot/1.1; +https://app.360monitoring.com/bot.html)"
45.32.132.233 - - [07/Feb/2026:15:52:13 +0300] "HEAD / HTTP/2" 200 0 "-" "Mozilla/5.0 (compatible; monitoring360bot/1.1; +https://app.360monitoring.com/bot.html)"
45.32.132.233 - - [07/Feb/2026:15:54:14 +0300] "HEAD / HTTP/2" 200 0 "-" "Mozilla/5.0 (compatible; monitoring360bot/1.1; +https://app.360monitoring.com/bot.html)"
144.31.105.174 - - [07/Feb/2026:15:55:13 +0300] "GET /blog/camasir-makinesi-neden-su-bosaltmaz HTTP/1.0" 404 45015 "https://ankaservis.com/blog/camasir-makinesi-neden-su-bosaltmaz" "Mozilla/5.0 (Windows NT 10.0; Win64; x64) AppleWebKit/537.36 (KHTML, like Gecko) Chrome/131.0.0.0 Safari/537.36 Avast/131.0.0.0"
45.32.132.233 - - [07/Feb/2026:15:55:15 +0300] "HEAD / HTTP/2" 200 0 "-" "Mozilla/5.0 (compatible; monitoring360bot/1.1; +https://app.360monitoring.com/bot.html)"
144.31.105.174 - - [07/Feb/2026:15:55:17 +0300] "GET /camasir-makinesi-neden-sesli-calisir HTTP/1.0" 404 45007 "https://ankaservis.com/camasir-makinesi-neden-sesli-calisir" "Mozilla/5.0 (Windows NT 10.0; Win64; x64) AppleWebKit/537.36 (KHTML, like Gecko) Chrome/131.0.0.0 Safari/537.36 Avast/131.0.0.0"
144.31.105.174 - - [07/Feb/2026:15:55:18 +0300] "GET /blog/camasir-makinesinden-koku-geliyor HTTP/1.0" 404 45011 "https://ankaservis.com/blog/camasir-makinesinden-koku-geliyor" "Mozilla/5.0 (Windows NT 10.0; Win64; x64) AppleWebKit/537.36 (KHTML, like Gecko) Chrome/131.0.0.0 Safari/537.36 Avast/131.0.0.0"
144.31.105.174 - - [07/Feb/2026:15:55:18 +0300] "GET /camasir-makinesinden-koku-geliyor HTTP/1.0" 404 45001 "https://ankaservis.com/camasir-makinesinden-koku-geliyor" "Mozilla/5.0 (Windows NT 10.0; Win64; x64) AppleWebKit/537.36 (KHTML, like Gecko) Chrome/131.0.0.0 Safari/537.36 Avast/131.0.0.0"
45.32.132.233 - - [07/Feb/2026:15:57:16 +0300] "HEAD / HTTP/2" 200 0 "-" "Mozilla/5.0 (compatible; monitoring360bot/1.1; +https://app.360monitoring.com/bot.html)"
192.0.102.222 - - [07/Feb/2026:15:59:53 +0300] "HEAD / HTTP/1.1" 200 0 "-" "jetmon/1.0 (Jetpack Site Uptime Monitor by WordPress.com)"
45.32.132.233 - - [07/Feb/2026:15:45:10 +0300] "HEAD / HTTP/2" 200 0 "-" "Mozilla/5.0 (compatible; monitoring360bot/1.1; +https://app.360monitoring.com/bot.html)"
45.32.132.233 - - [07/Feb/2026:15:48:11 +0300] "HEAD / HTTP/2" 200 0 "-" "Mozilla/5.0 (compatible; monitoring360bot/1.1; +https://app.360monitoring.com/bot.html)"
192.0.102.222 - - [07/Feb/2026:15:49:54 +0300] "HEAD / HTTP/1.1" 200 0 "-" "jetmon/1.0 (Jetpack Site Uptime Monitor by WordPress.com)"
45.32.132.233 - - [07/Feb/2026:15:50:12 +0300] "HEAD / HTTP/2" 200 0 "-" "Mozilla/5.0 (compatible; monitoring360bot/1.1; +https://app.360monitoring.com/bot.html)"
45.32.132.233 - - [07/Feb/2026:15:53:14 +0300] "HEAD / HTTP/2" 200 0 "-" "Mozilla/5.0 (compatible; monitoring360bot/1.1; +https://app.360monitoring.com/bot.html)"
192.0.102.222 - - [07/Feb/2026:15:54:54 +0300] "HEAD / HTTP/1.1" 200 0 "-" "jetmon/1.0 (Jetpack Site Uptime Monitor by WordPress.com)"
144.31.105.174 - - [07/Feb/2026:15:55:10 +0300] "GET / HTTP/1.0" 200 145228 "https://ankaservis.com/" "Mozilla/5.0 (Windows NT 10.0; Win64; x64) AppleWebKit/537.36 (KHTML, like Gecko) Chrome/131.0.0.0 Safari/537.36 Avast/131.0.0.0"
144.31.105.174 - - [07/Feb/2026:15:55:15 +0300] "GET /camasir-makinesi-neden-su-bosaltmaz HTTP/1.0" 404 45005 "https://ankaservis.com/camasir-makinesi-neden-su-bosaltmaz" "Mozilla/5.0 (Windows NT 10.0; Win64; x64) AppleWebKit/537.36 (KHTML, like Gecko) Chrome/131.0.0.0 Safari/537.36 Avast/131.0.0.0"
144.31.105.174 - - [07/Feb/2026:15:55:16 +0300] "GET /blog/camasir-makinesi-neden-sesli-calisir HTTP/1.0" 404 45017 "https://ankaservis.com/blog/camasir-makinesi-neden-sesli-calisir" "Mozilla/5.0 (Windows NT 10.0; Win64; x64) AppleWebKit/537.36 (KHTML, like Gecko) Chrome/131.0.0.0 Safari/537.36 Avast/131.0.0.0"
45.32.132.233 - - [07/Feb/2026:15:56:15 +0300] "HEAD / HTTP/2" 200 0 "-" "Mozilla/5.0 (compatible; monitoring360bot/1.1; +https://app.360monitoring.com/bot.html)"
45.32.132.233 - - [07/Feb/2026:15:58:16 +0300] "HEAD / HTTP/2" 200 0 "-" "Mozilla/5.0 (compatible; monitoring360bot/1.1; +https://app.360monitoring.com/bot.html)"
45.32.132.233 - - [07/Feb/2026:15:59:17 +0300] "HEAD / HTTP/2" 200 0 "-" "Mozilla/5.0 (compatible; monitoring360bot/1.1; +https://app.360monitoring.com/bot.html)"
45.32.132.233 - - [07/Feb/2026:16:00:17 +0300] "HEAD / HTTP/2" 200 0 "-" "Mozilla/5.0 (compatible; monitoring360bot/1.1; +https://app.360monitoring.com/bot.html)"
45.32.132.233 - - [07/Feb/2026:16:01:18 +0300] "HEAD / HTTP/2" 200 0 "-" "Mozilla/5.0 (compatible; monitoring360bot/1.1; +https://app.360monitoring.com/bot.html)"
149.50.240.245 - - [07/Feb/2026:16:02:44 +0300] "GET /wp-content/uploads/2015/09/pattern-5.png HTTP/2" 404 7820 "https://www.ozenkombiservisi.com/" "Mozilla/5.0 (Linux; Android 10; K) AppleWebKit/537.36 (KHTML, like Gecko) Chrome/144.0.0.0 Mobile Safari/537.36"
149.50.240.245 - - [07/Feb/2026:16:02:44 +0300] "GET /wp-content/uploads/2015/09/pattern-5.png HTTP/2" 404 7912 "https://www.ozenkombiservisi.com/" "Mozilla/5.0 (Linux; Android 10; K) AppleWebKit/537.36 (KHTML, like Gecko) Chrome/144.0.0.0 Mobile Safari/537.36"
45.32.132.233 - - [07/Feb/2026:16:05:20 +0300] "HEAD / HTTP/2" 200 0 "-" "Mozilla/5.0 (compatible; monitoring360bot/1.1; +https://app.360monitoring.com/bot.html)"
185.255.126.59 - - [07/Feb/2026:16:06:31 +0300] "GET /blog/camasir-makinesi-neden-su-bosaltmaz HTTP/1.0" 404 45015 "https://ankaservis.com/blog/camasir-makinesi-neden-su-bosaltmaz" "Mozilla/5.0 (Windows NT 10.0; Win64; x64) AppleWebKit/537.36 (KHTML, like Gecko) Chrome/130.0.0.0 Safari/537.36 CCleaner/130.0.0.0"
185.255.126.191 - - [07/Feb/2026:16:06:34 +0300] "GET /blog/camasir-makinesinden-koku-geliyor HTTP/1.0" 404 45011 "https://ankaservis.com/blog/camasir-makinesinden-koku-geliyor" "Mozilla/5.0 (Windows NT 10.0; Win64; x64) AppleWebKit/537.36 (KHTML, like Gecko) Chrome/130.0.0.0 Safari/537.36 CCleaner/130.0.0.0"
49.51.203.164 - - [07/Feb/2026:16:07:28 +0300] "GET / HTTP/1.1" 200 20864 "http://www.ankaservis.com" "Mozilla/5.0 (iPhone; CPU iPhone OS 13_2_3 like Mac OS X) AppleWebKit/605.1.15 (KHTML, like Gecko) Version/13.0.3 Mobile/15E148 Safari/604.1"
45.32.132.233 - - [07/Feb/2026:16:08:22 +0300] "HEAD / HTTP/2" 200 0 "-" "Mozilla/5.0 (compatible; monitoring360bot/1.1; +https://app.360monitoring.com/bot.html)"
45.32.132.233 - - [07/Feb/2026:16:09:22 +0300] "HEAD / HTTP/2" 200 0 "-" "Mozilla/5.0 (compatible; monitoring360bot/1.1; +https://app.360monitoring.com/bot.html)"
45.32.132.233 - - [07/Feb/2026:16:02:18 +0300] "HEAD / HTTP/2" 200 0 "-" "Mozilla/5.0 (compatible; monitoring360bot/1.1; +https://app.360monitoring.com/bot.html)"
45.32.132.233 - - [07/Feb/2026:16:04:19 +0300] "HEAD / HTTP/2" 200 0 "-" "Mozilla/5.0 (compatible; monitoring360bot/1.1; +https://app.360monitoring.com/bot.html)"
192.0.102.222 - - [07/Feb/2026:16:04:53 +0300] "HEAD / HTTP/1.1" 200 0 "-" "jetmon/1.0 (Jetpack Site Uptime Monitor by WordPress.com)"
45.32.132.233 - - [07/Feb/2026:16:06:20 +0300] "HEAD / HTTP/2" 200 0 "-" "Mozilla/5.0 (compatible; monitoring360bot/1.1; +https://app.360monitoring.com/bot.html)"
185.255.126.69 - - [07/Feb/2026:16:06:31 +0300] "GET / HTTP/1.0" 200 145228 "https://ankaservis.com/" "Mozilla/5.0 (Windows NT 10.0; Win64; x64) AppleWebKit/537.36 (KHTML, like Gecko) Chrome/130.0.0.0 Safari/537.36 CCleaner/130.0.0.0"
185.255.126.89 - - [07/Feb/2026:16:06:32 +0300] "GET /camasir-makinesi-neden-su-bosaltmaz HTTP/1.0" 404 45005 "https://ankaservis.com/camasir-makinesi-neden-su-bosaltmaz" "Mozilla/5.0 (Windows NT 10.0; Win64; x64) AppleWebKit/537.36 (KHTML, like Gecko) Chrome/130.0.0.0 Safari/537.36 CCleaner/130.0.0.0"
185.255.126.56 - - [07/Feb/2026:16:06:33 +0300] "GET /blog/camasir-makinesi-neden-sesli-calisir HTTP/1.0" 404 45017 "https://ankaservis.com/blog/camasir-makinesi-neden-sesli-calisir" "Mozilla/5.0 (Windows NT 10.0; Win64; x64) AppleWebKit/537.36 (KHTML, like Gecko) Chrome/130.0.0.0 Safari/537.36 CCleaner/130.0.0.0"
185.255.126.90 - - [07/Feb/2026:16:06:33 +0300] "GET /camasir-makinesi-neden-sesli-calisir HTTP/1.0" 404 45007 "https://ankaservis.com/camasir-makinesi-neden-sesli-calisir" "Mozilla/5.0 (Windows NT 10.0; Win64; x64) AppleWebKit/537.36 (KHTML, like Gecko) Chrome/130.0.0.0 Safari/537.36 CCleaner/130.0.0.0"
185.255.126.81 - - [07/Feb/2026:16:06:34 +0300] "GET /camasir-makinesinden-koku-geliyor HTTP/1.0" 404 45001 "https://ankaservis.com/camasir-makinesinden-koku-geliyor" "Mozilla/5.0 (Windows NT 10.0; Win64; x64) AppleWebKit/537.36 (KHTML, like Gecko) Chrome/130.0.0.0 Safari/537.36 CCleaner/130.0.0.0"
45.32.132.233 - - [07/Feb/2026:16:07:21 +0300] "HEAD / HTTP/2" 200 0 "-" "Mozilla/5.0 (compatible; monitoring360bot/1.1; +https://app.360monitoring.com/bot.html)"
192.0.102.222 - - [07/Feb/2026:16:09:54 +0300] "HEAD / HTTP/1.1" 200 0 "-" "jetmon/1.0 (Jetpack Site Uptime Monitor by WordPress.com)"
45.32.132.233 - - [07/Feb/2026:16:10:22 +0300] "HEAD / HTTP/2" 200 0 "-" "Mozilla/5.0 (compatible; monitoring360bot/1.1; +https://app.360monitoring.com/bot.html)"
45.32.132.233 - - [07/Feb/2026:16:11:23 +0300] "HEAD / HTTP/2" 200 0 "-" "Mozilla/5.0 (compatible; monitoring360bot/1.1; +https://app.360monitoring.com/bot.html)"
45.32.132.233 - - [07/Feb/2026:16:12:23 +0300] "HEAD / HTTP/2" 200 0 "-" "Mozilla/5.0 (compatible; monitoring360bot/1.1; +https://app.360monitoring.com/bot.html)"
45.32.132.233 - - [07/Feb/2026:16:14:24 +0300] "HEAD / HTTP/2" 200 0 "-" "Mozilla/5.0 (compatible; monitoring360bot/1.1; +https://app.360monitoring.com/bot.html)"
192.0.102.222 - - [07/Feb/2026:16:14:54 +0300] "HEAD / HTTP/1.1" 200 0 "-" "jetmon/1.0 (Jetpack Site Uptime Monitor by WordPress.com)"
45.32.132.233 - - [07/Feb/2026:16:17:26 +0300] "HEAD / HTTP/2" 200 0 "-" "Mozilla/5.0 (compatible; monitoring360bot/1.1; +https://app.360monitoring.com/bot.html)"
45.32.132.233 - - [07/Feb/2026:16:18:26 +0300] "HEAD / HTTP/2" 200 0 "-" "Mozilla/5.0 (compatible; monitoring360bot/1.1; +https://app.360monitoring.com/bot.html)"
45.32.132.233 - - [07/Feb/2026:16:13:24 +0300] "HEAD / HTTP/2" 200 0 "-" "Mozilla/5.0 (compatible; monitoring360bot/1.1; +https://app.360monitoring.com/bot.html)"
45.32.132.233 - - [07/Feb/2026:16:15:25 +0300] "HEAD / HTTP/2" 200 0 "-" "Mozilla/5.0 (compatible; monitoring360bot/1.1; +https://app.360monitoring.com/bot.html)"
45.151.248.94 - - [07/Feb/2026:16:15:29 +0300] "GET /.well-known/acme-challenge/MUS-9GBRV-JY_8F_P2QE454CM6ABFZ5U HTTP/1.1" 404 45053 "-" "Cpanel-HTTP-Client/1.0"
45.32.132.233 - - [07/Feb/2026:16:16:25 +0300] "HEAD / HTTP/2" 200 0 "-" "Mozilla/5.0 (compatible; monitoring360bot/1.1; +https://app.360monitoring.com/bot.html)"
45.32.132.233 - - [07/Feb/2026:16:21:28 +0300] "HEAD / HTTP/2" 200 0 "-" "Mozilla/5.0 (compatible; monitoring360bot/1.1; +https://app.360monitoring.com/bot.html)"
45.32.132.233 - - [07/Feb/2026:16:23:29 +0300] "HEAD / HTTP/2" 200 0 "-" "Mozilla/5.0 (compatible; monitoring360bot/1.1; +https://app.360monitoring.com/bot.html)"
45.32.132.233 - - [07/Feb/2026:16:24:29 +0300] "HEAD / HTTP/2" 200 0 "-" "Mozilla/5.0 (compatible; monitoring360bot/1.1; +https://app.360monitoring.com/bot.html)"
45.32.132.233 - - [07/Feb/2026:16:25:30 +0300] "HEAD / HTTP/2" 200 0 "-" "Mozilla/5.0 (compatible; monitoring360bot/1.1; +https://app.360monitoring.com/bot.html)"
45.32.132.233 - - [07/Feb/2026:16:29:32 +0300] "HEAD / HTTP/2" 200 0 "-" "Mozilla/5.0 (compatible; monitoring360bot/1.1; +https://app.360monitoring.com/bot.html)"
192.0.102.222 - - [07/Feb/2026:16:29:54 +0300] "HEAD / HTTP/1.1" 200 0 "-" "jetmon/1.0 (Jetpack Site Uptime Monitor by WordPress.com)"
170.106.11.6 - - [07/Feb/2026:16:30:33 +0300] "GET /hizmetler/kombi-ve-klima-servisi HTTP/1.1" 200 12491 "-" "Mozilla/5.0 (iPhone; CPU iPhone OS 13_2_3 like Mac OS X) AppleWebKit/605.1.15 (KHTML, like Gecko) Version/13.0.3 Mobile/15E148 Safari/604.1"
45.32.132.233 - - [07/Feb/2026:16:31:33 +0300] "HEAD / HTTP/2" 200 0 "-" "Mozilla/5.0 (compatible; monitoring360bot/1.1; +https://app.360monitoring.com/bot.html)"
45.32.132.233 - - [07/Feb/2026:16:33:34 +0300] "HEAD / HTTP/2" 200 0 "-" "Mozilla/5.0 (compatible; monitoring360bot/1.1; +https://app.360monitoring.com/bot.html)"
45.32.132.233 - - [07/Feb/2026:16:34:34 +0300] "HEAD / HTTP/2" 200 0 "-" "Mozilla/5.0 (compatible; monitoring360bot/1.1; +https://app.360monitoring.com/bot.html)"
45.32.132.233 - - [07/Feb/2026:16:19:27 +0300] "HEAD / HTTP/2" 200 0 "-" "Mozilla/5.0 (compatible; monitoring360bot/1.1; +https://app.360monitoring.com/bot.html)"
192.0.102.222 - - [07/Feb/2026:16:19:54 +0300] "HEAD / HTTP/1.1" 200 0 "-" "jetmon/1.0 (Jetpack Site Uptime Monitor by WordPress.com)"
45.32.132.233 - - [07/Feb/2026:16:20:27 +0300] "HEAD / HTTP/2" 200 0 "-" "Mozilla/5.0 (compatible; monitoring360bot/1.1; +https://app.360monitoring.com/bot.html)"
45.32.132.233 - - [07/Feb/2026:16:22:28 +0300] "HEAD / HTTP/2" 200 0 "-" "Mozilla/5.0 (compatible; monitoring360bot/1.1; +https://app.360monitoring.com/bot.html)"
192.0.102.222 - - [07/Feb/2026:16:24:54 +0300] "HEAD / HTTP/1.1" 200 0 "-" "jetmon/1.0 (Jetpack Site Uptime Monitor by WordPress.com)"
45.32.132.233 - - [07/Feb/2026:16:26:30 +0300] "HEAD / HTTP/2" 200 0 "-" "Mozilla/5.0 (compatible; monitoring360bot/1.1; +https://app.360monitoring.com/bot.html)"
45.32.132.233 - - [07/Feb/2026:16:27:31 +0300] "HEAD / HTTP/2" 200 0 "-" "Mozilla/5.0 (compatible; monitoring360bot/1.1; +https://app.360monitoring.com/bot.html)"
45.32.132.233 - - [07/Feb/2026:16:28:31 +0300] "HEAD / HTTP/2" 200 0 "-" "Mozilla/5.0 (compatible; monitoring360bot/1.1; +https://app.360monitoring.com/bot.html)"
45.32.132.233 - - [07/Feb/2026:16:30:32 +0300] "HEAD / HTTP/2" 200 0 "-" "Mozilla/5.0 (compatible; monitoring360bot/1.1; +https://app.360monitoring.com/bot.html)"
45.32.132.233 - - [07/Feb/2026:16:32:33 +0300] "HEAD / HTTP/2" 200 0 "-" "Mozilla/5.0 (compatible; monitoring360bot/1.1; +https://app.360monitoring.com/bot.html)"
192.0.102.222 - - [07/Feb/2026:16:34:53 +0300] "HEAD / HTTP/1.1" 200 0 "-" "jetmon/1.0 (Jetpack Site Uptime Monitor by WordPress.com)"
45.32.132.233 - - [07/Feb/2026:16:35:35 +0300] "HEAD / HTTP/2" 200 0 "-" "Mozilla/5.0 (compatible; monitoring360bot/1.1; +https://app.360monitoring.com/bot.html)"
192.0.102.222 - - [07/Feb/2026:16:39:54 +0300] "HEAD / HTTP/1.1" 200 0 "-" "jetmon/1.0 (Jetpack Site Uptime Monitor by WordPress.com)"
45.32.132.233 - - [07/Feb/2026:16:40:37 +0300] "HEAD / HTTP/2" 200 0 "-" "Mozilla/5.0 (compatible; monitoring360bot/1.1; +https://app.360monitoring.com/bot.html)"
45.32.132.233 - - [07/Feb/2026:16:41:37 +0300] "HEAD / HTTP/2" 200 0 "-" "Mozilla/5.0 (compatible; monitoring360bot/1.1; +https://app.360monitoring.com/bot.html)"
45.32.132.233 - - [07/Feb/2026:16:42:38 +0300] "HEAD / HTTP/2" 200 0 "-" "Mozilla/5.0 (compatible; monitoring360bot/1.1; +https://app.360monitoring.com/bot.html)"
45.32.132.233 - - [07/Feb/2026:16:45:39 +0300] "HEAD / HTTP/2" 200 0 "-" "Mozilla/5.0 (compatible; monitoring360bot/1.1; +https://app.360monitoring.com/bot.html)"
45.32.132.233 - - [07/Feb/2026:16:47:40 +0300] "HEAD / HTTP/2" 200 0 "-" "Mozilla/5.0 (compatible; monitoring360bot/1.1; +https://app.360monitoring.com/bot.html)"
192.0.102.222 - - [07/Feb/2026:16:49:54 +0300] "HEAD / HTTP/1.1" 200 0 "-" "jetmon/1.0 (Jetpack Site Uptime Monitor by WordPress.com)"
45.32.132.233 - - [07/Feb/2026:16:50:42 +0300] "HEAD / HTTP/2" 200 0 "-" "Mozilla/5.0 (compatible; monitoring360bot/1.1; +https://app.360monitoring.com/bot.html)"
51.77.218.189 - - [07/Feb/2026:16:50:42 +0300] "GET /robots.txt HTTP/1.1" 404 45095 "-" "Mozilla/5.0 (compatible; MJ12bot/v1.4.8; http://mj12bot.com/)"
51.77.218.189 - - [07/Feb/2026:16:50:46 +0300] "GET /cozum-merkezi/bulasik-makinesi/bulasik-makinesi-kirli-cikariyor HTTP/1.1" 200 9388 "-" "Mozilla/5.0 (compatible; MJ12bot/v1.4.8; http://mj12bot.com/)"
51.77.218.189 - - [07/Feb/2026:16:50:53 +0300] "GET /cozum-merkezi/bulasik-makinesi/bulasik-makinesi-neden-su-almaz HTTP/1.1" 200 9276 "-" "Mozilla/5.0 (compatible; MJ12bot/v1.4.8; http://mj12bot.com/)"
51.77.218.189 - - [07/Feb/2026:16:51:02 +0300] "GET /cozum-merkezi/bulasik-makinesi/bulasik-makinesi-su-bosaltmiyor HTTP/1.1" 200 9289 "-" "Mozilla/5.0 (compatible; MJ12bot/v1.4.8; http://mj12bot.com/)"
45.32.132.233 - - [07/Feb/2026:16:51:42 +0300] "HEAD / HTTP/2" 200 0 "-" "Mozilla/5.0 (compatible; monitoring360bot/1.1; +https://app.360monitoring.com/bot.html)"
45.32.132.233 - - [07/Feb/2026:16:36:35 +0300] "HEAD / HTTP/2" 200 0 "-" "Mozilla/5.0 (compatible; monitoring360bot/1.1; +https://app.360monitoring.com/bot.html)"
45.32.132.233 - - [07/Feb/2026:16:37:36 +0300] "HEAD / HTTP/2" 200 0 "-" "Mozilla/5.0 (compatible; monitoring360bot/1.1; +https://app.360monitoring.com/bot.html)"
45.32.132.233 - - [07/Feb/2026:16:38:36 +0300] "HEAD / HTTP/2" 200 0 "-" "Mozilla/5.0 (compatible; monitoring360bot/1.1; +https://app.360monitoring.com/bot.html)"
45.32.132.233 - - [07/Feb/2026:16:39:37 +0300] "HEAD / HTTP/2" 200 0 "-" "Mozilla/5.0 (compatible; monitoring360bot/1.1; +https://app.360monitoring.com/bot.html)"
43.173.1.69 - - [07/Feb/2026:16:40:40 +0300] "GET /public/images/ekibimiz.webp HTTP/1.1" 200 48546 "-" "Mozilla/5.0 (iPhone; CPU iPhone OS 13_2_3 like Mac OS X) AppleWebKit/605.1.15 (KHTML, like Gecko) Version/13.0.3 Mobile/15E148 Safari/604.1"
45.32.132.233 - - [07/Feb/2026:16:43:38 +0300] "HEAD / HTTP/2" 200 0 "-" "Mozilla/5.0 (compatible; monitoring360bot/1.1; +https://app.360monitoring.com/bot.html)"
45.32.132.233 - - [07/Feb/2026:16:44:39 +0300] "HEAD / HTTP/2" 200 0 "-" "Mozilla/5.0 (compatible; monitoring360bot/1.1; +https://app.360monitoring.com/bot.html)"
192.0.102.222 - - [07/Feb/2026:16:44:54 +0300] "HEAD / HTTP/1.1" 200 0 "-" "jetmon/1.0 (Jetpack Site Uptime Monitor by WordPress.com)"
45.32.132.233 - - [07/Feb/2026:16:46:40 +0300] "HEAD / HTTP/2" 200 0 "-" "Mozilla/5.0 (compatible; monitoring360bot/1.1; +https://app.360monitoring.com/bot.html)"
45.32.132.233 - - [07/Feb/2026:16:48:41 +0300] "HEAD / HTTP/2" 200 0 "-" "Mozilla/5.0 (compatible; monitoring360bot/1.1; +https://app.360monitoring.com/bot.html)"
45.32.132.233 - - [07/Feb/2026:16:49:41 +0300] "HEAD / HTTP/2" 200 0 "-" "Mozilla/5.0 (compatible; monitoring360bot/1.1; +https://app.360monitoring.com/bot.html)"
51.77.218.189 - - [07/Feb/2026:16:54:20 +0300] "GET /cozum-merkezi/buzdolabi/buzdolabi-sesli-calisiyor HTTP/1.1" 200 9345 "-" "Mozilla/5.0 (compatible; MJ12bot/v1.4.8; http://mj12bot.com/)"
51.77.218.189 - - [07/Feb/2026:16:54:21 +0300] "GET /cozum-merkezi?device_type=%C3%87ama%C5%9F%C4%B1r+Makinesi HTTP/1.1" 200 9362 "-" "Mozilla/5.0 (compatible; MJ12bot/v1.4.8; http://mj12bot.com/)"
51.77.218.189 - - [07/Feb/2026:16:54:23 +0300] "GET /cozum-merkezi?device_type=Klima HTTP/1.1" 200 8988 "-" "Mozilla/5.0 (compatible; MJ12bot/v1.4.8; http://mj12bot.com/)"
51.77.218.189 - - [07/Feb/2026:16:54:25 +0300] "GET /cozum-merkezi?device_type=Kombi HTTP/1.1" 200 8987 "-" "Mozilla/5.0 (compatible; MJ12bot/v1.4.8; http://mj12bot.com/)"
51.77.218.189 - - [07/Feb/2026:16:54:27 +0300] "GET /cozum-merkezi?page=1 HTTP/1.1" 200 9703 "-" "Mozilla/5.0 (compatible; MJ12bot/v1.4.8; http://mj12bot.com/)"
51.77.218.189 - - [07/Feb/2026:16:54:29 +0300] "GET /cozum-merkezi?page=2 HTTP/1.1" 200 9406 "-" "Mozilla/5.0 (compatible; MJ12bot/v1.4.8; http://mj12bot.com/)"
45.32.132.233 - - [07/Feb/2026:16:54:44 +0300] "HEAD / HTTP/2" 200 0 "-" "Mozilla/5.0 (compatible; monitoring360bot/1.1; +https://app.360monitoring.com/bot.html)"
45.32.132.233 - - [07/Feb/2026:16:55:44 +0300] "HEAD / HTTP/2" 200 0 "-" "Mozilla/5.0 (compatible; monitoring360bot/1.1; +https://app.360monitoring.com/bot.html)"
98.159.226.184 - - [07/Feb/2026:16:56:03 +0300] "GET /blog/camasir-makinesi-neden-sesli-calisir HTTP/1.0" 404 45017 "https://ankaservis.com/blog/camasir-makinesi-neden-sesli-calisir" "Mozilla/5.0 (Windows NT 10.0; Win64; x64) AppleWebKit/537.36 (KHTML, like Gecko) Chrome/131.0.0.0 Safari/537.36"
98.159.226.186 - - [07/Feb/2026:16:56:04 +0300] "GET /camasir-makinesi-neden-sesli-calisir HTTP/1.0" 404 45007 "https://ankaservis.com/camasir-makinesi-neden-sesli-calisir" "Mozilla/5.0 (Windows NT 10.0; Win64; x64) AppleWebKit/537.36 (KHTML, like Gecko) Chrome/131.0.0.0 Safari/537.36"
45.32.132.233 - - [07/Feb/2026:16:59:46 +0300] "HEAD / HTTP/2" 200 0 "-" "Mozilla/5.0 (compatible; monitoring360bot/1.1; +https://app.360monitoring.com/bot.html)"
45.32.132.233 - - [07/Feb/2026:17:04:34 +0300] "HEAD / HTTP/2" 200 0 "-" "Mozilla/5.0 (compatible; monitoring360bot/1.1; +https://app.360monitoring.com/bot.html)"
45.32.132.233 - - [07/Feb/2026:17:06:35 +0300] "HEAD / HTTP/2" 200 0 "-" "Mozilla/5.0 (compatible; monitoring360bot/1.1; +https://app.360monitoring.com/bot.html)"
45.32.132.233 - - [07/Feb/2026:16:52:43 +0300] "HEAD / HTTP/2" 200 0 "-" "Mozilla/5.0 (compatible; monitoring360bot/1.1; +https://app.360monitoring.com/bot.html)"
45.32.132.233 - - [07/Feb/2026:16:53:43 +0300] "HEAD / HTTP/2" 200 0 "-" "Mozilla/5.0 (compatible; monitoring360bot/1.1; +https://app.360monitoring.com/bot.html)"
192.0.102.222 - - [07/Feb/2026:16:54:53 +0300] "HEAD / HTTP/1.1" 200 0 "-" "jetmon/1.0 (Jetpack Site Uptime Monitor by WordPress.com)"
98.159.226.186 - - [07/Feb/2026:16:55:59 +0300] "GET / HTTP/1.0" 200 145228 "https://ankaservis.com/" "Mozilla/5.0 (Windows NT 10.0; Win64; x64) AppleWebKit/537.36 (KHTML, like Gecko) Chrome/131.0.0.0 Safari/537.36"
98.159.226.184 - - [07/Feb/2026:16:56:01 +0300] "GET /blog/camasir-makinesi-neden-su-bosaltmaz HTTP/1.0" 404 45015 "https://ankaservis.com/blog/camasir-makinesi-neden-su-bosaltmaz" "Mozilla/5.0 (Windows NT 10.0; Win64; x64) AppleWebKit/537.36 (KHTML, like Gecko) Chrome/131.0.0.0 Safari/537.36"
98.159.226.187 - - [07/Feb/2026:16:56:02 +0300] "GET /camasir-makinesi-neden-su-bosaltmaz HTTP/1.0" 404 45005 "https://ankaservis.com/camasir-makinesi-neden-su-bosaltmaz" "Mozilla/5.0 (Windows NT 10.0; Win64; x64) AppleWebKit/537.36 (KHTML, like Gecko) Chrome/131.0.0.0 Safari/537.36"
98.159.226.188 - - [07/Feb/2026:16:56:05 +0300] "GET /blog/camasir-makinesinden-koku-geliyor HTTP/1.0" 404 45011 "https://ankaservis.com/blog/camasir-makinesinden-koku-geliyor" "Mozilla/5.0 (Windows NT 10.0; Win64; x64) AppleWebKit/537.36 (KHTML, like Gecko) Chrome/131.0.0.0 Safari/537.36"
98.159.226.184 - - [07/Feb/2026:16:56:06 +0300] "GET /camasir-makinesinden-koku-geliyor HTTP/1.0" 404 45001 "https://ankaservis.com/camasir-makinesinden-koku-geliyor" "Mozilla/5.0 (Windows NT 10.0; Win64; x64) AppleWebKit/537.36 (KHTML, like Gecko) Chrome/131.0.0.0 Safari/537.36"
45.32.132.233 - - [07/Feb/2026:16:56:45 +0300] "HEAD / HTTP/2" 200 0 "-" "Mozilla/5.0 (compatible; monitoring360bot/1.1; +https://app.360monitoring.com/bot.html)"
45.32.132.233 - - [07/Feb/2026:16:57:45 +0300] "HEAD / HTTP/2" 200 0 "-" "Mozilla/5.0 (compatible; monitoring360bot/1.1; +https://app.360monitoring.com/bot.html)"
45.32.132.233 - - [07/Feb/2026:16:58:46 +0300] "HEAD / HTTP/2" 200 0 "-" "Mozilla/5.0 (compatible; monitoring360bot/1.1; +https://app.360monitoring.com/bot.html)"
192.0.102.222 - - [07/Feb/2026:16:59:53 +0300] "HEAD / HTTP/1.1" 200 0 "-" "jetmon/1.0 (Jetpack Site Uptime Monitor by WordPress.com)"
45.32.132.233 - - [07/Feb/2026:17:00:47 +0300] "HEAD / HTTP/2" 200 0 "-" "Mozilla/5.0 (compatible; monitoring360bot/1.1; +https://app.360monitoring.com/bot.html)"
45.32.132.233 - - [07/Feb/2026:17:01:47 +0300] "HEAD / HTTP/2" 200 0 "-" "Mozilla/5.0 (compatible; monitoring360bot/1.1; +https://app.360monitoring.com/bot.html)"
45.32.132.233 - - [07/Feb/2026:17:02:48 +0300] "HEAD / HTTP/2" 200 0 "-" "Mozilla/5.0 (compatible; monitoring360bot/1.1; +https://app.360monitoring.com/bot.html)"
45.32.132.233 - - [07/Feb/2026:17:03:33 +0300] "HEAD / HTTP/2" 200 0 "-" "Mozilla/5.0 (compatible; monitoring360bot/1.1; +https://app.360monitoring.com/bot.html)"
192.0.102.222 - - [07/Feb/2026:17:04:54 +0300] "HEAD / HTTP/1.1" 200 0 "-" "jetmon/1.0 (Jetpack Site Uptime Monitor by WordPress.com)"
45.32.132.233 - - [07/Feb/2026:17:05:34 +0300] "HEAD / HTTP/2" 200 0 "-" "Mozilla/5.0 (compatible; monitoring360bot/1.1; +https://app.360monitoring.com/bot.html)"
45.32.132.233 - - [07/Feb/2026:17:07:35 +0300] "HEAD / HTTP/2" 200 0 "-" "Mozilla/5.0 (compatible; monitoring360bot/1.1; +https://app.360monitoring.com/bot.html)"
192.0.102.222 - - [07/Feb/2026:17:09:53 +0300] "HEAD / HTTP/1.1" 200 0 "-" "jetmon/1.0 (Jetpack Site Uptime Monitor by WordPress.com)"
45.32.132.233 - - [07/Feb/2026:17:10:37 +0300] "HEAD / HTTP/2" 200 0 "-" "Mozilla/5.0 (compatible; monitoring360bot/1.1; +https://app.360monitoring.com/bot.html)"
45.32.132.233 - - [07/Feb/2026:17:11:37 +0300] "HEAD / HTTP/2" 200 0 "-" "Mozilla/5.0 (compatible; monitoring360bot/1.1; +https://app.360monitoring.com/bot.html)"
45.32.132.233 - - [07/Feb/2026:17:08:36 +0300] "HEAD / HTTP/2" 200 0 "-" "Mozilla/5.0 (compatible; monitoring360bot/1.1; +https://app.360monitoring.com/bot.html)"
45.32.132.233 - - [07/Feb/2026:17:09:36 +0300] "HEAD / HTTP/2" 200 0 "-" "Mozilla/5.0 (compatible; monitoring360bot/1.1; +https://app.360monitoring.com/bot.html)"
45.32.132.233 - - [07/Feb/2026:17:12:38 +0300] "HEAD / HTTP/2" 200 0 "-" "Mozilla/5.0 (compatible; monitoring360bot/1.1; +https://app.360monitoring.com/bot.html)"
45.32.132.233 - - [07/Feb/2026:17:13:38 +0300] "HEAD / HTTP/2" 200 0 "-" "Mozilla/5.0 (compatible; monitoring360bot/1.1; +https://app.360monitoring.com/bot.html)"
45.32.132.233 - - [07/Feb/2026:17:14:39 +0300] "HEAD / HTTP/2" 200 0 "-" "Mozilla/5.0 (compatible; monitoring360bot/1.1; +https://app.360monitoring.com/bot.html)"
45.32.132.233 - - [07/Feb/2026:17:15:39 +0300] "HEAD / HTTP/2" 200 0 "-" "Mozilla/5.0 (compatible; monitoring360bot/1.1; +https://app.360monitoring.com/bot.html)"
170.64.143.161 - - [07/Feb/2026:17:17:55 +0300] "HEAD / HTTP/1.1" 200 0 "-" "Mozilla/5.0 (Windows NT 10.0; Win64; x64) AppleWebKit/537.36 (KHTML, like Gecko) Chrome/125.0.0.0 Safari/537.36"
170.64.143.161 - - [07/Feb/2026:17:17:55 +0300] "GET / HTTP/1.1" 200 15659 "-" "Mozilla/5.0 (Windows NT 10.0; Win64; x64) AppleWebKit/537.36 (KHTML, like Gecko) Chrome/125.0.0.0 Safari/537.36"
170.64.143.161 - - [07/Feb/2026:17:17:55 +0300] "GET /wp-content/plugins/dropbox-folder-share/HynoTech/UsosGenerales/js/editor-view.php HTTP/1.1" 404 7899 "-" "Mozilla/5.0 (Windows NT 10.0; Win64; x64) AppleWebKit/537.36 (KHTML, like Gecko) Chrome/125.0.0.0 Safari/537.36"
45.32.132.233 - - [07/Feb/2026:17:18:41 +0300] "HEAD / HTTP/2" 200 0 "-" "Mozilla/5.0 (compatible; monitoring360bot/1.1; +https://app.360monitoring.com/bot.html)"
45.32.132.233 - - [07/Feb/2026:17:19:41 +0300] "HEAD / HTTP/2" 200 0 "-" "Mozilla/5.0 (compatible; monitoring360bot/1.1; +https://app.360monitoring.com/bot.html)"
192.0.102.222 - - [07/Feb/2026:17:19:54 +0300] "HEAD / HTTP/1.1" 200 0 "-" "jetmon/1.0 (Jetpack Site Uptime Monitor by WordPress.com)"
45.32.132.233 - - [07/Feb/2026:17:21:42 +0300] "HEAD / HTTP/2" 200 0 "-" "Mozilla/5.0 (compatible; monitoring360bot/1.1; +https://app.360monitoring.com/bot.html)"
45.32.132.233 - - [07/Feb/2026:17:22:43 +0300] "HEAD / HTTP/2" 200 0 "-" "Mozilla/5.0 (compatible; monitoring360bot/1.1; +https://app.360monitoring.com/bot.html)"
45.32.132.233 - - [07/Feb/2026:17:24:44 +0300] "HEAD / HTTP/2" 200 0 "-" "Mozilla/5.0 (compatible; monitoring360bot/1.1; +https://app.360monitoring.com/bot.html)"
192.0.102.222 - - [07/Feb/2026:17:14:54 +0300] "HEAD / HTTP/1.1" 200 0 "-" "jetmon/1.0 (Jetpack Site Uptime Monitor by WordPress.com)"
45.32.132.233 - - [07/Feb/2026:17:16:40 +0300] "HEAD / HTTP/2" 200 0 "-" "Mozilla/5.0 (compatible; monitoring360bot/1.1; +https://app.360monitoring.com/bot.html)"
45.32.132.233 - - [07/Feb/2026:17:17:40 +0300] "HEAD / HTTP/2" 200 0 "-" "Mozilla/5.0 (compatible; monitoring360bot/1.1; +https://app.360monitoring.com/bot.html)"
45.32.132.233 - - [07/Feb/2026:17:20:42 +0300] "HEAD / HTTP/2" 200 0 "-" "Mozilla/5.0 (compatible; monitoring360bot/1.1; +https://app.360monitoring.com/bot.html)"
45.32.132.233 - - [07/Feb/2026:17:23:43 +0300] "HEAD / HTTP/2" 200 0 "-" "Mozilla/5.0 (compatible; monitoring360bot/1.1; +https://app.360monitoring.com/bot.html)"
192.0.102.222 - - [07/Feb/2026:17:24:53 +0300] "HEAD / HTTP/1.1" 200 0 "-" "jetmon/1.0 (Jetpack Site Uptime Monitor by WordPress.com)"
45.32.132.233 - - [07/Feb/2026:17:25:44 +0300] "HEAD / HTTP/2" 200 0 "-" "Mozilla/5.0 (compatible; monitoring360bot/1.1; +https://app.360monitoring.com/bot.html)"
45.32.132.233 - - [07/Feb/2026:17:26:45 +0300] "HEAD / HTTP/2" 200 0 "-" "Mozilla/5.0 (compatible; monitoring360bot/1.1; +https://app.360monitoring.com/bot.html)"
45.32.132.233 - - [07/Feb/2026:17:27:45 +0300] "HEAD / HTTP/2" 200 0 "-" "Mozilla/5.0 (compatible; monitoring360bot/1.1; +https://app.360monitoring.com/bot.html)"
45.32.132.233 - - [07/Feb/2026:17:29:46 +0300] "HEAD / HTTP/2" 200 0 "-" "Mozilla/5.0 (compatible; monitoring360bot/1.1; +https://app.360monitoring.com/bot.html)"
192.0.102.222 - - [07/Feb/2026:17:29:53 +0300] "HEAD / HTTP/1.1" 200 0 "-" "jetmon/1.0 (Jetpack Site Uptime Monitor by WordPress.com)"
45.32.132.233 - - [07/Feb/2026:17:33:48 +0300] "HEAD / HTTP/2" 200 0 "-" "Mozilla/5.0 (compatible; monitoring360bot/1.1; +https://app.360monitoring.com/bot.html)"
45.32.132.233 - - [07/Feb/2026:17:34:48 +0300] "HEAD / HTTP/2" 200 0 "-" "Mozilla/5.0 (compatible; monitoring360bot/1.1; +https://app.360monitoring.com/bot.html)"
45.32.132.233 - - [07/Feb/2026:17:35:49 +0300] "HEAD / HTTP/2" 200 0 "-" "Mozilla/5.0 (compatible; monitoring360bot/1.1; +https://app.360monitoring.com/bot.html)"
45.32.132.233 - - [07/Feb/2026:17:36:49 +0300] "HEAD / HTTP/2" 200 0 "-" "Mozilla/5.0 (compatible; monitoring360bot/1.1; +https://app.360monitoring.com/bot.html)"
45.32.132.233 - - [07/Feb/2026:17:37:50 +0300] "HEAD / HTTP/2" 200 0 "-" "Mozilla/5.0 (compatible; monitoring360bot/1.1; +https://app.360monitoring.com/bot.html)"
45.32.132.233 - - [07/Feb/2026:17:38:50 +0300] "HEAD / HTTP/2" 200 0 "-" "Mozilla/5.0 (compatible; monitoring360bot/1.1; +https://app.360monitoring.com/bot.html)"
45.32.132.233 - - [07/Feb/2026:17:28:46 +0300] "HEAD / HTTP/2" 200 0 "-" "Mozilla/5.0 (compatible; monitoring360bot/1.1; +https://app.360monitoring.com/bot.html)"
45.32.132.233 - - [07/Feb/2026:17:30:46 +0300] "HEAD / HTTP/2" 200 0 "-" "Mozilla/5.0 (compatible; monitoring360bot/1.1; +https://app.360monitoring.com/bot.html)"
45.32.132.233 - - [07/Feb/2026:17:31:47 +0300] "HEAD / HTTP/2" 200 0 "-" "Mozilla/5.0 (compatible; monitoring360bot/1.1; +https://app.360monitoring.com/bot.html)"
45.32.132.233 - - [07/Feb/2026:17:32:47 +0300] "HEAD / HTTP/2" 200 0 "-" "Mozilla/5.0 (compatible; monitoring360bot/1.1; +https://app.360monitoring.com/bot.html)"
192.0.102.222 - - [07/Feb/2026:17:34:53 +0300] "HEAD / HTTP/1.1" 200 0 "-" "jetmon/1.0 (Jetpack Site Uptime Monitor by WordPress.com)"
45.32.132.233 - - [07/Feb/2026:17:39:51 +0300] "HEAD / HTTP/2" 200 0 "-" "Mozilla/5.0 (compatible; monitoring360bot/1.1; +https://app.360monitoring.com/bot.html)"
192.0.102.222 - - [07/Feb/2026:17:39:53 +0300] "HEAD / HTTP/1.1" 200 0 "-" "jetmon/1.0 (Jetpack Site Uptime Monitor by WordPress.com)"
45.32.132.233 - - [07/Feb/2026:17:40:51 +0300] "HEAD / HTTP/2" 200 0 "-" "Mozilla/5.0 (compatible; monitoring360bot/1.1; +https://app.360monitoring.com/bot.html)"
45.32.132.233 - - [07/Feb/2026:17:42:52 +0300] "HEAD / HTTP/2" 200 0 "-" "Mozilla/5.0 (compatible; monitoring360bot/1.1; +https://app.360monitoring.com/bot.html)"
45.32.132.233 - - [07/Feb/2026:17:43:53 +0300] "HEAD / HTTP/2" 200 0 "-" "Mozilla/5.0 (compatible; monitoring360bot/1.1; +https://app.360monitoring.com/bot.html)"
45.32.132.233 - - [07/Feb/2026:17:44:53 +0300] "HEAD / HTTP/2" 200 0 "-" "Mozilla/5.0 (compatible; monitoring360bot/1.1; +https://app.360monitoring.com/bot.html)"
45.32.132.233 - - [07/Feb/2026:17:46:54 +0300] "HEAD / HTTP/2" 200 0 "-" "Mozilla/5.0 (compatible; monitoring360bot/1.1; +https://app.360monitoring.com/bot.html)"
45.32.132.233 - - [07/Feb/2026:17:47:55 +0300] "HEAD / HTTP/2" 200 0 "-" "Mozilla/5.0 (compatible; monitoring360bot/1.1; +https://app.360monitoring.com/bot.html)"
192.0.102.222 - - [07/Feb/2026:17:49:54 +0300] "HEAD / HTTP/1.1" 200 0 "-" "jetmon/1.0 (Jetpack Site Uptime Monitor by WordPress.com)"
45.32.132.233 - - [07/Feb/2026:17:49:56 +0300] "HEAD / HTTP/2" 200 0 "-" "Mozilla/5.0 (compatible; monitoring360bot/1.1; +https://app.360monitoring.com/bot.html)"
45.32.132.233 - - [07/Feb/2026:17:50:56 +0300] "HEAD / HTTP/2" 200 0 "-" "Mozilla/5.0 (compatible; monitoring360bot/1.1; +https://app.360monitoring.com/bot.html)"
45.32.132.233 - - [07/Feb/2026:17:53:58 +0300] "HEAD / HTTP/2" 200 0 "-" "Mozilla/5.0 (compatible; monitoring360bot/1.1; +https://app.360monitoring.com/bot.html)"
20.46.120.47 - - [07/Feb/2026:17:54:02 +0300] "GET /autoload_classmap.php HTTP/1.1" 404 7898 "-" "Mozilla/5.0 (Windows NT 10.0; Win64; x64) AppleWebKit/537.36 (KHTML, like Gecko) Chrome/120.0.0.0 Safari/537.36"
20.46.120.47 - - [07/Feb/2026:17:54:02 +0300] "GET /post.php HTTP/1.1" 404 7915 "-" "Mozilla/5.0 (Windows NT 10.0; Win64; x64) AppleWebKit/537.36 (KHTML, like Gecko) Chrome/120.0.0.0 Safari/537.36"
20.46.120.47 - - [07/Feb/2026:17:54:04 +0300] "GET /1.php HTTP/1.1" 404 7889 "-" "Mozilla/5.0 (Windows NT 10.0; Win64; x64) AppleWebKit/537.36 (KHTML, like Gecko) Chrome/120.0.0.0 Safari/537.36"
20.46.120.47 - - [07/Feb/2026:17:54:05 +0300] "GET /flower.php HTTP/1.1" 404 7904 "-" "Mozilla/5.0 (Windows NT 10.0; Win64; x64) AppleWebKit/537.36 (KHTML, like Gecko) Chrome/120.0.0.0 Safari/537.36"
20.46.120.47 - - [07/Feb/2026:17:54:06 +0300] "GET /admin.php HTTP/1.1" 404 7912 "-" "Mozilla/5.0 (Windows NT 10.0; Win64; x64) AppleWebKit/537.36 (KHTML, like Gecko) Chrome/120.0.0.0 Safari/537.36"
20.46.120.47 - - [07/Feb/2026:17:54:07 +0300] "GET /file.php HTTP/1.1" 404 7917 "-" "Mozilla/5.0 (Windows NT 10.0; Win64; x64) AppleWebKit/537.36 (KHTML, like Gecko) Chrome/120.0.0.0 Safari/537.36"
20.46.120.47 - - [07/Feb/2026:17:54:08 +0300] "GET /meta.php HTTP/1.1" 404 7779 "-" "Mozilla/5.0 (Windows NT 10.0; Win64; x64) AppleWebKit/537.36 (KHTML, like Gecko) Chrome/120.0.0.0 Safari/537.36"
20.46.120.47 - - [07/Feb/2026:17:54:08 +0300] "GET /index.php HTTP/1.1" 404 7830 "-" "Mozilla/5.0 (Windows NT 10.0; Win64; x64) AppleWebKit/537.36 (KHTML, like Gecko) Chrome/120.0.0.0 Safari/537.36"
20.46.120.47 - - [07/Feb/2026:17:54:09 +0300] "GET /about.php HTTP/1.1" 404 7912 "-" "Mozilla/5.0 (Windows NT 10.0; Win64; x64) AppleWebKit/537.36 (KHTML, like Gecko) Chrome/120.0.0.0 Safari/537.36"
20.46.120.47 - - [07/Feb/2026:17:54:10 +0300] "GET /randkeyword.php HTTP/1.1" 404 7922 "-" "Mozilla/5.0 (Windows NT 10.0; Win64; x64) AppleWebKit/537.36 (KHTML, like Gecko) Chrome/120.0.0.0 Safari/537.36"
20.46.120.47 - - [07/Feb/2026:17:54:10 +0300] "GET /goods.php HTTP/1.1" 404 7912 "-" "Mozilla/5.0 (Windows NT 10.0; Win64; x64) AppleWebKit/537.36 (KHTML, like Gecko) Chrome/120.0.0.0 Safari/537.36"
20.46.120.47 - - [07/Feb/2026:17:54:10 +0300] "GET /hehe.php HTTP/1.1" 404 7917 "-" "Mozilla/5.0 (Windows NT 10.0; Win64; x64) AppleWebKit/537.36 (KHTML, like Gecko) Chrome/120.0.0.0 Safari/537.36"
20.46.120.47 - - [07/Feb/2026:17:54:12 +0300] "GET /user.php HTTP/1.1" 404 7905 "-" "Mozilla/5.0 (Windows NT 10.0; Win64; x64) AppleWebKit/537.36 (KHTML, like Gecko) Chrome/120.0.0.0 Safari/537.36"
20.46.120.47 - - [07/Feb/2026:17:54:12 +0300] "GET /wp-2019.php HTTP/1.1" 404 7797 "-" "Mozilla/5.0 (Windows NT 10.0; Win64; x64) AppleWebKit/537.36 (KHTML, like Gecko) Chrome/120.0.0.0 Safari/537.36"
20.46.120.47 - - [07/Feb/2026:17:54:14 +0300] "GET /chosen.php HTTP/1.1" 404 7904 "-" "Mozilla/5.0 (Windows NT 10.0; Win64; x64) AppleWebKit/537.36 (KHTML, like Gecko) Chrome/120.0.0.0 Safari/537.36"
20.46.120.47 - - [07/Feb/2026:17:54:14 +0300] "GET /functions.php HTTP/1.1" 404 7920 "-" "Mozilla/5.0 (Windows NT 10.0; Win64; x64) AppleWebKit/537.36 (KHTML, like Gecko) Chrome/120.0.0.0 Safari/537.36"
20.46.120.47 - - [07/Feb/2026:17:54:14 +0300] "GET /cron.php HTTP/1.1" 404 7905 "-" "Mozilla/5.0 (Windows NT 10.0; Win64; x64) AppleWebKit/537.36 (KHTML, like Gecko) Chrome/120.0.0.0 Safari/537.36"
20.46.120.47 - - [07/Feb/2026:17:54:14 +0300] "GET /edit.php HTTP/1.1" 404 7823 "-" "Mozilla/5.0 (Windows NT 10.0; Win64; x64) AppleWebKit/537.36 (KHTML, like Gecko) Chrome/120.0.0.0 Safari/537.36"
