77.67.216.210 - - [08/Feb/2026:03:11:50 +0300] "GET /public/images/anka-logo.png HTTP/2" 200 10435 "https://ankaservis.com/?gad_source=5&gad_campaignid=23322529905&gclid=EAIaIQobChMI49PI7s3IkgMVN4v9Bx13xgLHEAEYASAAEgKcAfD_BwE" "Mozilla/5.0 (Linux; Android 11; Redmi Note 8 Pro Build/RP1A.200720.011; wv) AppleWebKit/537.36 (KHTML, like Gecko) Version/4.0 Chrome/144.0.7559.109 Mobile Safari/537.36"
77.67.216.210 - - [08/Feb/2026:03:11:50 +0300] "GET /public/images/ekibimiz.webp HTTP/2" 200 220906 "https://ankaservis.com/?gad_source=5&gad_campaignid=23322529905&gclid=EAIaIQobChMI49PI7s3IkgMVN4v9Bx13xgLHEAEYASAAEgKcAfD_BwE" "Mozilla/5.0 (Linux; Android 11; Redmi Note 8 Pro Build/RP1A.200720.011; wv) AppleWebKit/537.36 (KHTML, like Gecko) Version/4.0 Chrome/144.0.7559.109 Mobile Safari/537.36"
77.67.216.210 - - [08/Feb/2026:03:11:50 +0300] "GET /public/js/main.js HTTP/2" 200 1184 "https://ankaservis.com/?gad_source=5&gad_campaignid=23322529905&gclid=EAIaIQobChMI49PI7s3IkgMVN4v9Bx13xgLHEAEYASAAEgKcAfD_BwE" "Mozilla/5.0 (Linux; Android 11; Redmi Note 8 Pro Build/RP1A.200720.011; wv) AppleWebKit/537.36 (KHTML, like Gecko) Version/4.0 Chrome/144.0.7559.109 Mobile Safari/537.36"
45.32.132.233 - - [08/Feb/2026:03:12:06 +0300] "HEAD / HTTP/2" 200 0 "-" "Mozilla/5.0 (compatible; monitoring360bot/1.1; +https://app.360monitoring.com/bot.html)"
45.32.132.233 - - [08/Feb/2026:03:13:07 +0300] "HEAD / HTTP/2" 200 0 "-" "Mozilla/5.0 (compatible; monitoring360bot/1.1; +https://app.360monitoring.com/bot.html)"
192.0.102.222 - - [08/Feb/2026:03:14:54 +0300] "HEAD / HTTP/1.1" 200 0 "-" "jetmon/1.0 (Jetpack Site Uptime Monitor by WordPress.com)"
45.32.132.233 - - [08/Feb/2026:03:16:08 +0300] "HEAD / HTTP/2" 200 0 "-" "Mozilla/5.0 (compatible; monitoring360bot/1.1; +https://app.360monitoring.com/bot.html)"
45.32.132.233 - - [08/Feb/2026:03:17:09 +0300] "HEAD / HTTP/2" 200 0 "-" "Mozilla/5.0 (compatible; monitoring360bot/1.1; +https://app.360monitoring.com/bot.html)"
43.128.149.102 - - [08/Feb/2026:03:18:01 +0300] "GET /cerez-politikasi HTTP/1.1" 200 10143 "-" "Mozilla/5.0 (iPhone; CPU iPhone OS 13_2_3 like Mac OS X) AppleWebKit/605.1.15 (KHTML, like Gecko) Version/13.0.3 Mobile/15E148 Safari/604.1"
45.32.132.233 - - [08/Feb/2026:03:23:12 +0300] "HEAD / HTTP/2" 200 0 "-" "Mozilla/5.0 (compatible; monitoring360bot/1.1; +https://app.360monitoring.com/bot.html)"
145.239.10.137 - - [08/Feb/2026:03:10:05 +0300] "GET /psn.php HTTP/1.1" 404 9197 "https://ankaservis.com/psn.php" "Mozilla/5.0 (iPhone; CPU iPhone OS 17_5_1 like Mac OS X) AppleWebKit/605.1.15 (KHTML, like Gecko) Version/17.5 Mobile/15E148 Safari/604.1"
77.67.216.210 - - [08/Feb/2026:03:11:51 +0300] "GET /public/images/camasir-makinesi-tamiriyle-ilgili-calisma.webp HTTP/1.1" 200 160202 "https://ankaservis.com/?gad_source=5&gad_campaignid=23322529905&gclid=EAIaIQobChMI49PI7s3IkgMVN4v9Bx13xgLHEAEYASAAEgKcAfD_BwE" "Mozilla/5.0 (Linux; Android 11; Redmi Note 8 Pro Build/RP1A.200720.011; wv) AppleWebKit/537.36 (KHTML, like Gecko) Version/4.0 Chrome/144.0.7559.109 Mobile Safari/537.36"
77.67.216.210 - - [08/Feb/2026:03:11:51 +0300] "GET /public/images/buzdolabi-tamirat-ve-gulumseme.webp HTTP/1.1" 200 212730 "https://ankaservis.com/?gad_source=5&gad_campaignid=23322529905&gclid=EAIaIQobChMI49PI7s3IkgMVN4v9Bx13xgLHEAEYASAAEgKcAfD_BwE" "Mozilla/5.0 (Linux; Android 11; Redmi Note 8 Pro Build/RP1A.200720.011; wv) AppleWebKit/537.36 (KHTML, like Gecko) Version/4.0 Chrome/144.0.7559.109 Mobile Safari/537.36"
77.67.216.210 - - [08/Feb/2026:03:11:52 +0300] "GET /public/images/favicon.ico HTTP/1.1" 404 796 "https://ankaservis.com/?gad_source=5&gad_campaignid=23322529905&gclid=EAIaIQobChMI49PI7s3IkgMVN4v9Bx13xgLHEAEYASAAEgKcAfD_BwE" "Mozilla/5.0 (Linux; Android 11; Redmi Note 8 Pro Build/RP1A.200720.011; wv) AppleWebKit/537.36 (KHTML, like Gecko) Version/4.0 Chrome/144.0.7559.109 Mobile Safari/537.36"
45.32.132.233 - - [08/Feb/2026:03:14:07 +0300] "HEAD / HTTP/2" 200 0 "-" "Mozilla/5.0 (compatible; monitoring360bot/1.1; +https://app.360monitoring.com/bot.html)"
45.32.132.233 - - [08/Feb/2026:03:15:08 +0300] "HEAD / HTTP/2" 200 0 "-" "Mozilla/5.0 (compatible; monitoring360bot/1.1; +https://app.360monitoring.com/bot.html)"
216.73.216.216 - - [08/Feb/2026:03:15:36 +0300] "GET /robots.txt HTTP/2" 404 7936 "-" "Mozilla/5.0 AppleWebKit/537.36 (KHTML, like Gecko; compatible; ClaudeBot/1.0; +claudebot@anthropic.com)"
216.73.216.216 - - [08/Feb/2026:03:15:36 +0300] "GET / HTTP/2" 200 15812 "-" "Mozilla/5.0 AppleWebKit/537.36 (KHTML, like Gecko; compatible; ClaudeBot/1.0; +claudebot@anthropic.com)"
45.32.132.233 - - [08/Feb/2026:03:18:09 +0300] "HEAD / HTTP/2" 200 0 "-" "Mozilla/5.0 (compatible; monitoring360bot/1.1; +https://app.360monitoring.com/bot.html)"
94.102.49.193 - - [08/Feb/2026:03:18:55 +0300] "GET / HTTP/1.1" 200 145228 "-" "Mozilla/5.0 (X11; Linux x86_64) AppleWebKit/537.36 (KHTML, like Gecko) Chrome/98.0.4758.102 Safari/537.36"
45.32.132.233 - - [08/Feb/2026:03:19:10 +0300] "HEAD / HTTP/2" 200 0 "-" "Mozilla/5.0 (compatible; monitoring360bot/1.1; +https://app.360monitoring.com/bot.html)"
192.0.102.222 - - [08/Feb/2026:03:19:53 +0300] "HEAD / HTTP/1.1" 200 0 "-" "jetmon/1.0 (Jetpack Site Uptime Monitor by WordPress.com)"
45.32.132.233 - - [08/Feb/2026:03:20:10 +0300] "HEAD / HTTP/2" 200 0 "-" "Mozilla/5.0 (compatible; monitoring360bot/1.1; +https://app.360monitoring.com/bot.html)"
45.32.132.233 - - [08/Feb/2026:03:21:11 +0300] "HEAD / HTTP/2" 200 0 "-" "Mozilla/5.0 (compatible; monitoring360bot/1.1; +https://app.360monitoring.com/bot.html)"
45.32.132.233 - - [08/Feb/2026:03:22:11 +0300] "HEAD / HTTP/2" 200 0 "-" "Mozilla/5.0 (compatible; monitoring360bot/1.1; +https://app.360monitoring.com/bot.html)"
192.0.102.222 - - [08/Feb/2026:03:24:54 +0300] "HEAD / HTTP/1.1" 200 0 "-" "jetmon/1.0 (Jetpack Site Uptime Monitor by WordPress.com)"
45.32.132.233 - - [08/Feb/2026:03:24:12 +0300] "HEAD / HTTP/2" 200 0 "-" "Mozilla/5.0 (compatible; monitoring360bot/1.1; +https://app.360monitoring.com/bot.html)"
45.32.132.233 - - [08/Feb/2026:03:25:13 +0300] "HEAD / HTTP/2" 200 0 "-" "Mozilla/5.0 (compatible; monitoring360bot/1.1; +https://app.360monitoring.com/bot.html)"
64.188.91.93 - - [08/Feb/2026:03:27:28 +0300] "GET /wp-content/plugins/excel-like-price-change-for-woocommerce-and-wp-e-commerce-light/readme.txt HTTP/1.1" 404 7952 "-" "Mozilla/5.0 (Windows NT 10.0; Win64; x64) AppleWebKit/537.36 (KHTML, like Gecko) Chrome/131.0.0.0 Safari/537.36"
64.188.91.93 - - [08/Feb/2026:03:27:28 +0300] "GET /wp-content/plugins/order-delivery-date/readme.txt HTTP/1.1" 404 7803 "-" "Mozilla/5.0 (Windows NT 10.0; Win64; x64) AppleWebKit/537.36 (KHTML, like Gecko) Chrome/131.0.0.0 Safari/537.36"
64.188.91.93 - - [08/Feb/2026:03:27:28 +0300] "GET /wp-content/plugins/woocommerce-simple-registration/readme.txt HTTP/1.1" 404 7885 "-" "Mozilla/5.0 (Windows NT 10.0; Win64; x64) AppleWebKit/537.36 (KHTML, like Gecko) Chrome/131.0.0.0 Safari/537.36"
64.188.91.93 - - [08/Feb/2026:03:27:28 +0300] "GET /wp-content/plugins/wp-marketing-automations/readme.txt HTTP/1.1" 404 7921 "-" "Mozilla/5.0 (Windows NT 10.0; Win64; x64) AppleWebKit/537.36 (KHTML, like Gecko) Chrome/131.0.0.0 Safari/537.36"
45.32.132.233 - - [08/Feb/2026:03:29:15 +0300] "HEAD / HTTP/2" 200 0 "-" "Mozilla/5.0 (compatible; monitoring360bot/1.1; +https://app.360monitoring.com/bot.html)"
45.32.132.233 - - [08/Feb/2026:03:31:16 +0300] "HEAD / HTTP/2" 200 0 "-" "Mozilla/5.0 (compatible; monitoring360bot/1.1; +https://app.360monitoring.com/bot.html)"
45.32.132.233 - - [08/Feb/2026:03:33:17 +0300] "HEAD / HTTP/2" 200 0 "-" "Mozilla/5.0 (compatible; monitoring360bot/1.1; +https://app.360monitoring.com/bot.html)"
74.7.230.32 - - [08/Feb/2026:03:33:27 +0300] "GET /robots.txt HTTP/2" 404 7900 "http://ankaservis.com/robots.txt" "Mozilla/5.0 (Macintosh; Intel Mac OS X 10_15_7) AppleWebKit/537.36 (KHTML, like Gecko) Chrome/131.0.0.0 Safari/537.36; compatible; OAI-SearchBot/1.3; robots.txt; +https://openai.com/searchbot"
45.32.132.233 - - [08/Feb/2026:03:34:17 +0300] "HEAD / HTTP/2" 200 0 "-" "Mozilla/5.0 (compatible; monitoring360bot/1.1; +https://app.360monitoring.com/bot.html)"
45.32.132.233 - - [08/Feb/2026:03:35:18 +0300] "HEAD / HTTP/2" 200 0 "-" "Mozilla/5.0 (compatible; monitoring360bot/1.1; +https://app.360monitoring.com/bot.html)"
45.32.132.233 - - [08/Feb/2026:03:37:19 +0300] "HEAD / HTTP/2" 200 0 "-" "Mozilla/5.0 (compatible; monitoring360bot/1.1; +https://app.360monitoring.com/bot.html)"
103.170.182.5 - - [08/Feb/2026:03:39:01 +0300] "POST /xmlrpc.php HTTP/1.1" 404 44955 "-" "Mozilla/5.0 (Windows NT 10.0; x86) AppleWebKit/537.36 (KHTML, like Gecko) Safari/10.0.0.0 Safari/537.36"
192.0.102.222 - - [08/Feb/2026:03:39:54 +0300] "HEAD / HTTP/1.1" 200 0 "-" "jetmon/1.0 (Jetpack Site Uptime Monitor by WordPress.com)"
45.32.132.233 - - [08/Feb/2026:03:41:21 +0300] "HEAD / HTTP/2" 200 0 "-" "Mozilla/5.0 (compatible; monitoring360bot/1.1; +https://app.360monitoring.com/bot.html)"
45.32.132.233 - - [08/Feb/2026:03:42:21 +0300] "HEAD / HTTP/2" 200 0 "-" "Mozilla/5.0 (compatible; monitoring360bot/1.1; +https://app.360monitoring.com/bot.html)"
45.32.132.233 - - [08/Feb/2026:03:26:13 +0300] "HEAD / HTTP/2" 200 0 "-" "Mozilla/5.0 (compatible; monitoring360bot/1.1; +https://app.360monitoring.com/bot.html)"
45.32.132.233 - - [08/Feb/2026:03:27:14 +0300] "HEAD / HTTP/2" 200 0 "-" "Mozilla/5.0 (compatible; monitoring360bot/1.1; +https://app.360monitoring.com/bot.html)"
45.32.132.233 - - [08/Feb/2026:03:28:14 +0300] "HEAD / HTTP/2" 200 0 "-" "Mozilla/5.0 (compatible; monitoring360bot/1.1; +https://app.360monitoring.com/bot.html)"
43.153.7.191 - - [08/Feb/2026:03:28:35 +0300] "GET /hizmetler/bulasik-makinesi-servisi HTTP/1.1" 200 12573 "-" "Mozilla/5.0 (iPhone; CPU iPhone OS 13_2_3 like Mac OS X) AppleWebKit/605.1.15 (KHTML, like Gecko) Version/13.0.3 Mobile/15E148 Safari/604.1"
192.0.102.222 - - [08/Feb/2026:03:29:54 +0300] "HEAD / HTTP/1.1" 200 0 "-" "jetmon/1.0 (Jetpack Site Uptime Monitor by WordPress.com)"
45.32.132.233 - - [08/Feb/2026:03:30:15 +0300] "HEAD / HTTP/2" 200 0 "-" "Mozilla/5.0 (compatible; monitoring360bot/1.1; +https://app.360monitoring.com/bot.html)"
45.32.132.233 - - [08/Feb/2026:03:32:16 +0300] "HEAD / HTTP/2" 200 0 "-" "Mozilla/5.0 (compatible; monitoring360bot/1.1; +https://app.360monitoring.com/bot.html)"
192.0.102.222 - - [08/Feb/2026:03:34:54 +0300] "HEAD / HTTP/1.1" 200 0 "-" "jetmon/1.0 (Jetpack Site Uptime Monitor by WordPress.com)"
45.32.132.233 - - [08/Feb/2026:03:36:18 +0300] "HEAD / HTTP/2" 200 0 "-" "Mozilla/5.0 (compatible; monitoring360bot/1.1; +https://app.360monitoring.com/bot.html)"
45.32.132.233 - - [08/Feb/2026:03:38:19 +0300] "HEAD / HTTP/2" 200 0 "-" "Mozilla/5.0 (compatible; monitoring360bot/1.1; +https://app.360monitoring.com/bot.html)"
45.32.132.233 - - [08/Feb/2026:03:39:20 +0300] "HEAD / HTTP/2" 200 0 "-" "Mozilla/5.0 (compatible; monitoring360bot/1.1; +https://app.360monitoring.com/bot.html)"
45.32.132.233 - - [08/Feb/2026:03:40:20 +0300] "HEAD / HTTP/2" 200 0 "-" "Mozilla/5.0 (compatible; monitoring360bot/1.1; +https://app.360monitoring.com/bot.html)"
45.32.132.233 - - [08/Feb/2026:03:44:22 +0300] "HEAD / HTTP/2" 200 0 "-" "Mozilla/5.0 (compatible; monitoring360bot/1.1; +https://app.360monitoring.com/bot.html)"
45.32.132.233 - - [08/Feb/2026:03:45:23 +0300] "HEAD / HTTP/2" 200 0 "-" "Mozilla/5.0 (compatible; monitoring360bot/1.1; +https://app.360monitoring.com/bot.html)"
45.32.132.233 - - [08/Feb/2026:03:43:22 +0300] "HEAD / HTTP/2" 200 0 "-" "Mozilla/5.0 (compatible; monitoring360bot/1.1; +https://app.360monitoring.com/bot.html)"
57.141.20.27 - - [08/Feb/2026:03:44:45 +0300] "GET /sitemap_index.xml HTTP/2" 404 44969 "-" "meta-externalagent/1.1 (+https://developers.facebook.com/docs/sharing/webmasters/crawler)"
192.0.102.222 - - [08/Feb/2026:03:44:55 +0300] "HEAD / HTTP/1.1" 200 0 "-" "jetmon/1.0 (Jetpack Site Uptime Monitor by WordPress.com)"
173.252.82.3 - - [08/Feb/2026:03:45:52 +0300] "GET /robots.txt HTTP/2" 404 44955 "-" "facebookexternalhit/1.1 (+http://www.facebook.com/externalhit_uatext.php)"
45.32.132.233 - - [08/Feb/2026:03:48:24 +0300] "HEAD / HTTP/2" 200 0 "-" "Mozilla/5.0 (compatible; monitoring360bot/1.1; +https://app.360monitoring.com/bot.html)"
45.32.132.233 - - [08/Feb/2026:03:50:25 +0300] "HEAD / HTTP/2" 200 0 "-" "Mozilla/5.0 (compatible; monitoring360bot/1.1; +https://app.360monitoring.com/bot.html)"
45.32.132.233 - - [08/Feb/2026:03:53:27 +0300] "HEAD / HTTP/2" 200 0 "-" "Mozilla/5.0 (compatible; monitoring360bot/1.1; +https://app.360monitoring.com/bot.html)"
45.32.132.233 - - [08/Feb/2026:03:54:27 +0300] "HEAD / HTTP/2" 200 0 "-" "Mozilla/5.0 (compatible; monitoring360bot/1.1; +https://app.360monitoring.com/bot.html)"
124.156.157.91 - - [08/Feb/2026:03:56:15 +0300] "GET /public/images/mutfakta-profesyonel-servis-gorusmesi.webp HTTP/1.1" 200 202962 "-" "Mozilla/5.0 (iPhone; CPU iPhone OS 13_2_3 like Mac OS X) AppleWebKit/605.1.15 (KHTML, like Gecko) Version/13.0.3 Mobile/15E148 Safari/604.1"
45.32.132.233 - - [08/Feb/2026:03:58:29 +0300] "HEAD / HTTP/2" 200 0 "-" "Mozilla/5.0 (compatible; monitoring360bot/1.1; +https://app.360monitoring.com/bot.html)"
45.32.132.233 - - [08/Feb/2026:03:46:23 +0300] "HEAD / HTTP/2" 200 0 "-" "Mozilla/5.0 (compatible; monitoring360bot/1.1; +https://app.360monitoring.com/bot.html)"
45.32.132.233 - - [08/Feb/2026:03:47:24 +0300] "HEAD / HTTP/2" 200 0 "-" "Mozilla/5.0 (compatible; monitoring360bot/1.1; +https://app.360monitoring.com/bot.html)"
66.249.79.235 - - [08/Feb/2026:03:47:37 +0300] "GET /klima/ HTTP/1.1" 404 7937 "-" "Mozilla/5.0 (Linux; Android 6.0.1; Nexus 5X Build/MMB29P) AppleWebKit/537.36 (KHTML, like Gecko) Chrome/144.0.7559.132 Mobile Safari/537.36 (compatible; Googlebot/2.1; +http://www.google.com/bot.html)"
45.32.132.233 - - [08/Feb/2026:03:49:25 +0300] "HEAD / HTTP/2" 200 0 "-" "Mozilla/5.0 (compatible; monitoring360bot/1.1; +https://app.360monitoring.com/bot.html)"
192.0.102.222 - - [08/Feb/2026:03:49:55 +0300] "HEAD / HTTP/1.1" 200 0 "-" "jetmon/1.0 (Jetpack Site Uptime Monitor by WordPress.com)"
170.106.37.134 - - [08/Feb/2026:03:50:47 +0300] "GET /kvkk-aydinlatma-metni HTTP/1.1" 200 11235 "-" "Mozilla/5.0 (iPhone; CPU iPhone OS 13_2_3 like Mac OS X) AppleWebKit/605.1.15 (KHTML, like Gecko) Version/13.0.3 Mobile/15E148 Safari/604.1"
45.32.132.233 - - [08/Feb/2026:03:51:26 +0300] "HEAD / HTTP/2" 200 0 "-" "Mozilla/5.0 (compatible; monitoring360bot/1.1; +https://app.360monitoring.com/bot.html)"
45.32.132.233 - - [08/Feb/2026:03:52:26 +0300] "HEAD / HTTP/2" 200 0 "-" "Mozilla/5.0 (compatible; monitoring360bot/1.1; +https://app.360monitoring.com/bot.html)"
192.0.102.222 - - [08/Feb/2026:03:54:55 +0300] "HEAD / HTTP/1.1" 200 0 "-" "jetmon/1.0 (Jetpack Site Uptime Monitor by WordPress.com)"
45.32.132.233 - - [08/Feb/2026:03:55:28 +0300] "HEAD / HTTP/2" 200 0 "-" "Mozilla/5.0 (compatible; monitoring360bot/1.1; +https://app.360monitoring.com/bot.html)"
45.32.132.233 - - [08/Feb/2026:03:56:28 +0300] "HEAD / HTTP/2" 200 0 "-" "Mozilla/5.0 (compatible; monitoring360bot/1.1; +https://app.360monitoring.com/bot.html)"
45.32.132.233 - - [08/Feb/2026:03:57:29 +0300] "HEAD / HTTP/2" 200 0 "-" "Mozilla/5.0 (compatible; monitoring360bot/1.1; +https://app.360monitoring.com/bot.html)"
192.0.102.222 - - [08/Feb/2026:03:59:54 +0300] "HEAD / HTTP/1.1" 200 0 "-" "jetmon/1.0 (Jetpack Site Uptime Monitor by WordPress.com)"
45.32.132.233 - - [08/Feb/2026:04:00:30 +0300] "HEAD / HTTP/2" 200 0 "-" "Mozilla/5.0 (compatible; monitoring360bot/1.1; +https://app.360monitoring.com/bot.html)"
45.32.132.233 - - [08/Feb/2026:04:04:06 +0300] "HEAD / HTTP/2" 200 0 "-" "Mozilla/5.0 (compatible; monitoring360bot/1.1; +https://app.360monitoring.com/bot.html)"
45.32.132.233 - - [08/Feb/2026:04:06:07 +0300] "HEAD / HTTP/2" 200 0 "-" "Mozilla/5.0 (compatible; monitoring360bot/1.1; +https://app.360monitoring.com/bot.html)"
45.32.132.233 - - [08/Feb/2026:03:59:30 +0300] "HEAD / HTTP/2" 200 0 "-" "Mozilla/5.0 (compatible; monitoring360bot/1.1; +https://app.360monitoring.com/bot.html)"
45.32.132.233 - - [08/Feb/2026:04:01:31 +0300] "HEAD / HTTP/2" 200 0 "-" "Mozilla/5.0 (compatible; monitoring360bot/1.1; +https://app.360monitoring.com/bot.html)"
45.32.132.233 - - [08/Feb/2026:04:02:31 +0300] "HEAD / HTTP/2" 200 0 "-" "Mozilla/5.0 (compatible; monitoring360bot/1.1; +https://app.360monitoring.com/bot.html)"
192.0.102.222 - - [08/Feb/2026:04:04:55 +0300] "HEAD / HTTP/1.1" 200 0 "-" "jetmon/1.0 (Jetpack Site Uptime Monitor by WordPress.com)"
45.32.132.233 - - [08/Feb/2026:04:05:06 +0300] "HEAD / HTTP/2" 200 0 "-" "Mozilla/5.0 (compatible; monitoring360bot/1.1; +https://app.360monitoring.com/bot.html)"
45.32.132.233 - - [08/Feb/2026:04:07:07 +0300] "HEAD / HTTP/2" 200 0 "-" "Mozilla/5.0 (compatible; monitoring360bot/1.1; +https://app.360monitoring.com/bot.html)"
46.154.61.30 - - [08/Feb/2026:04:08:34 +0300] "GET /public/js/main.js HTTP/1.1" 200 1184 "https://ankaservis.com/?gad_source=5&gad_campaignid=23322529905&gclid=EAIaIQobChMIrPfvvtrIkgMVbUYdCR3KXg85EAEYASAAEgI0VfD_BwE" "Mozilla/5.0 (Linux; Android 15; 24116RACCG Build/AP3A.240905.015.A2) AppleWebKit/537.36 (KHTML, like Gecko) Chrome/135.0.7049.79 Mobile Safari/537.36 GameBrowser/1.2.1.28"
46.154.61.30 - - [08/Feb/2026:04:08:36 +0300] "GET /public/images/camasir-makinesi-tamiriyle-ilgili-calisma.webp HTTP/1.1" 200 160202 "https://ankaservis.com/?gad_source=5&gad_campaignid=23322529905&gclid=EAIaIQobChMIrPfvvtrIkgMVbUYdCR3KXg85EAEYASAAEgI0VfD_BwE" "Mozilla/5.0 (Linux; Android 15; 24116RACCG Build/AP3A.240905.015.A2) AppleWebKit/537.36 (KHTML, like Gecko) Chrome/135.0.7049.79 Mobile Safari/537.36 GameBrowser/1.2.1.28"
46.154.61.30 - - [08/Feb/2026:04:08:36 +0300] "GET /public/images/buzdolabi-tamirat-ve-gulumseme.webp HTTP/1.1" 200 212730 "https://ankaservis.com/?gad_source=5&gad_campaignid=23322529905&gclid=EAIaIQobChMIrPfvvtrIkgMVbUYdCR3KXg85EAEYASAAEgI0VfD_BwE" "Mozilla/5.0 (Linux; Android 15; 24116RACCG Build/AP3A.240905.015.A2) AppleWebKit/537.36 (KHTML, like Gecko) Chrome/135.0.7049.79 Mobile Safari/537.36 GameBrowser/1.2.1.28"
46.154.61.30 - - [08/Feb/2026:04:08:43 +0300] "GET /public/images/favicon.ico HTTP/1.1" 404 796 "https://ankaservis.com/?gad_source=5&gad_campaignid=23322529905&gclid=EAIaIQobChMIrPfvvtrIkgMVbUYdCR3KXg85EAEYASAAEgI0VfD_BwE" "Mozilla/5.0 (Linux; Android 15; 24116RACCG Build/AP3A.240905.015.A2) AppleWebKit/537.36 (KHTML, like Gecko) Chrome/135.0.7049.79 Mobile Safari/537.36 GameBrowser/1.2.1.28"
45.32.132.233 - - [08/Feb/2026:04:09:08 +0300] "HEAD / HTTP/2" 200 0 "-" "Mozilla/5.0 (compatible; monitoring360bot/1.1; +https://app.360monitoring.com/bot.html)"
45.32.132.233 - - [08/Feb/2026:04:10:09 +0300] "HEAD / HTTP/2" 200 0 "-" "Mozilla/5.0 (compatible; monitoring360bot/1.1; +https://app.360monitoring.com/bot.html)"
45.32.132.233 - - [08/Feb/2026:04:11:09 +0300] "HEAD / HTTP/2" 200 0 "-" "Mozilla/5.0 (compatible; monitoring360bot/1.1; +https://app.360monitoring.com/bot.html)"
45.32.132.233 - - [08/Feb/2026:04:12:10 +0300] "HEAD / HTTP/2" 200 0 "-" "Mozilla/5.0 (compatible; monitoring360bot/1.1; +https://app.360monitoring.com/bot.html)"
37.155.230.139 - - [08/Feb/2026:04:13:08 +0300] "GET /hizmetler/bulasik-makinesi-servisi HTTP/1.1" 200 10546 "https://ankaservis.com/?gad_source=1&gad_campaignid=23322530817&gclid=Cj0KCQiA4pvMBhDYARIsAGfgwvziw-wYPnwsN86p-SRP5i5iLx7AfQoqdd7R3_nQFoeQNZRk4yUAtmUaAoYiEALw_wcB" "Mozilla/5.0 (Linux; Android 10; K) AppleWebKit/537.36 (KHTML, like Gecko) Chrome/144.0.0.0 Mobile Safari/537.36"
37.155.230.139 - - [08/Feb/2026:04:14:48 +0300] "GET /fiyat-listesi HTTP/2" 200 8861 "https://ankaservis.com/hizmetler/bulasik-makinesi-servisi" "Mozilla/5.0 (Linux; Android 10; K) AppleWebKit/537.36 (KHTML, like Gecko) Chrome/144.0.0.0 Mobile Safari/537.36"
5.27.1.69 - - [08/Feb/2026:04:14:59 +0300] "GET /?gad_source=5&gad_campaignid=23322529905&gclid=EAIaIQobChMIqr-X_NvIkgMVC5V8Bh0LNQ6XEAEYASAAEgLb-_D_BwE HTTP/2" 200 15728 "https://googleads.g.doubleclick.net/" "Mozilla/5.0 (Linux; Android 13; 2201117TG Build/TKQ1.221114.001; wv) AppleWebKit/537.36 (KHTML, like Gecko) Version/4.0 Chrome/144.0.7559.111 Mobile Safari/537.36"
5.27.1.69 - - [08/Feb/2026:04:14:59 +0300] "GET /public/css/style.css HTTP/2" 200 3164 "https://ankaservis.com/?gad_source=5&gad_campaignid=23322529905&gclid=EAIaIQobChMIqr-X_NvIkgMVC5V8Bh0LNQ6XEAEYASAAEgLb-_D_BwE" "Mozilla/5.0 (Linux; Android 13; 2201117TG Build/TKQ1.221114.001; wv) AppleWebKit/537.36 (KHTML, like Gecko) Version/4.0 Chrome/144.0.7559.111 Mobile Safari/537.36"
5.27.1.69 - - [08/Feb/2026:04:14:59 +0300] "GET /public/images/anka-logo.png HTTP/2" 200 10435 "https://ankaservis.com/?gad_source=5&gad_campaignid=23322529905&gclid=EAIaIQobChMIqr-X_NvIkgMVC5V8Bh0LNQ6XEAEYASAAEgLb-_D_BwE" "Mozilla/5.0 (Linux; Android 13; 2201117TG Build/TKQ1.221114.001; wv) AppleWebKit/537.36 (KHTML, like Gecko) Version/4.0 Chrome/144.0.7559.111 Mobile Safari/537.36"
5.27.1.69 - - [08/Feb/2026:04:14:59 +0300] "GET /public/images/ekibimiz.webp HTTP/2" 200 220906 "https://ankaservis.com/?gad_source=5&gad_campaignid=23322529905&gclid=EAIaIQobChMIqr-X_NvIkgMVC5V8Bh0LNQ6XEAEYASAAEgLb-_D_BwE" "Mozilla/5.0 (Linux; Android 13; 2201117TG Build/TKQ1.221114.001; wv) AppleWebKit/537.36 (KHTML, like Gecko) Version/4.0 Chrome/144.0.7559.111 Mobile Safari/537.36"
5.27.1.69 - - [08/Feb/2026:04:14:59 +0300] "GET /public/js/main.js HTTP/1.1" 200 1184 "https://ankaservis.com/?gad_source=5&gad_campaignid=23322529905&gclid=EAIaIQobChMIqr-X_NvIkgMVC5V8Bh0LNQ6XEAEYASAAEgLb-_D_BwE" "Mozilla/5.0 (Linux; Android 13; 2201117TG Build/TKQ1.221114.001; wv) AppleWebKit/537.36 (KHTML, like Gecko) Version/4.0 Chrome/144.0.7559.111 Mobile Safari/537.36"
5.27.1.69 - - [08/Feb/2026:04:15:00 +0300] "GET /public/images/camasir-makinesi-tamiriyle-ilgili-calisma.webp HTTP/1.1" 200 160202 "https://ankaservis.com/?gad_source=5&gad_campaignid=23322529905&gclid=EAIaIQobChMIqr-X_NvIkgMVC5V8Bh0LNQ6XEAEYASAAEgLb-_D_BwE" "Mozilla/5.0 (Linux; Android 13; 2201117TG Build/TKQ1.221114.001; wv) AppleWebKit/537.36 (KHTML, like Gecko) Version/4.0 Chrome/144.0.7559.111 Mobile Safari/537.36"
5.27.1.69 - - [08/Feb/2026:04:15:00 +0300] "GET /public/images/buzdolabi-tamirat-ve-gulumseme.webp HTTP/1.1" 200 212730 "https://ankaservis.com/?gad_source=5&gad_campaignid=23322529905&gclid=EAIaIQobChMIqr-X_NvIkgMVC5V8Bh0LNQ6XEAEYASAAEgLb-_D_BwE" "Mozilla/5.0 (Linux; Android 13; 2201117TG Build/TKQ1.221114.001; wv) AppleWebKit/537.36 (KHTML, like Gecko) Version/4.0 Chrome/144.0.7559.111 Mobile Safari/537.36"
5.27.1.69 - - [08/Feb/2026:04:15:01 +0300] "GET /public/images/favicon.ico HTTP/1.1" 404 796 "https://ankaservis.com/?gad_source=5&gad_campaignid=23322529905&gclid=EAIaIQobChMIqr-X_NvIkgMVC5V8Bh0LNQ6XEAEYASAAEgLb-_D_BwE" "Mozilla/5.0 (Linux; Android 13; 2201117TG Build/TKQ1.221114.001; wv) AppleWebKit/537.36 (KHTML, like Gecko) Version/4.0 Chrome/144.0.7559.111 Mobile Safari/537.36"
45.32.132.233 - - [08/Feb/2026:04:15:11 +0300] "HEAD / HTTP/2" 200 0 "-" "Mozilla/5.0 (compatible; monitoring360bot/1.1; +https://app.360monitoring.com/bot.html)"
45.32.132.233 - - [08/Feb/2026:04:08:08 +0300] "HEAD / HTTP/2" 200 0 "-" "Mozilla/5.0 (compatible; monitoring360bot/1.1; +https://app.360monitoring.com/bot.html)"
46.154.61.30 - - [08/Feb/2026:04:08:33 +0300] "GET /?gad_source=5&gad_campaignid=23322529905&gclid=EAIaIQobChMIrPfvvtrIkgMVbUYdCR3KXg85EAEYASAAEgI0VfD_BwE HTTP/2" 200 15728 "https://googleads.g.doubleclick.net/" "Mozilla/5.0 (Linux; Android 15; 24116RACCG Build/AP3A.240905.015.A2) AppleWebKit/537.36 (KHTML, like Gecko) Chrome/135.0.7049.79 Mobile Safari/537.36 GameBrowser/1.2.1.28"
46.154.61.30 - - [08/Feb/2026:04:08:33 +0300] "GET /public/css/style.css HTTP/2" 200 3164 "https://ankaservis.com/?gad_source=5&gad_campaignid=23322529905&gclid=EAIaIQobChMIrPfvvtrIkgMVbUYdCR3KXg85EAEYASAAEgI0VfD_BwE" "Mozilla/5.0 (Linux; Android 15; 24116RACCG Build/AP3A.240905.015.A2) AppleWebKit/537.36 (KHTML, like Gecko) Chrome/135.0.7049.79 Mobile Safari/537.36 GameBrowser/1.2.1.28"
46.154.61.30 - - [08/Feb/2026:04:08:33 +0300] "GET /public/images/anka-logo.png HTTP/2" 200 10435 "https://ankaservis.com/?gad_source=5&gad_campaignid=23322529905&gclid=EAIaIQobChMIrPfvvtrIkgMVbUYdCR3KXg85EAEYASAAEgI0VfD_BwE" "Mozilla/5.0 (Linux; Android 15; 24116RACCG Build/AP3A.240905.015.A2) AppleWebKit/537.36 (KHTML, like Gecko) Chrome/135.0.7049.79 Mobile Safari/537.36 GameBrowser/1.2.1.28"
46.154.61.30 - - [08/Feb/2026:04:08:33 +0300] "GET /public/images/ekibimiz.webp HTTP/2" 200 220906 "https://ankaservis.com/?gad_source=5&gad_campaignid=23322529905&gclid=EAIaIQobChMIrPfvvtrIkgMVbUYdCR3KXg85EAEYASAAEgI0VfD_BwE" "Mozilla/5.0 (Linux; Android 15; 24116RACCG Build/AP3A.240905.015.A2) AppleWebKit/537.36 (KHTML, like Gecko) Chrome/135.0.7049.79 Mobile Safari/537.36 GameBrowser/1.2.1.28"
192.0.102.222 - - [08/Feb/2026:04:09:55 +0300] "HEAD / HTTP/1.1" 200 0 "-" "jetmon/1.0 (Jetpack Site Uptime Monitor by WordPress.com)"
34.48.6.233 - - [08/Feb/2026:04:10:13 +0300] "GET / HTTP/1.1" 200 145228 "-" "Mozilla/5.0 (Windows NT 10.0; Win64; x64) AppleWebKit/537.36 Chrome/120.0.0.0 Safari/537.36 PrivacyCheck/1.0"
37.155.230.139 - - [08/Feb/2026:04:12:10 +0300] "GET /?gad_source=1&gad_campaignid=23322530817&gclid=Cj0KCQiA4pvMBhDYARIsAGfgwvziw-wYPnwsN86p-SRP5i5iLx7AfQoqdd7R3_nQFoeQNZRk4yUAtmUaAoYiEALw_wcB HTTP/2" 200 15772 "android-app://com.google.android.googlequicksearchbox/" "Mozilla/5.0 (Linux; Android 10; K) AppleWebKit/537.36 (KHTML, like Gecko) Chrome/144.0.0.0 Mobile Safari/537.36"
37.155.230.139 - - [08/Feb/2026:04:12:14 +0300] "GET /public/images/favicon.ico HTTP/2" 404 796 "https://ankaservis.com/?gad_source=1&gad_campaignid=23322530817&gclid=Cj0KCQiA4pvMBhDYARIsAGfgwvziw-wYPnwsN86p-SRP5i5iLx7AfQoqdd7R3_nQFoeQNZRk4yUAtmUaAoYiEALw_wcB" "Mozilla/5.0 (Linux; Android 10; K) AppleWebKit/537.36 (KHTML, like Gecko) Chrome/144.0.0.0 Mobile Safari/537.36"
45.32.132.233 - - [08/Feb/2026:04:13:10 +0300] "HEAD / HTTP/2" 200 0 "-" "Mozilla/5.0 (compatible; monitoring360bot/1.1; +https://app.360monitoring.com/bot.html)"
45.32.132.233 - - [08/Feb/2026:04:14:11 +0300] "HEAD / HTTP/2" 200 0 "-" "Mozilla/5.0 (compatible; monitoring360bot/1.1; +https://app.360monitoring.com/bot.html)"
192.0.102.222 - - [08/Feb/2026:04:14:56 +0300] "HEAD / HTTP/1.1" 200 0 "-" "jetmon/1.0 (Jetpack Site Uptime Monitor by WordPress.com)"
45.151.248.94 - - [08/Feb/2026:04:15:28 +0300] "GET /.well-known/acme-challenge/__1G1W_7HU-S-V-0_04BLQ3L9M9Y4ZNF HTTP/1.1" 404 45053 "-" "Cpanel-HTTP-Client/1.0"
45.32.132.233 - - [08/Feb/2026:04:16:12 +0300] "HEAD / HTTP/2" 200 0 "-" "Mozilla/5.0 (compatible; monitoring360bot/1.1; +https://app.360monitoring.com/bot.html)"
45.32.132.233 - - [08/Feb/2026:04:17:12 +0300] "HEAD / HTTP/2" 200 0 "-" "Mozilla/5.0 (compatible; monitoring360bot/1.1; +https://app.360monitoring.com/bot.html)"
37.155.230.139 - - [08/Feb/2026:04:17:13 +0300] "GET /fiyat-listesi HTTP/2" 200 8754 "https://ankaservis.com/hizmetler/bulasik-makinesi-servisi" "Mozilla/5.0 (Linux; Android 10; K) AppleWebKit/537.36 (KHTML, like Gecko) Chrome/144.0.0.0 Mobile Safari/537.36"
37.155.230.139 - - [08/Feb/2026:04:17:13 +0300] "GET /?gad_source=1&gad_campaignid=23322530817&gclid=Cj0KCQiA4pvMBhDYARIsAGfgwvziw-wYPnwsN86p-SRP5i5iLx7AfQoqdd7R3_nQFoeQNZRk4yUAtmUaAoYiEALw_wcB HTTP/2" 200 15772 "android-app://com.google.android.googlequicksearchbox/" "Mozilla/5.0 (Linux; Android 10; K) AppleWebKit/537.36 (KHTML, like Gecko) Chrome/144.0.0.0 Mobile Safari/537.36"
192.0.102.222 - - [08/Feb/2026:04:19:55 +0300] "HEAD / HTTP/1.1" 200 0 "-" "jetmon/1.0 (Jetpack Site Uptime Monitor by WordPress.com)"
45.32.132.233 - - [08/Feb/2026:04:21:14 +0300] "HEAD / HTTP/2" 200 0 "-" "Mozilla/5.0 (compatible; monitoring360bot/1.1; +https://app.360monitoring.com/bot.html)"
45.32.132.233 - - [08/Feb/2026:04:24:16 +0300] "HEAD / HTTP/2" 200 0 "-" "Mozilla/5.0 (compatible; monitoring360bot/1.1; +https://app.360monitoring.com/bot.html)"
45.32.132.233 - - [08/Feb/2026:04:25:16 +0300] "HEAD / HTTP/2" 200 0 "-" "Mozilla/5.0 (compatible; monitoring360bot/1.1; +https://app.360monitoring.com/bot.html)"
45.32.132.233 - - [08/Feb/2026:04:26:17 +0300] "HEAD / HTTP/2" 200 0 "-" "Mozilla/5.0 (compatible; monitoring360bot/1.1; +https://app.360monitoring.com/bot.html)"
45.32.132.233 - - [08/Feb/2026:04:27:17 +0300] "HEAD / HTTP/2" 200 0 "-" "Mozilla/5.0 (compatible; monitoring360bot/1.1; +https://app.360monitoring.com/bot.html)"
192.0.102.222 - - [08/Feb/2026:04:29:55 +0300] "HEAD / HTTP/1.1" 200 0 "-" "jetmon/1.0 (Jetpack Site Uptime Monitor by WordPress.com)"
45.32.132.233 - - [08/Feb/2026:04:18:13 +0300] "HEAD / HTTP/2" 200 0 "-" "Mozilla/5.0 (compatible; monitoring360bot/1.1; +https://app.360monitoring.com/bot.html)"
45.32.132.233 - - [08/Feb/2026:04:19:13 +0300] "HEAD / HTTP/2" 200 0 "-" "Mozilla/5.0 (compatible; monitoring360bot/1.1; +https://app.360monitoring.com/bot.html)"
45.32.132.233 - - [08/Feb/2026:04:20:14 +0300] "HEAD / HTTP/2" 200 0 "-" "Mozilla/5.0 (compatible; monitoring360bot/1.1; +https://app.360monitoring.com/bot.html)"
45.32.132.233 - - [08/Feb/2026:04:22:15 +0300] "HEAD / HTTP/2" 200 0 "-" "Mozilla/5.0 (compatible; monitoring360bot/1.1; +https://app.360monitoring.com/bot.html)"
45.32.132.233 - - [08/Feb/2026:04:23:15 +0300] "HEAD / HTTP/2" 200 0 "-" "Mozilla/5.0 (compatible; monitoring360bot/1.1; +https://app.360monitoring.com/bot.html)"
192.0.102.222 - - [08/Feb/2026:04:24:55 +0300] "HEAD / HTTP/1.1" 200 0 "-" "jetmon/1.0 (Jetpack Site Uptime Monitor by WordPress.com)"
45.32.132.233 - - [08/Feb/2026:04:28:18 +0300] "HEAD / HTTP/2" 200 0 "-" "Mozilla/5.0 (compatible; monitoring360bot/1.1; +https://app.360monitoring.com/bot.html)"
45.32.132.233 - - [08/Feb/2026:04:29:18 +0300] "HEAD / HTTP/2" 200 0 "-" "Mozilla/5.0 (compatible; monitoring360bot/1.1; +https://app.360monitoring.com/bot.html)"
45.32.132.233 - - [08/Feb/2026:04:30:19 +0300] "HEAD / HTTP/2" 200 0 "-" "Mozilla/5.0 (compatible; monitoring360bot/1.1; +https://app.360monitoring.com/bot.html)"
45.32.132.233 - - [08/Feb/2026:04:31:19 +0300] "HEAD / HTTP/2" 200 0 "-" "Mozilla/5.0 (compatible; monitoring360bot/1.1; +https://app.360monitoring.com/bot.html)"
216.73.216.216 - - [08/Feb/2026:04:32:11 +0300] "GET /robots.txt HTTP/2" 404 7936 "-" "Mozilla/5.0 AppleWebKit/537.36 (KHTML, like Gecko; compatible; ClaudeBot/1.0; +claudebot@anthropic.com)"
216.73.216.216 - - [08/Feb/2026:04:32:11 +0300] "GET /kullanim-kosullari HTTP/2" 200 9102 "-" "Mozilla/5.0 AppleWebKit/537.36 (KHTML, like Gecko; compatible; ClaudeBot/1.0; +claudebot@anthropic.com)"
216.73.216.216 - - [08/Feb/2026:04:32:12 +0300] "GET /hakkimizda HTTP/2" 200 13647 "-" "Mozilla/5.0 AppleWebKit/537.36 (KHTML, like Gecko; compatible; ClaudeBot/1.0; +claudebot@anthropic.com)"
45.32.132.233 - - [08/Feb/2026:04:32:20 +0300] "HEAD / HTTP/2" 200 0 "-" "Mozilla/5.0 (compatible; monitoring360bot/1.1; +https://app.360monitoring.com/bot.html)"
216.73.216.216 - - [08/Feb/2026:04:32:41 +0300] "GET /iletisim HTTP/2" 200 9146 "-" "Mozilla/5.0 AppleWebKit/537.36 (KHTML, like Gecko; compatible; ClaudeBot/1.0; +claudebot@anthropic.com)"
216.73.216.216 - - [08/Feb/2026:04:32:41 +0300] "GET /fiyat-listesi HTTP/2" 200 8789 "-" "Mozilla/5.0 AppleWebKit/537.36 (KHTML, like Gecko; compatible; ClaudeBot/1.0; +claudebot@anthropic.com)"
216.73.216.216 - - [08/Feb/2026:04:33:07 +0300] "GET /mesafeli-satis-sozlesmesi HTTP/2" 200 9438 "-" "Mozilla/5.0 AppleWebKit/537.36 (KHTML, like Gecko; compatible; ClaudeBot/1.0; +claudebot@anthropic.com)"
216.73.216.216 - - [08/Feb/2026:04:33:08 +0300] "GET /hizmetler HTTP/2" 200 11556 "-" "Mozilla/5.0 AppleWebKit/537.36 (KHTML, like Gecko; compatible; ClaudeBot/1.0; +claudebot@anthropic.com)"
45.32.132.233 - - [08/Feb/2026:04:33:20 +0300] "HEAD / HTTP/2" 200 0 "-" "Mozilla/5.0 (compatible; monitoring360bot/1.1; +https://app.360monitoring.com/bot.html)"
45.32.132.233 - - [08/Feb/2026:04:34:21 +0300] "HEAD / HTTP/2" 200 0 "-" "Mozilla/5.0 (compatible; monitoring360bot/1.1; +https://app.360monitoring.com/bot.html)"
216.73.216.216 - - [08/Feb/2026:04:34:25 +0300] "GET /hizmetler/televizyon-servisi HTTP/2" 200 10344 "-" "Mozilla/5.0 AppleWebKit/537.36 (KHTML, like Gecko; compatible; ClaudeBot/1.0; +claudebot@anthropic.com)"
216.73.216.216 - - [08/Feb/2026:04:34:25 +0300] "GET /hizmet-sozlesmesi HTTP/2" 200 9359 "-" "Mozilla/5.0 AppleWebKit/537.36 (KHTML, like Gecko; compatible; ClaudeBot/1.0; +claudebot@anthropic.com)"
216.73.216.216 - - [08/Feb/2026:04:35:22 +0300] "GET /gizlilik-politikasi HTTP/2" 200 9293 "-" "Mozilla/5.0 AppleWebKit/537.36 (KHTML, like Gecko; compatible; ClaudeBot/1.0; +claudebot@anthropic.com)"
216.73.216.216 - - [08/Feb/2026:04:35:22 +0300] "GET /hizmetler/kombi-ve-klima-servisi HTTP/2" 200 10427 "-" "Mozilla/5.0 AppleWebKit/537.36 (KHTML, like Gecko; compatible; ClaudeBot/1.0; +claudebot@anthropic.com)"
216.73.216.216 - - [08/Feb/2026:04:35:29 +0300] "GET /hizmetler/camasir-makinesi-servisi HTTP/2" 200 10432 "-" "Mozilla/5.0 AppleWebKit/537.36 (KHTML, like Gecko; compatible; ClaudeBot/1.0; +claudebot@anthropic.com)"
216.73.216.216 - - [08/Feb/2026:04:35:29 +0300] "GET /kvkk-aydinlatma-metni HTTP/2" 200 9689 "-" "Mozilla/5.0 AppleWebKit/537.36 (KHTML, like Gecko; compatible; ClaudeBot/1.0; +claudebot@anthropic.com)"
45.32.132.233 - - [08/Feb/2026:04:36:22 +0300] "HEAD / HTTP/2" 200 0 "-" "Mozilla/5.0 (compatible; monitoring360bot/1.1; +https://app.360monitoring.com/bot.html)"
216.73.216.216 - - [08/Feb/2026:04:37:12 +0300] "GET /blog/camasir-makinesinden-koku-geliyor HTTP/2" 404 7891 "-" "Mozilla/5.0 AppleWebKit/537.36 (KHTML, like Gecko; compatible; ClaudeBot/1.0; +claudebot@anthropic.com)"
45.32.132.233 - - [08/Feb/2026:04:37:22 +0300] "HEAD / HTTP/2" 200 0 "-" "Mozilla/5.0 (compatible; monitoring360bot/1.1; +https://app.360monitoring.com/bot.html)"
216.73.216.216 - - [08/Feb/2026:04:37:48 +0300] "GET /cozum-merkezi/camasir-makinesi/camasir-makinesi-neden-su-bosaltmaz HTTP/2" 200 9665 "-" "Mozilla/5.0 AppleWebKit/537.36 (KHTML, like Gecko; compatible; ClaudeBot/1.0; +claudebot@anthropic.com)"
45.32.132.233 - - [08/Feb/2026:04:38:23 +0300] "HEAD / HTTP/2" 200 0 "-" "Mozilla/5.0 (compatible; monitoring360bot/1.1; +https://app.360monitoring.com/bot.html)"
49.235.136.28 - - [08/Feb/2026:04:38:58 +0300] "GET / HTTP/1.1" 200 20864 "http://www.ankaservis.com" "Mozilla/5.0 (iPhone; CPU iPhone OS 13_2_3 like Mac OS X) AppleWebKit/605.1.15 (KHTML, like Gecko) Version/13.0.3 Mobile/15E148 Safari/604.1"
45.32.132.233 - - [08/Feb/2026:04:39:23 +0300] "HEAD / HTTP/2" 200 0 "-" "Mozilla/5.0 (compatible; monitoring360bot/1.1; +https://app.360monitoring.com/bot.html)"
45.32.132.233 - - [08/Feb/2026:04:40:24 +0300] "HEAD / HTTP/2" 200 0 "-" "Mozilla/5.0 (compatible; monitoring360bot/1.1; +https://app.360monitoring.com/bot.html)"
45.32.132.233 - - [08/Feb/2026:04:43:25 +0300] "HEAD / HTTP/2" 200 0 "-" "Mozilla/5.0 (compatible; monitoring360bot/1.1; +https://app.360monitoring.com/bot.html)"
216.73.216.216 - - [08/Feb/2026:04:33:59 +0300] "GET /cerez-politikasi HTTP/2" 200 8885 "-" "Mozilla/5.0 AppleWebKit/537.36 (KHTML, like Gecko; compatible; ClaudeBot/1.0; +claudebot@anthropic.com)"
216.73.216.216 - - [08/Feb/2026:04:33:59 +0300] "GET /sirket-bilgileri HTTP/2" 200 12432 "-" "Mozilla/5.0 AppleWebKit/537.36 (KHTML, like Gecko; compatible; ClaudeBot/1.0; +claudebot@anthropic.com)"
216.73.216.216 - - [08/Feb/2026:04:34:05 +0300] "GET /iletisim/servis-formu HTTP/2" 200 9154 "-" "Mozilla/5.0 AppleWebKit/537.36 (KHTML, like Gecko; compatible; ClaudeBot/1.0; +claudebot@anthropic.com)"
216.73.216.216 - - [08/Feb/2026:04:34:05 +0300] "GET /cozum-merkezi HTTP/2" 200 9829 "-" "Mozilla/5.0 AppleWebKit/537.36 (KHTML, like Gecko; compatible; ClaudeBot/1.0; +claudebot@anthropic.com)"
216.73.216.216 - - [08/Feb/2026:04:34:36 +0300] "GET /hizmetler/buzdolabi-servisi HTTP/2" 200 10348 "-" "Mozilla/5.0 AppleWebKit/537.36 (KHTML, like Gecko; compatible; ClaudeBot/1.0; +claudebot@anthropic.com)"
216.73.216.216 - - [08/Feb/2026:04:34:36 +0300] "GET /hizmetler/firin-ocak-servisi HTTP/2" 200 10475 "-" "Mozilla/5.0 AppleWebKit/537.36 (KHTML, like Gecko; compatible; ClaudeBot/1.0; +claudebot@anthropic.com)"
192.0.102.222 - - [08/Feb/2026:04:34:55 +0300] "HEAD / HTTP/1.1" 200 0 "-" "jetmon/1.0 (Jetpack Site Uptime Monitor by WordPress.com)"
45.32.132.233 - - [08/Feb/2026:04:35:21 +0300] "HEAD / HTTP/2" 200 0 "-" "Mozilla/5.0 (compatible; monitoring360bot/1.1; +https://app.360monitoring.com/bot.html)"
216.73.216.216 - - [08/Feb/2026:04:36:14 +0300] "GET /blog/camasir-makinesi-neden-su-bosaltmaz HTTP/2" 404 7891 "-" "Mozilla/5.0 AppleWebKit/537.36 (KHTML, like Gecko; compatible; ClaudeBot/1.0; +claudebot@anthropic.com)"
216.73.216.216 - - [08/Feb/2026:04:36:14 +0300] "GET /hizmetler/bulasik-makinesi-servisi HTTP/2" 200 10466 "-" "Mozilla/5.0 AppleWebKit/537.36 (KHTML, like Gecko; compatible; ClaudeBot/1.0; +claudebot@anthropic.com)"
216.73.216.216 - - [08/Feb/2026:04:36:31 +0300] "GET /blog/camasir-makinesi-neden-sesli-calisir HTTP/2" 404 7885 "-" "Mozilla/5.0 AppleWebKit/537.36 (KHTML, like Gecko; compatible; ClaudeBot/1.0; +claudebot@anthropic.com)"
216.73.216.216 - - [08/Feb/2026:04:37:32 +0300] "GET /cozum-merkezi/camasir-makinesi/camasir-makinesi-neden-sesli-calisir HTTP/2" 200 9534 "-" "Mozilla/5.0 AppleWebKit/537.36 (KHTML, like Gecko; compatible; ClaudeBot/1.0; +claudebot@anthropic.com)"
109.172.88.248 - - [08/Feb/2026:04:37:47 +0300] "GET / HTTP/1.1" 200 20858 "-" "Mozilla/5.0 (Windows NT 10.0; Win64; x64) AppleWebKit/537.36 (KHTML, like Gecko) Chrome/115.0.0.0 Safari/537.36"
216.73.216.216 - - [08/Feb/2026:04:38:24 +0300] "GET /cozum-merkezi/camasir-makinesi/camasir-makinesinden-koku-geliyor HTTP/2" 200 9340 "-" "Mozilla/5.0 AppleWebKit/537.36 (KHTML, like Gecko; compatible; ClaudeBot/1.0; +claudebot@anthropic.com)"
192.0.102.222 - - [08/Feb/2026:04:39:54 +0300] "HEAD / HTTP/1.1" 200 0 "-" "jetmon/1.0 (Jetpack Site Uptime Monitor by WordPress.com)"
45.32.132.233 - - [08/Feb/2026:04:41:24 +0300] "HEAD / HTTP/2" 200 0 "-" "Mozilla/5.0 (compatible; monitoring360bot/1.1; +https://app.360monitoring.com/bot.html)"
45.32.132.233 - - [08/Feb/2026:04:42:25 +0300] "HEAD / HTTP/2" 200 0 "-" "Mozilla/5.0 (compatible; monitoring360bot/1.1; +https://app.360monitoring.com/bot.html)"
45.32.132.233 - - [08/Feb/2026:04:47:27 +0300] "HEAD / HTTP/2" 200 0 "-" "Mozilla/5.0 (compatible; monitoring360bot/1.1; +https://app.360monitoring.com/bot.html)"
45.32.132.233 - - [08/Feb/2026:04:44:26 +0300] "HEAD / HTTP/2" 200 0 "-" "Mozilla/5.0 (compatible; monitoring360bot/1.1; +https://app.360monitoring.com/bot.html)"
192.0.102.222 - - [08/Feb/2026:04:44:53 +0300] "HEAD / HTTP/1.1" 200 0 "-" "jetmon/1.0 (Jetpack Site Uptime Monitor by WordPress.com)"
45.32.132.233 - - [08/Feb/2026:04:45:26 +0300] "HEAD / HTTP/2" 200 0 "-" "Mozilla/5.0 (compatible; monitoring360bot/1.1; +https://app.360monitoring.com/bot.html)"
45.32.132.233 - - [08/Feb/2026:04:46:27 +0300] "HEAD / HTTP/2" 200 0 "-" "Mozilla/5.0 (compatible; monitoring360bot/1.1; +https://app.360monitoring.com/bot.html)"
114.119.136.137 - - [08/Feb/2026:04:47:14 +0300] "GET /robots.txt HTTP/1.1" 404 9228 "-" "Mozilla/5.0 (compatible;PetalBot;+https://webmaster.petalsearch.com/site/petalbot)"
45.32.132.233 - - [08/Feb/2026:04:48:27 +0300] "HEAD / HTTP/2" 200 0 "-" "Mozilla/5.0 (compatible; monitoring360bot/1.1; +https://app.360monitoring.com/bot.html)"
192.0.102.222 - - [08/Feb/2026:04:49:54 +0300] "HEAD / HTTP/1.1" 200 0 "-" "jetmon/1.0 (Jetpack Site Uptime Monitor by WordPress.com)"
43.156.202.34 - - [08/Feb/2026:04:51:22 +0300] "GET / HTTP/1.1" 200 20858 "http://ankaservis.com" "Mozilla/5.0 (iPhone; CPU iPhone OS 13_2_3 like Mac OS X) AppleWebKit/605.1.15 (KHTML, like Gecko) Version/13.0.3 Mobile/15E148 Safari/604.1"
45.32.132.233 - - [08/Feb/2026:04:51:29 +0300] "HEAD / HTTP/2" 200 0 "-" "Mozilla/5.0 (compatible; monitoring360bot/1.1; +https://app.360monitoring.com/bot.html)"
45.32.132.233 - - [08/Feb/2026:04:52:29 +0300] "HEAD / HTTP/2" 200 0 "-" "Mozilla/5.0 (compatible; monitoring360bot/1.1; +https://app.360monitoring.com/bot.html)"
45.32.132.233 - - [08/Feb/2026:04:55:31 +0300] "HEAD / HTTP/2" 200 0 "-" "Mozilla/5.0 (compatible; monitoring360bot/1.1; +https://app.360monitoring.com/bot.html)"
45.32.132.233 - - [08/Feb/2026:04:56:31 +0300] "HEAD / HTTP/2" 200 0 "-" "Mozilla/5.0 (compatible; monitoring360bot/1.1; +https://app.360monitoring.com/bot.html)"
72.14.199.99 - - [08/Feb/2026:04:56:42 +0300] "GET / HTTP/1.1" 200 15659 "-" "Mozilla/5.0 (Linux; Android 6.0.1; Nexus 5X Build/MMB29P) AppleWebKit/537.36 (KHTML, like Gecko) Chrome/144.0.7559.132 Mobile Safari/537.36 (compatible; AdsBot-Google-Mobile; +http://www.google.com/mobile/adsbot.html)"
192.0.102.222 - - [08/Feb/2026:04:59:55 +0300] "HEAD / HTTP/1.1" 200 0 "-" "jetmon/1.0 (Jetpack Site Uptime Monitor by WordPress.com)"
45.32.132.233 - - [08/Feb/2026:05:00:33 +0300] "HEAD / HTTP/2" 200 0 "-" "Mozilla/5.0 (compatible; monitoring360bot/1.1; +https://app.360monitoring.com/bot.html)"
45.32.132.233 - - [08/Feb/2026:05:03:29 +0300] "HEAD / HTTP/2" 200 0 "-" "Mozilla/5.0 (compatible; monitoring360bot/1.1; +https://app.360monitoring.com/bot.html)"
45.32.132.233 - - [08/Feb/2026:04:49:28 +0300] "HEAD / HTTP/2" 200 0 "-" "Mozilla/5.0 (compatible; monitoring360bot/1.1; +https://app.360monitoring.com/bot.html)"
45.32.132.233 - - [08/Feb/2026:04:50:28 +0300] "HEAD / HTTP/2" 200 0 "-" "Mozilla/5.0 (compatible; monitoring360bot/1.1; +https://app.360monitoring.com/bot.html)"
45.32.132.233 - - [08/Feb/2026:04:53:30 +0300] "HEAD / HTTP/2" 200 0 "-" "Mozilla/5.0 (compatible; monitoring360bot/1.1; +https://app.360monitoring.com/bot.html)"
45.32.132.233 - - [08/Feb/2026:04:54:30 +0300] "HEAD / HTTP/2" 200 0 "-" "Mozilla/5.0 (compatible; monitoring360bot/1.1; +https://app.360monitoring.com/bot.html)"
192.0.102.222 - - [08/Feb/2026:04:54:54 +0300] "HEAD / HTTP/1.1" 200 0 "-" "jetmon/1.0 (Jetpack Site Uptime Monitor by WordPress.com)"
45.32.132.233 - - [08/Feb/2026:04:57:32 +0300] "HEAD / HTTP/2" 200 0 "-" "Mozilla/5.0 (compatible; monitoring360bot/1.1; +https://app.360monitoring.com/bot.html)"
72.14.199.98 - - [08/Feb/2026:04:58:05 +0300] "GET /public/css/style.css HTTP/1.1" 200 3164 "https://ankaservis.com/" "AdsBot-Google (+http://www.google.com/adsbot.html)"
72.14.199.99 - - [08/Feb/2026:04:58:05 +0300] "GET /public/js/main.js HTTP/1.1" 200 1184 "https://ankaservis.com/" "AdsBot-Google (+http://www.google.com/adsbot.html)"
45.32.132.233 - - [08/Feb/2026:04:58:32 +0300] "HEAD / HTTP/2" 200 0 "-" "Mozilla/5.0 (compatible; monitoring360bot/1.1; +https://app.360monitoring.com/bot.html)"
45.32.132.233 - - [08/Feb/2026:04:59:33 +0300] "HEAD / HTTP/2" 200 0 "-" "Mozilla/5.0 (compatible; monitoring360bot/1.1; +https://app.360monitoring.com/bot.html)"
45.32.132.233 - - [08/Feb/2026:05:01:34 +0300] "HEAD / HTTP/2" 200 0 "-" "Mozilla/5.0 (compatible; monitoring360bot/1.1; +https://app.360monitoring.com/bot.html)"
45.32.132.233 - - [08/Feb/2026:05:02:34 +0300] "HEAD / HTTP/2" 200 0 "-" "Mozilla/5.0 (compatible; monitoring360bot/1.1; +https://app.360monitoring.com/bot.html)"
45.32.132.233 - - [08/Feb/2026:05:04:30 +0300] "HEAD / HTTP/2" 200 0 "-" "Mozilla/5.0 (compatible; monitoring360bot/1.1; +https://app.360monitoring.com/bot.html)"
192.0.102.222 - - [08/Feb/2026:05:04:55 +0300] "HEAD / HTTP/1.1" 200 0 "-" "jetmon/1.0 (Jetpack Site Uptime Monitor by WordPress.com)"
45.32.132.233 - - [08/Feb/2026:05:05:30 +0300] "HEAD / HTTP/2" 200 0 "-" "Mozilla/5.0 (compatible; monitoring360bot/1.1; +https://app.360monitoring.com/bot.html)"
45.32.132.233 - - [08/Feb/2026:05:06:31 +0300] "HEAD / HTTP/2" 200 0 "-" "Mozilla/5.0 (compatible; monitoring360bot/1.1; +https://app.360monitoring.com/bot.html)"
45.32.132.233 - - [08/Feb/2026:05:08:32 +0300] "HEAD / HTTP/2" 200 0 "-" "Mozilla/5.0 (compatible; monitoring360bot/1.1; +https://app.360monitoring.com/bot.html)"
45.32.132.233 - - [08/Feb/2026:05:09:32 +0300] "HEAD / HTTP/2" 200 0 "-" "Mozilla/5.0 (compatible; monitoring360bot/1.1; +https://app.360monitoring.com/bot.html)"
192.0.102.222 - - [08/Feb/2026:05:09:57 +0300] "HEAD / HTTP/1.1" 200 0 "-" "jetmon/1.0 (Jetpack Site Uptime Monitor by WordPress.com)"
195.234.109.128 - - [08/Feb/2026:05:10:18 +0300] "GET /wp-content/uploads/2015/10/beyaz-esya-servisi.png HTTP/2" 404 45173 "-" "Photon/1.0"
192.0.114.84 - - [08/Feb/2026:05:10:21 +0300] "GET /wp-content/uploads/2015/10/kombi-servisi.png HTTP/2" 404 45163 "-" "Photon/1.0"
45.32.132.233 - - [08/Feb/2026:05:10:33 +0300] "HEAD / HTTP/2" 200 0 "-" "Mozilla/5.0 (compatible; monitoring360bot/1.1; +https://app.360monitoring.com/bot.html)"
45.32.132.233 - - [08/Feb/2026:05:12:34 +0300] "HEAD / HTTP/2" 200 0 "-" "Mozilla/5.0 (compatible; monitoring360bot/1.1; +https://app.360monitoring.com/bot.html)"
45.32.132.233 - - [08/Feb/2026:05:13:34 +0300] "HEAD / HTTP/2" 200 0 "-" "Mozilla/5.0 (compatible; monitoring360bot/1.1; +https://app.360monitoring.com/bot.html)"
45.32.132.233 - - [08/Feb/2026:05:15:35 +0300] "HEAD / HTTP/2" 200 0 "-" "Mozilla/5.0 (compatible; monitoring360bot/1.1; +https://app.360monitoring.com/bot.html)"
45.32.132.233 - - [08/Feb/2026:05:16:35 +0300] "HEAD / HTTP/2" 200 0 "-" "Mozilla/5.0 (compatible; monitoring360bot/1.1; +https://app.360monitoring.com/bot.html)"
43.130.101.151 - - [08/Feb/2026:05:16:36 +0300] "GET /fiyat-listesi HTTP/1.1" 200 10441 "-" "Mozilla/5.0 (iPhone; CPU iPhone OS 13_2_3 like Mac OS X) AppleWebKit/605.1.15 (KHTML, like Gecko) Version/13.0.3 Mobile/15E148 Safari/604.1"
45.32.132.233 - - [08/Feb/2026:05:19:37 +0300] "HEAD / HTTP/2" 200 0 "-" "Mozilla/5.0 (compatible; monitoring360bot/1.1; +https://app.360monitoring.com/bot.html)"
45.32.132.233 - - [08/Feb/2026:05:20:37 +0300] "HEAD / HTTP/2" 200 0 "-" "Mozilla/5.0 (compatible; monitoring360bot/1.1; +https://app.360monitoring.com/bot.html)"
45.32.132.233 - - [08/Feb/2026:05:21:38 +0300] "HEAD / HTTP/2" 200 0 "-" "Mozilla/5.0 (compatible; monitoring360bot/1.1; +https://app.360monitoring.com/bot.html)"
45.32.132.233 - - [08/Feb/2026:05:07:31 +0300] "HEAD / HTTP/2" 200 0 "-" "Mozilla/5.0 (compatible; monitoring360bot/1.1; +https://app.360monitoring.com/bot.html)"
45.32.132.233 - - [08/Feb/2026:05:11:33 +0300] "HEAD / HTTP/2" 200 0 "-" "Mozilla/5.0 (compatible; monitoring360bot/1.1; +https://app.360monitoring.com/bot.html)"
45.32.132.233 - - [08/Feb/2026:05:14:35 +0300] "HEAD / HTTP/2" 200 0 "-" "Mozilla/5.0 (compatible; monitoring360bot/1.1; +https://app.360monitoring.com/bot.html)"
192.0.102.222 - - [08/Feb/2026:05:14:57 +0300] "HEAD / HTTP/1.1" 200 0 "-" "jetmon/1.0 (Jetpack Site Uptime Monitor by WordPress.com)"
45.32.132.233 - - [08/Feb/2026:05:17:36 +0300] "HEAD / HTTP/2" 200 0 "-" "Mozilla/5.0 (compatible; monitoring360bot/1.1; +https://app.360monitoring.com/bot.html)"
45.32.132.233 - - [08/Feb/2026:05:18:36 +0300] "HEAD / HTTP/2" 200 0 "-" "Mozilla/5.0 (compatible; monitoring360bot/1.1; +https://app.360monitoring.com/bot.html)"
192.0.102.222 - - [08/Feb/2026:05:19:55 +0300] "HEAD / HTTP/1.1" 200 0 "-" "jetmon/1.0 (Jetpack Site Uptime Monitor by WordPress.com)"
45.32.132.233 - - [08/Feb/2026:05:23:39 +0300] "HEAD / HTTP/2" 200 0 "-" "Mozilla/5.0 (compatible; monitoring360bot/1.1; +https://app.360monitoring.com/bot.html)"
192.0.102.222 - - [08/Feb/2026:05:24:54 +0300] "HEAD / HTTP/1.1" 200 0 "-" "jetmon/1.0 (Jetpack Site Uptime Monitor by WordPress.com)"
45.32.132.233 - - [08/Feb/2026:05:25:40 +0300] "HEAD / HTTP/2" 200 0 "-" "Mozilla/5.0 (compatible; monitoring360bot/1.1; +https://app.360monitoring.com/bot.html)"
45.32.132.233 - - [08/Feb/2026:05:29:42 +0300] "HEAD / HTTP/2" 200 0 "-" "Mozilla/5.0 (compatible; monitoring360bot/1.1; +https://app.360monitoring.com/bot.html)"
45.32.132.233 - - [08/Feb/2026:05:31:43 +0300] "HEAD / HTTP/2" 200 0 "-" "Mozilla/5.0 (compatible; monitoring360bot/1.1; +https://app.360monitoring.com/bot.html)"
45.32.132.233 - - [08/Feb/2026:05:35:45 +0300] "HEAD / HTTP/2" 200 0 "-" "Mozilla/5.0 (compatible; monitoring360bot/1.1; +https://app.360monitoring.com/bot.html)"
45.32.132.233 - - [08/Feb/2026:05:36:45 +0300] "HEAD / HTTP/2" 200 0 "-" "Mozilla/5.0 (compatible; monitoring360bot/1.1; +https://app.360monitoring.com/bot.html)"
45.32.132.233 - - [08/Feb/2026:05:37:46 +0300] "HEAD / HTTP/2" 200 0 "-" "Mozilla/5.0 (compatible; monitoring360bot/1.1; +https://app.360monitoring.com/bot.html)"
45.32.132.233 - - [08/Feb/2026:05:22:38 +0300] "HEAD / HTTP/2" 200 0 "-" "Mozilla/5.0 (compatible; monitoring360bot/1.1; +https://app.360monitoring.com/bot.html)"
45.32.132.233 - - [08/Feb/2026:05:24:39 +0300] "HEAD / HTTP/2" 200 0 "-" "Mozilla/5.0 (compatible; monitoring360bot/1.1; +https://app.360monitoring.com/bot.html)"
45.32.132.233 - - [08/Feb/2026:05:26:40 +0300] "HEAD / HTTP/2" 200 0 "-" "Mozilla/5.0 (compatible; monitoring360bot/1.1; +https://app.360monitoring.com/bot.html)"
45.32.132.233 - - [08/Feb/2026:05:27:41 +0300] "HEAD / HTTP/2" 200 0 "-" "Mozilla/5.0 (compatible; monitoring360bot/1.1; +https://app.360monitoring.com/bot.html)"
45.32.132.233 - - [08/Feb/2026:05:28:41 +0300] "HEAD / HTTP/2" 200 0 "-" "Mozilla/5.0 (compatible; monitoring360bot/1.1; +https://app.360monitoring.com/bot.html)"
192.0.102.222 - - [08/Feb/2026:05:29:57 +0300] "HEAD / HTTP/1.1" 200 0 "-" "jetmon/1.0 (Jetpack Site Uptime Monitor by WordPress.com)"
20.110.243.199 - - [08/Feb/2026:05:30:07 +0300] "GET /wp-content/plugins/hellopress/wp_filemanager.php HTTP/1.1" 404 45206 "-" "-"
20.110.243.199 - - [08/Feb/2026:05:30:07 +0300] "GET /grsiuk.php HTTP/1.1" 404 45130 "-" "-"
20.110.243.199 - - [08/Feb/2026:05:30:08 +0300] "GET /fs.php HTTP/1.1" 404 45122 "-" "-"
20.110.243.199 - - [08/Feb/2026:05:30:08 +0300] "GET /;k.php HTTP/1.1" 404 45122 "-" "-"
45.32.132.233 - - [08/Feb/2026:05:30:42 +0300] "HEAD / HTTP/2" 200 0 "-" "Mozilla/5.0 (compatible; monitoring360bot/1.1; +https://app.360monitoring.com/bot.html)"
