45.32.132.233 - - [08/Feb/2026:01:06:59 +0300] "HEAD / HTTP/2" 200 0 "-" "Mozilla/5.0 (compatible; monitoring360bot/1.1; +https://app.360monitoring.com/bot.html)"
45.32.132.233 - - [08/Feb/2026:01:07:59 +0300] "HEAD / HTTP/2" 200 0 "-" "Mozilla/5.0 (compatible; monitoring360bot/1.1; +https://app.360monitoring.com/bot.html)"
45.32.132.233 - - [08/Feb/2026:01:09:00 +0300] "HEAD / HTTP/2" 200 0 "-" "Mozilla/5.0 (compatible; monitoring360bot/1.1; +https://app.360monitoring.com/bot.html)"
192.0.102.222 - - [08/Feb/2026:01:09:54 +0300] "HEAD / HTTP/1.1" 200 0 "-" "jetmon/1.0 (Jetpack Site Uptime Monitor by WordPress.com)"
45.32.132.233 - - [08/Feb/2026:01:12:01 +0300] "HEAD / HTTP/2" 200 0 "-" "Mozilla/5.0 (compatible; monitoring360bot/1.1; +https://app.360monitoring.com/bot.html)"
45.32.132.233 - - [08/Feb/2026:00:58:02 +0300] "HEAD / HTTP/2" 200 0 "-" "Mozilla/5.0 (compatible; monitoring360bot/1.1; +https://app.360monitoring.com/bot.html)"
45.32.132.233 - - [08/Feb/2026:00:59:03 +0300] "HEAD / HTTP/2" 200 0 "-" "Mozilla/5.0 (compatible; monitoring360bot/1.1; +https://app.360monitoring.com/bot.html)"
45.32.132.233 - - [08/Feb/2026:01:01:04 +0300] "HEAD / HTTP/2" 200 0 "-" "Mozilla/5.0 (compatible; monitoring360bot/1.1; +https://app.360monitoring.com/bot.html)"
45.32.132.233 - - [08/Feb/2026:01:02:04 +0300] "HEAD / HTTP/2" 200 0 "-" "Mozilla/5.0 (compatible; monitoring360bot/1.1; +https://app.360monitoring.com/bot.html)"
45.32.132.233 - - [08/Feb/2026:01:03:57 +0300] "HEAD / HTTP/2" 200 0 "-" "Mozilla/5.0 (compatible; monitoring360bot/1.1; +https://app.360monitoring.com/bot.html)"
47.128.45.71 - - [08/Feb/2026:01:04:41 +0300] "GET /robots.txt HTTP/1.1" 404 9200 "-" "Mozilla/5.0 (Linux; Android 5.0) AppleWebKit/537.36 (KHTML, like Gecko) Mobile Safari/537.36 (compatible; Bytespider; spider-feedback@bytedance.com)"
45.32.132.233 - - [08/Feb/2026:01:04:57 +0300] "HEAD / HTTP/2" 200 0 "-" "Mozilla/5.0 (compatible; monitoring360bot/1.1; +https://app.360monitoring.com/bot.html)"
45.32.132.233 - - [08/Feb/2026:01:05:58 +0300] "HEAD / HTTP/2" 200 0 "-" "Mozilla/5.0 (compatible; monitoring360bot/1.1; +https://app.360monitoring.com/bot.html)"
45.32.132.233 - - [08/Feb/2026:01:10:00 +0300] "HEAD / HTTP/2" 200 0 "-" "Mozilla/5.0 (compatible; monitoring360bot/1.1; +https://app.360monitoring.com/bot.html)"
45.32.132.233 - - [08/Feb/2026:01:11:01 +0300] "HEAD / HTTP/2" 200 0 "-" "Mozilla/5.0 (compatible; monitoring360bot/1.1; +https://app.360monitoring.com/bot.html)"
45.32.132.233 - - [08/Feb/2026:01:13:02 +0300] "HEAD / HTTP/2" 200 0 "-" "Mozilla/5.0 (compatible; monitoring360bot/1.1; +https://app.360monitoring.com/bot.html)"
45.32.132.233 - - [08/Feb/2026:01:14:02 +0300] "HEAD / HTTP/2" 200 0 "-" "Mozilla/5.0 (compatible; monitoring360bot/1.1; +https://app.360monitoring.com/bot.html)"
192.0.102.222 - - [08/Feb/2026:01:14:54 +0300] "HEAD / HTTP/1.1" 200 0 "-" "jetmon/1.0 (Jetpack Site Uptime Monitor by WordPress.com)"
45.32.132.233 - - [08/Feb/2026:01:15:03 +0300] "HEAD / HTTP/2" 200 0 "-" "Mozilla/5.0 (compatible; monitoring360bot/1.1; +https://app.360monitoring.com/bot.html)"
45.151.248.94 - - [08/Feb/2026:01:15:29 +0300] "GET /.well-known/acme-challenge/F8IH0Z7LOM329DGAYS_5PL6EAT1KVE2U HTTP/1.1" 404 45053 "-" "Cpanel-HTTP-Client/1.0"
45.32.132.233 - - [08/Feb/2026:01:17:04 +0300] "HEAD / HTTP/2" 200 0 "-" "Mozilla/5.0 (compatible; monitoring360bot/1.1; +https://app.360monitoring.com/bot.html)"
45.32.132.233 - - [08/Feb/2026:01:18:04 +0300] "HEAD / HTTP/2" 200 0 "-" "Mozilla/5.0 (compatible; monitoring360bot/1.1; +https://app.360monitoring.com/bot.html)"
192.0.102.222 - - [08/Feb/2026:01:19:54 +0300] "HEAD / HTTP/1.1" 200 0 "-" "jetmon/1.0 (Jetpack Site Uptime Monitor by WordPress.com)"
45.32.132.233 - - [08/Feb/2026:01:22:06 +0300] "HEAD / HTTP/2" 200 0 "-" "Mozilla/5.0 (compatible; monitoring360bot/1.1; +https://app.360monitoring.com/bot.html)"
45.32.132.233 - - [08/Feb/2026:01:23:07 +0300] "HEAD / HTTP/2" 200 0 "-" "Mozilla/5.0 (compatible; monitoring360bot/1.1; +https://app.360monitoring.com/bot.html)"
124.156.226.179 - - [08/Feb/2026:01:23:43 +0300] "GET / HTTP/1.1" 200 20864 "http://www.ankaservis.com" "Mozilla/5.0 (iPhone; CPU iPhone OS 13_2_3 like Mac OS X) AppleWebKit/605.1.15 (KHTML, like Gecko) Version/13.0.3 Mobile/15E148 Safari/604.1"
45.32.132.233 - - [08/Feb/2026:01:16:04 +0300] "HEAD / HTTP/2" 200 0 "-" "Mozilla/5.0 (compatible; monitoring360bot/1.1; +https://app.360monitoring.com/bot.html)"
45.32.132.233 - - [08/Feb/2026:01:19:05 +0300] "HEAD / HTTP/2" 200 0 "-" "Mozilla/5.0 (compatible; monitoring360bot/1.1; +https://app.360monitoring.com/bot.html)"
45.32.132.233 - - [08/Feb/2026:01:20:06 +0300] "HEAD / HTTP/2" 200 0 "-" "Mozilla/5.0 (compatible; monitoring360bot/1.1; +https://app.360monitoring.com/bot.html)"
45.32.132.233 - - [08/Feb/2026:01:21:06 +0300] "HEAD / HTTP/2" 200 0 "-" "Mozilla/5.0 (compatible; monitoring360bot/1.1; +https://app.360monitoring.com/bot.html)"
45.32.132.233 - - [08/Feb/2026:01:24:08 +0300] "HEAD / HTTP/2" 200 0 "-" "Mozilla/5.0 (compatible; monitoring360bot/1.1; +https://app.360monitoring.com/bot.html)"
192.0.102.222 - - [08/Feb/2026:01:24:54 +0300] "HEAD / HTTP/1.1" 200 0 "-" "jetmon/1.0 (Jetpack Site Uptime Monitor by WordPress.com)"
45.32.132.233 - - [08/Feb/2026:01:25:08 +0300] "HEAD / HTTP/2" 200 0 "-" "Mozilla/5.0 (compatible; monitoring360bot/1.1; +https://app.360monitoring.com/bot.html)"
45.32.132.233 - - [08/Feb/2026:01:26:08 +0300] "HEAD / HTTP/2" 200 0 "-" "Mozilla/5.0 (compatible; monitoring360bot/1.1; +https://app.360monitoring.com/bot.html)"
45.32.132.233 - - [08/Feb/2026:01:27:09 +0300] "HEAD / HTTP/2" 200 0 "-" "Mozilla/5.0 (compatible; monitoring360bot/1.1; +https://app.360monitoring.com/bot.html)"
45.32.132.233 - - [08/Feb/2026:01:28:09 +0300] "HEAD / HTTP/2" 200 0 "-" "Mozilla/5.0 (compatible; monitoring360bot/1.1; +https://app.360monitoring.com/bot.html)"
45.32.132.233 - - [08/Feb/2026:01:30:10 +0300] "HEAD / HTTP/2" 200 0 "-" "Mozilla/5.0 (compatible; monitoring360bot/1.1; +https://app.360monitoring.com/bot.html)"
45.32.132.233 - - [08/Feb/2026:01:33:12 +0300] "HEAD / HTTP/2" 200 0 "-" "Mozilla/5.0 (compatible; monitoring360bot/1.1; +https://app.360monitoring.com/bot.html)"
45.32.132.233 - - [08/Feb/2026:01:34:12 +0300] "HEAD / HTTP/2" 200 0 "-" "Mozilla/5.0 (compatible; monitoring360bot/1.1; +https://app.360monitoring.com/bot.html)"
45.32.132.233 - - [08/Feb/2026:01:35:13 +0300] "HEAD / HTTP/2" 200 0 "-" "Mozilla/5.0 (compatible; monitoring360bot/1.1; +https://app.360monitoring.com/bot.html)"
45.32.132.233 - - [08/Feb/2026:01:36:13 +0300] "HEAD / HTTP/2" 200 0 "-" "Mozilla/5.0 (compatible; monitoring360bot/1.1; +https://app.360monitoring.com/bot.html)"
45.32.132.233 - - [08/Feb/2026:01:37:14 +0300] "HEAD / HTTP/2" 200 0 "-" "Mozilla/5.0 (compatible; monitoring360bot/1.1; +https://app.360monitoring.com/bot.html)"
45.32.132.233 - - [08/Feb/2026:01:39:15 +0300] "HEAD / HTTP/2" 200 0 "-" "Mozilla/5.0 (compatible; monitoring360bot/1.1; +https://app.360monitoring.com/bot.html)"
45.32.132.233 - - [08/Feb/2026:01:40:16 +0300] "HEAD / HTTP/2" 200 0 "-" "Mozilla/5.0 (compatible; monitoring360bot/1.1; +https://app.360monitoring.com/bot.html)"
45.32.132.233 - - [08/Feb/2026:01:41:16 +0300] "HEAD / HTTP/2" 200 0 "-" "Mozilla/5.0 (compatible; monitoring360bot/1.1; +https://app.360monitoring.com/bot.html)"
45.32.132.233 - - [08/Feb/2026:01:42:17 +0300] "HEAD / HTTP/2" 200 0 "-" "Mozilla/5.0 (compatible; monitoring360bot/1.1; +https://app.360monitoring.com/bot.html)"
45.32.132.233 - - [08/Feb/2026:01:43:17 +0300] "HEAD / HTTP/2" 200 0 "-" "Mozilla/5.0 (compatible; monitoring360bot/1.1; +https://app.360monitoring.com/bot.html)"
192.0.102.222 - - [08/Feb/2026:01:44:53 +0300] "HEAD / HTTP/1.1" 200 0 "-" "jetmon/1.0 (Jetpack Site Uptime Monitor by WordPress.com)"
89.163.146.197 - - [08/Feb/2026:01:44:58 +0300] "GET /txets.php HTTP/1.1" 404 9199 "www.google.com" "Mozlila/5.0 (Linux; Android 7.0; SM-G892A Bulid/NRD90M; wv) AppleWebKit/537.36 (KHTML, like Gecko) Version/4.0 Chrome/60.0.3112.107 Moblie Safari/537.36"
89.163.146.197 - - [08/Feb/2026:01:45:09 +0300] "GET /wp-content/txets.php HTTP/1.1" 404 9203 "www.google.com" "Mozlila/5.0 (Linux; Android 7.0; SM-G892A Bulid/NRD90M; wv) AppleWebKit/537.36 (KHTML, like Gecko) Version/4.0 Chrome/60.0.3112.107 Moblie Safari/537.36"
45.32.132.233 - - [08/Feb/2026:01:45:18 +0300] "HEAD / HTTP/2" 200 0 "-" "Mozilla/5.0 (compatible; monitoring360bot/1.1; +https://app.360monitoring.com/bot.html)"
45.32.132.233 - - [08/Feb/2026:01:29:10 +0300] "HEAD / HTTP/2" 200 0 "-" "Mozilla/5.0 (compatible; monitoring360bot/1.1; +https://app.360monitoring.com/bot.html)"
192.0.102.222 - - [08/Feb/2026:01:29:54 +0300] "HEAD / HTTP/1.1" 200 0 "-" "jetmon/1.0 (Jetpack Site Uptime Monitor by WordPress.com)"
45.32.132.233 - - [08/Feb/2026:01:31:11 +0300] "HEAD / HTTP/2" 200 0 "-" "Mozilla/5.0 (compatible; monitoring360bot/1.1; +https://app.360monitoring.com/bot.html)"
45.32.132.233 - - [08/Feb/2026:01:32:11 +0300] "HEAD / HTTP/2" 200 0 "-" "Mozilla/5.0 (compatible; monitoring360bot/1.1; +https://app.360monitoring.com/bot.html)"
192.0.102.222 - - [08/Feb/2026:01:34:54 +0300] "HEAD / HTTP/1.1" 200 0 "-" "jetmon/1.0 (Jetpack Site Uptime Monitor by WordPress.com)"
45.32.132.233 - - [08/Feb/2026:01:38:15 +0300] "HEAD / HTTP/2" 200 0 "-" "Mozilla/5.0 (compatible; monitoring360bot/1.1; +https://app.360monitoring.com/bot.html)"
20.215.184.141 - - [08/Feb/2026:01:38:42 +0300] "GET /wp-content/plugins/hellopress/wp_filemanager.php HTTP/1.1" 404 45031 "-" "-"
20.215.184.141 - - [08/Feb/2026:01:38:42 +0300] "GET /x9.php HTTP/1.1" 404 44947 "-" "-"
20.215.184.141 - - [08/Feb/2026:01:38:42 +0300] "GET /grsiuk.php HTTP/1.1" 404 44955 "-" "-"
20.215.184.141 - - [08/Feb/2026:01:38:42 +0300] "GET /byel.php HTTP/1.1" 404 44951 "-" "-"
20.215.184.141 - - [08/Feb/2026:01:38:42 +0300] "GET /layou.php HTTP/1.1" 404 44953 "-" "-"
20.215.184.141 - - [08/Feb/2026:01:38:42 +0300] "GET /lgsts.php HTTP/1.1" 404 44953 "-" "-"
20.215.184.141 - - [08/Feb/2026:01:38:43 +0300] "GET /tourpa.php HTTP/1.1" 404 44955 "-" "-"
20.215.184.141 - - [08/Feb/2026:01:38:43 +0300] "GET /yvtuizub.php HTTP/1.1" 404 44959 "-" "-"
20.215.184.141 - - [08/Feb/2026:01:38:43 +0300] "GET /mln.php HTTP/1.1" 404 44949 "-" "-"
20.215.184.141 - - [08/Feb/2026:01:38:43 +0300] "GET /inege.php HTTP/1.1" 404 44953 "-" "-"
192.0.102.222 - - [08/Feb/2026:01:39:54 +0300] "HEAD / HTTP/1.1" 200 0 "-" "jetmon/1.0 (Jetpack Site Uptime Monitor by WordPress.com)"
45.32.132.233 - - [08/Feb/2026:01:44:18 +0300] "HEAD / HTTP/2" 200 0 "-" "Mozilla/5.0 (compatible; monitoring360bot/1.1; +https://app.360monitoring.com/bot.html)"
89.163.146.197 - - [08/Feb/2026:01:45:03 +0300] "GET /wp-content/txets.php HTTP/1.1" 404 9235 "www.google.com" "Mozlila/5.0 (Linux; Android 7.0; SM-G892A Bulid/NRD90M; wv) AppleWebKit/537.36 (KHTML, like Gecko) Version/4.0 Chrome/60.0.3112.107 Moblie Safari/537.36"
45.32.132.233 - - [08/Feb/2026:01:47:19 +0300] "HEAD / HTTP/2" 200 0 "-" "Mozilla/5.0 (compatible; monitoring360bot/1.1; +https://app.360monitoring.com/bot.html)"
170.106.192.208 - - [08/Feb/2026:01:47:58 +0300] "GET /hizmetler/buzdolabi-servisi HTTP/1.1" 200 12556 "-" "Mozilla/5.0 (iPhone; CPU iPhone OS 13_2_3 like Mac OS X) AppleWebKit/605.1.15 (KHTML, like Gecko) Version/13.0.3 Mobile/15E148 Safari/604.1"
45.32.132.233 - - [08/Feb/2026:01:50:21 +0300] "HEAD / HTTP/2" 200 0 "-" "Mozilla/5.0 (compatible; monitoring360bot/1.1; +https://app.360monitoring.com/bot.html)"
45.32.132.233 - - [08/Feb/2026:01:52:22 +0300] "HEAD / HTTP/2" 200 0 "-" "Mozilla/5.0 (compatible; monitoring360bot/1.1; +https://app.360monitoring.com/bot.html)"
45.32.132.233 - - [08/Feb/2026:01:53:22 +0300] "HEAD / HTTP/2" 200 0 "-" "Mozilla/5.0 (compatible; monitoring360bot/1.1; +https://app.360monitoring.com/bot.html)"
192.0.102.222 - - [08/Feb/2026:01:54:54 +0300] "HEAD / HTTP/1.1" 200 0 "-" "jetmon/1.0 (Jetpack Site Uptime Monitor by WordPress.com)"
45.32.132.233 - - [08/Feb/2026:01:56:24 +0300] "HEAD / HTTP/2" 200 0 "-" "Mozilla/5.0 (compatible; monitoring360bot/1.1; +https://app.360monitoring.com/bot.html)"
45.32.132.233 - - [08/Feb/2026:01:57:24 +0300] "HEAD / HTTP/2" 200 0 "-" "Mozilla/5.0 (compatible; monitoring360bot/1.1; +https://app.360monitoring.com/bot.html)"
167.86.83.231 - - [08/Feb/2026:01:58:34 +0300] "GET /wp-admin/css/ HTTP/1.1" 404 9199 "binance.com" "Mozilla/5.0 (Windows NT 10.0; Win64; x64) AppleWebKit/537.36 (KHTML, like Gecko) Chrome/90.0.4430.85 Safari/537.36"
192.0.102.222 - - [08/Feb/2026:01:59:53 +0300] "HEAD / HTTP/1.1" 200 0 "-" "jetmon/1.0 (Jetpack Site Uptime Monitor by WordPress.com)"
45.32.132.233 - - [08/Feb/2026:02:00:26 +0300] "HEAD / HTTP/2" 200 0 "-" "Mozilla/5.0 (compatible; monitoring360bot/1.1; +https://app.360monitoring.com/bot.html)"
45.32.132.233 - - [08/Feb/2026:02:01:26 +0300] "HEAD / HTTP/2" 200 0 "-" "Mozilla/5.0 (compatible; monitoring360bot/1.1; +https://app.360monitoring.com/bot.html)"
45.32.132.233 - - [08/Feb/2026:01:46:19 +0300] "HEAD / HTTP/2" 200 0 "-" "Mozilla/5.0 (compatible; monitoring360bot/1.1; +https://app.360monitoring.com/bot.html)"
45.32.132.233 - - [08/Feb/2026:01:48:20 +0300] "HEAD / HTTP/2" 200 0 "-" "Mozilla/5.0 (compatible; monitoring360bot/1.1; +https://app.360monitoring.com/bot.html)"
45.32.132.233 - - [08/Feb/2026:01:49:20 +0300] "HEAD / HTTP/2" 200 0 "-" "Mozilla/5.0 (compatible; monitoring360bot/1.1; +https://app.360monitoring.com/bot.html)"
192.0.102.222 - - [08/Feb/2026:01:49:54 +0300] "HEAD / HTTP/1.1" 200 0 "-" "jetmon/1.0 (Jetpack Site Uptime Monitor by WordPress.com)"
45.32.132.233 - - [08/Feb/2026:01:51:21 +0300] "HEAD / HTTP/2" 200 0 "-" "Mozilla/5.0 (compatible; monitoring360bot/1.1; +https://app.360monitoring.com/bot.html)"
45.32.132.233 - - [08/Feb/2026:01:54:23 +0300] "HEAD / HTTP/2" 200 0 "-" "Mozilla/5.0 (compatible; monitoring360bot/1.1; +https://app.360monitoring.com/bot.html)"
45.32.132.233 - - [08/Feb/2026:01:55:23 +0300] "HEAD / HTTP/2" 200 0 "-" "Mozilla/5.0 (compatible; monitoring360bot/1.1; +https://app.360monitoring.com/bot.html)"
43.153.48.240 - - [08/Feb/2026:01:58:20 +0300] "GET /public/images/bulasik-makinesi-tamirinde-usta.webp HTTP/1.1" 200 97698 "-" "Mozilla/5.0 (iPhone; CPU iPhone OS 13_2_3 like Mac OS X) AppleWebKit/605.1.15 (KHTML, like Gecko) Version/13.0.3 Mobile/15E148 Safari/604.1"
45.32.132.233 - - [08/Feb/2026:01:58:25 +0300] "HEAD / HTTP/2" 200 0 "-" "Mozilla/5.0 (compatible; monitoring360bot/1.1; +https://app.360monitoring.com/bot.html)"
167.86.83.231 - - [08/Feb/2026:01:58:55 +0300] "GET /.well-known/ HTTP/1.1" 403 787 "binance.com" "Mozilla/5.0 (Windows NT 10.0; Win64; x64) AppleWebKit/537.36 (KHTML, like Gecko) Chrome/90.0.4430.85 Safari/537.36"
45.32.132.233 - - [08/Feb/2026:01:59:25 +0300] "HEAD / HTTP/2" 200 0 "-" "Mozilla/5.0 (compatible; monitoring360bot/1.1; +https://app.360monitoring.com/bot.html)"
45.32.132.233 - - [08/Feb/2026:02:02:26 +0300] "HEAD / HTTP/2" 200 0 "-" "Mozilla/5.0 (compatible; monitoring360bot/1.1; +https://app.360monitoring.com/bot.html)"
216.73.216.216 - - [08/Feb/2026:02:03:32 +0300] "GET /robots.txt HTTP/2" 404 7963 "-" "Mozilla/5.0 AppleWebKit/537.36 (KHTML, like Gecko; compatible; ClaudeBot/1.0; +claudebot@anthropic.com)"
216.73.216.216 - - [08/Feb/2026:02:03:33 +0300] "GET /vestel/pursaklar-vestel-servisi HTTP/2" 404 7844 "-" "Mozilla/5.0 AppleWebKit/537.36 (KHTML, like Gecko; compatible; ClaudeBot/1.0; +claudebot@anthropic.com)"
45.32.132.233 - - [08/Feb/2026:02:03:36 +0300] "HEAD / HTTP/2" 200 0 "-" "Mozilla/5.0 (compatible; monitoring360bot/1.1; +https://app.360monitoring.com/bot.html)"
192.0.102.222 - - [08/Feb/2026:02:04:53 +0300] "HEAD / HTTP/1.1" 200 0 "-" "jetmon/1.0 (Jetpack Site Uptime Monitor by WordPress.com)"
89.163.146.197 - - [08/Feb/2026:02:05:26 +0300] "GET /wp-content/txets.php HTTP/1.1" 404 9235 "www.google.com" "Mozlila/5.0 (Linux; Android 7.0; SM-G892A Bulid/NRD90M; wv) AppleWebKit/537.36 (KHTML, like Gecko) Version/4.0 Chrome/60.0.3112.107 Moblie Safari/537.36"
45.32.132.233 - - [08/Feb/2026:02:07:38 +0300] "HEAD / HTTP/2" 200 0 "-" "Mozilla/5.0 (compatible; monitoring360bot/1.1; +https://app.360monitoring.com/bot.html)"
45.32.132.233 - - [08/Feb/2026:02:04:37 +0300] "HEAD / HTTP/2" 200 0 "-" "Mozilla/5.0 (compatible; monitoring360bot/1.1; +https://app.360monitoring.com/bot.html)"
89.163.146.197 - - [08/Feb/2026:02:05:22 +0300] "GET /txets.php HTTP/1.1" 404 9229 "www.google.com" "Mozlila/5.0 (Linux; Android 7.0; SM-G892A Bulid/NRD90M; wv) AppleWebKit/537.36 (KHTML, like Gecko) Version/4.0 Chrome/60.0.3112.107 Moblie Safari/537.36"
89.163.146.197 - - [08/Feb/2026:02:05:36 +0300] "GET /wp-content/txets.php HTTP/1.1" 404 9235 "www.google.com" "Mozlila/5.0 (Linux; Android 7.0; SM-G892A Bulid/NRD90M; wv) AppleWebKit/537.36 (KHTML, like Gecko) Version/4.0 Chrome/60.0.3112.107 Moblie Safari/537.36"
45.32.132.233 - - [08/Feb/2026:02:05:37 +0300] "HEAD / HTTP/2" 200 0 "-" "Mozilla/5.0 (compatible; monitoring360bot/1.1; +https://app.360monitoring.com/bot.html)"
45.32.132.233 - - [08/Feb/2026:02:06:38 +0300] "HEAD / HTTP/2" 200 0 "-" "Mozilla/5.0 (compatible; monitoring360bot/1.1; +https://app.360monitoring.com/bot.html)"
45.32.132.233 - - [08/Feb/2026:02:08:39 +0300] "HEAD / HTTP/2" 200 0 "-" "Mozilla/5.0 (compatible; monitoring360bot/1.1; +https://app.360monitoring.com/bot.html)"
45.32.132.233 - - [08/Feb/2026:02:09:39 +0300] "HEAD / HTTP/2" 200 0 "-" "Mozilla/5.0 (compatible; monitoring360bot/1.1; +https://app.360monitoring.com/bot.html)"
192.0.102.222 - - [08/Feb/2026:02:09:54 +0300] "HEAD / HTTP/1.1" 200 0 "-" "jetmon/1.0 (Jetpack Site Uptime Monitor by WordPress.com)"
45.32.132.233 - - [08/Feb/2026:02:10:40 +0300] "HEAD / HTTP/2" 200 0 "-" "Mozilla/5.0 (compatible; monitoring360bot/1.1; +https://app.360monitoring.com/bot.html)"
45.32.132.233 - - [08/Feb/2026:02:12:40 +0300] "HEAD / HTTP/2" 200 0 "-" "Mozilla/5.0 (compatible; monitoring360bot/1.1; +https://app.360monitoring.com/bot.html)"
45.32.132.233 - - [08/Feb/2026:02:13:41 +0300] "HEAD / HTTP/2" 200 0 "-" "Mozilla/5.0 (compatible; monitoring360bot/1.1; +https://app.360monitoring.com/bot.html)"
45.32.132.233 - - [08/Feb/2026:02:14:41 +0300] "HEAD / HTTP/2" 200 0 "-" "Mozilla/5.0 (compatible; monitoring360bot/1.1; +https://app.360monitoring.com/bot.html)"
192.0.102.222 - - [08/Feb/2026:02:14:54 +0300] "HEAD / HTTP/1.1" 200 0 "-" "jetmon/1.0 (Jetpack Site Uptime Monitor by WordPress.com)"
45.32.132.233 - - [08/Feb/2026:02:16:42 +0300] "HEAD / HTTP/2" 200 0 "-" "Mozilla/5.0 (compatible; monitoring360bot/1.1; +https://app.360monitoring.com/bot.html)"
45.32.132.233 - - [08/Feb/2026:02:17:43 +0300] "HEAD / HTTP/2" 200 0 "-" "Mozilla/5.0 (compatible; monitoring360bot/1.1; +https://app.360monitoring.com/bot.html)"
45.32.132.233 - - [08/Feb/2026:02:11:40 +0300] "HEAD / HTTP/2" 200 0 "-" "Mozilla/5.0 (compatible; monitoring360bot/1.1; +https://app.360monitoring.com/bot.html)"
45.32.132.233 - - [08/Feb/2026:02:15:42 +0300] "HEAD / HTTP/2" 200 0 "-" "Mozilla/5.0 (compatible; monitoring360bot/1.1; +https://app.360monitoring.com/bot.html)"
170.106.113.159 - - [08/Feb/2026:02:18:18 +0300] "GET /hizmetler/televizyon-servisi HTTP/1.1" 200 12434 "-" "Mozilla/5.0 (iPhone; CPU iPhone OS 13_2_3 like Mac OS X) AppleWebKit/605.1.15 (KHTML, like Gecko) Version/13.0.3 Mobile/15E148 Safari/604.1"
45.32.132.233 - - [08/Feb/2026:02:18:44 +0300] "HEAD / HTTP/2" 200 0 "-" "Mozilla/5.0 (compatible; monitoring360bot/1.1; +https://app.360monitoring.com/bot.html)"
45.32.132.233 - - [08/Feb/2026:02:19:45 +0300] "HEAD / HTTP/2" 200 0 "-" "Mozilla/5.0 (compatible; monitoring360bot/1.1; +https://app.360monitoring.com/bot.html)"
45.32.132.233 - - [08/Feb/2026:02:20:45 +0300] "HEAD / HTTP/2" 200 0 "-" "Mozilla/5.0 (compatible; monitoring360bot/1.1; +https://app.360monitoring.com/bot.html)"
45.32.132.233 - - [08/Feb/2026:02:21:46 +0300] "HEAD / HTTP/2" 200 0 "-" "Mozilla/5.0 (compatible; monitoring360bot/1.1; +https://app.360monitoring.com/bot.html)"
45.32.132.233 - - [08/Feb/2026:02:23:47 +0300] "HEAD / HTTP/2" 200 0 "-" "Mozilla/5.0 (compatible; monitoring360bot/1.1; +https://app.360monitoring.com/bot.html)"
45.32.132.233 - - [08/Feb/2026:02:28:49 +0300] "HEAD / HTTP/2" 200 0 "-" "Mozilla/5.0 (compatible; monitoring360bot/1.1; +https://app.360monitoring.com/bot.html)"
45.32.132.233 - - [08/Feb/2026:02:29:50 +0300] "HEAD / HTTP/2" 200 0 "-" "Mozilla/5.0 (compatible; monitoring360bot/1.1; +https://app.360monitoring.com/bot.html)"
45.32.132.233 - - [08/Feb/2026:02:31:51 +0300] "HEAD / HTTP/2" 200 0 "-" "Mozilla/5.0 (compatible; monitoring360bot/1.1; +https://app.360monitoring.com/bot.html)"
45.32.132.233 - - [08/Feb/2026:02:32:51 +0300] "HEAD / HTTP/2" 200 0 "-" "Mozilla/5.0 (compatible; monitoring360bot/1.1; +https://app.360monitoring.com/bot.html)"
5.195.173.136 - - [08/Feb/2026:02:33:16 +0300] "GET /hizmetler HTTP/2" 200 11612 "https://www.google.com/" "Mozilla/5.0 (Linux; Android 10; K) AppleWebKit/537.36 (KHTML, like Gecko) SamsungBrowser/29.0 Chrome/136.0.0.0 Mobile Safari/537.36"
5.195.173.136 - - [08/Feb/2026:02:33:17 +0300] "GET /hizmetler HTTP/2" 200 11483 "https://www.google.com/" "Mozilla/5.0 (iPhone; CPU iPhone OS 18_7 like Mac OS X) AppleWebKit/605.1.15 (KHTML, like Gecko) Version/26.2 Mobile/15E148 Safari/604.1"
5.195.173.136 - - [08/Feb/2026:02:33:17 +0300] "GET /public/css/style.css HTTP/2" 200 3164 "https://ankaservis.com/hizmetler" "Mozilla/5.0 (Linux; Android 10; K) AppleWebKit/537.36 (KHTML, like Gecko) SamsungBrowser/29.0 Chrome/136.0.0.0 Mobile Safari/537.36"
5.195.173.136 - - [08/Feb/2026:02:33:17 +0300] "GET /public/images/anka-logo.png HTTP/2" 200 10435 "https://ankaservis.com/hizmetler" "Mozilla/5.0 (Linux; Android 10; K) AppleWebKit/537.36 (KHTML, like Gecko) SamsungBrowser/29.0 Chrome/136.0.0.0 Mobile Safari/537.36"
5.195.173.136 - - [08/Feb/2026:02:33:17 +0300] "GET /public/images/buzdolabi-tamirat-ve-gulumseme.webp HTTP/2" 200 212730 "https://ankaservis.com/hizmetler" "Mozilla/5.0 (Linux; Android 10; K) AppleWebKit/537.36 (KHTML, like Gecko) SamsungBrowser/29.0 Chrome/136.0.0.0 Mobile Safari/537.36"
5.195.173.136 - - [08/Feb/2026:02:33:17 +0300] "GET /public/css/style.css HTTP/2" 200 3164 "https://ankaservis.com/hizmetler" "Mozilla/5.0 (iPhone; CPU iPhone OS 18_7 like Mac OS X) AppleWebKit/605.1.15 (KHTML, like Gecko) Version/26.2 Mobile/15E148 Safari/604.1"
5.195.173.136 - - [08/Feb/2026:02:33:17 +0300] "GET /public/images/anka-logo.png HTTP/2" 200 10435 "https://ankaservis.com/hizmetler" "Mozilla/5.0 (iPhone; CPU iPhone OS 18_7 like Mac OS X) AppleWebKit/605.1.15 (KHTML, like Gecko) Version/26.2 Mobile/15E148 Safari/604.1"
5.195.173.136 - - [08/Feb/2026:02:33:17 +0300] "GET /public/images/buzdolabi-tamirat-ve-gulumseme.webp HTTP/2" 200 212730 "https://ankaservis.com/hizmetler" "Mozilla/5.0 (iPhone; CPU iPhone OS 18_7 like Mac OS X) AppleWebKit/605.1.15 (KHTML, like Gecko) Version/26.2 Mobile/15E148 Safari/604.1"
5.195.173.136 - - [08/Feb/2026:02:33:18 +0300] "GET /public/images/camasir-makinesi-tamiriyle-ilgili-calisma.webp HTTP/2" 200 160202 "https://ankaservis.com/hizmetler" "Mozilla/5.0 (Linux; Android 10; K) AppleWebKit/537.36 (KHTML, like Gecko) SamsungBrowser/29.0 Chrome/136.0.0.0 Mobile Safari/537.36"
5.195.173.136 - - [08/Feb/2026:02:33:18 +0300] "GET /public/images/bulasik-makinesi-tamirinde-usta.webp HTTP/2" 200 160858 "https://ankaservis.com/hizmetler" "Mozilla/5.0 (Linux; Android 10; K) AppleWebKit/537.36 (KHTML, like Gecko) SamsungBrowser/29.0 Chrome/136.0.0.0 Mobile Safari/537.36"
192.0.102.222 - - [08/Feb/2026:02:19:54 +0300] "HEAD / HTTP/1.1" 200 0 "-" "jetmon/1.0 (Jetpack Site Uptime Monitor by WordPress.com)"
45.32.132.233 - - [08/Feb/2026:02:22:46 +0300] "HEAD / HTTP/2" 200 0 "-" "Mozilla/5.0 (compatible; monitoring360bot/1.1; +https://app.360monitoring.com/bot.html)"
45.32.132.233 - - [08/Feb/2026:02:24:47 +0300] "HEAD / HTTP/2" 200 0 "-" "Mozilla/5.0 (compatible; monitoring360bot/1.1; +https://app.360monitoring.com/bot.html)"
192.0.102.222 - - [08/Feb/2026:02:24:54 +0300] "HEAD / HTTP/1.1" 200 0 "-" "jetmon/1.0 (Jetpack Site Uptime Monitor by WordPress.com)"
45.32.132.233 - - [08/Feb/2026:02:25:48 +0300] "HEAD / HTTP/2" 200 0 "-" "Mozilla/5.0 (compatible; monitoring360bot/1.1; +https://app.360monitoring.com/bot.html)"
45.32.132.233 - - [08/Feb/2026:02:26:48 +0300] "HEAD / HTTP/2" 200 0 "-" "Mozilla/5.0 (compatible; monitoring360bot/1.1; +https://app.360monitoring.com/bot.html)"
45.32.132.233 - - [08/Feb/2026:02:27:49 +0300] "HEAD / HTTP/2" 200 0 "-" "Mozilla/5.0 (compatible; monitoring360bot/1.1; +https://app.360monitoring.com/bot.html)"
170.106.147.63 - - [08/Feb/2026:02:28:12 +0300] "GET /hizmetler/camasir-makinesi-servisi HTTP/1.1" 200 12574 "-" "Mozilla/5.0 (iPhone; CPU iPhone OS 13_2_3 like Mac OS X) AppleWebKit/605.1.15 (KHTML, like Gecko) Version/13.0.3 Mobile/15E148 Safari/604.1"
192.0.102.222 - - [08/Feb/2026:02:29:55 +0300] "HEAD / HTTP/1.1" 200 0 "-" "jetmon/1.0 (Jetpack Site Uptime Monitor by WordPress.com)"
45.32.132.233 - - [08/Feb/2026:02:30:50 +0300] "HEAD / HTTP/2" 200 0 "-" "Mozilla/5.0 (compatible; monitoring360bot/1.1; +https://app.360monitoring.com/bot.html)"
45.32.132.233 - - [08/Feb/2026:02:33:52 +0300] "HEAD / HTTP/2" 200 0 "-" "Mozilla/5.0 (compatible; monitoring360bot/1.1; +https://app.360monitoring.com/bot.html)"
45.32.132.233 - - [08/Feb/2026:02:34:53 +0300] "HEAD / HTTP/2" 200 0 "-" "Mozilla/5.0 (compatible; monitoring360bot/1.1; +https://app.360monitoring.com/bot.html)"
192.0.102.222 - - [08/Feb/2026:02:34:54 +0300] "HEAD / HTTP/1.1" 200 0 "-" "jetmon/1.0 (Jetpack Site Uptime Monitor by WordPress.com)"
5.195.173.136 - - [08/Feb/2026:02:33:18 +0300] "GET /public/images/camasir-makinesi-tamiriyle-ilgili-calisma.webp HTTP/2" 200 160202 "https://ankaservis.com/hizmetler" "Mozilla/5.0 (iPhone; CPU iPhone OS 18_7 like Mac OS X) AppleWebKit/605.1.15 (KHTML, like Gecko) Version/26.2 Mobile/15E148 Safari/604.1"
5.195.173.136 - - [08/Feb/2026:02:33:18 +0300] "GET /public/images/bulasik-makinesi-tamirinde-usta.webp HTTP/2" 200 160858 "https://ankaservis.com/hizmetler" "Mozilla/5.0 (iPhone; CPU iPhone OS 18_7 like Mac OS X) AppleWebKit/605.1.15 (KHTML, like Gecko) Version/26.2 Mobile/15E148 Safari/604.1"
5.195.173.136 - - [08/Feb/2026:02:33:18 +0300] "GET /public/images/mutfakta-profesyonel-servis-gorusmesi.webp HTTP/2" 200 202962 "https://ankaservis.com/hizmetler" "Mozilla/5.0 (Linux; Android 10; K) AppleWebKit/537.36 (KHTML, like Gecko) SamsungBrowser/29.0 Chrome/136.0.0.0 Mobile Safari/537.36"
5.195.173.136 - - [08/Feb/2026:02:33:18 +0300] "GET /public/js/main.js HTTP/2" 200 1184 "https://ankaservis.com/hizmetler" "Mozilla/5.0 (Linux; Android 10; K) AppleWebKit/537.36 (KHTML, like Gecko) SamsungBrowser/29.0 Chrome/136.0.0.0 Mobile Safari/537.36"
5.195.173.136 - - [08/Feb/2026:02:33:18 +0300] "GET /public/images/mutfakta-profesyonel-servis-gorusmesi.webp HTTP/2" 200 202962 "https://ankaservis.com/hizmetler" "Mozilla/5.0 (iPhone; CPU iPhone OS 18_7 like Mac OS X) AppleWebKit/605.1.15 (KHTML, like Gecko) Version/26.2 Mobile/15E148 Safari/604.1"
5.195.173.136 - - [08/Feb/2026:02:33:18 +0300] "GET /public/js/main.js HTTP/2" 200 1184 "https://ankaservis.com/hizmetler" "Mozilla/5.0 (iPhone; CPU iPhone OS 18_7 like Mac OS X) AppleWebKit/605.1.15 (KHTML, like Gecko) Version/26.2 Mobile/15E148 Safari/604.1"
5.195.173.136 - - [08/Feb/2026:02:33:18 +0300] "GET /public/images/kombi-service.webp HTTP/2" 200 71034 "https://ankaservis.com/hizmetler" "Mozilla/5.0 (Linux; Android 10; K) AppleWebKit/537.36 (KHTML, like Gecko) SamsungBrowser/29.0 Chrome/136.0.0.0 Mobile Safari/537.36"
5.195.173.136 - - [08/Feb/2026:02:33:19 +0300] "GET /public/images/tv-service.webp HTTP/2" 200 95662 "https://ankaservis.com/hizmetler" "Mozilla/5.0 (Linux; Android 10; K) AppleWebKit/537.36 (KHTML, like Gecko) SamsungBrowser/29.0 Chrome/136.0.0.0 Mobile Safari/537.36"
5.195.173.136 - - [08/Feb/2026:02:33:19 +0300] "GET /public/images/kombi-service.webp HTTP/2" 200 71034 "https://ankaservis.com/hizmetler" "Mozilla/5.0 (iPhone; CPU iPhone OS 18_7 like Mac OS X) AppleWebKit/605.1.15 (KHTML, like Gecko) Version/26.2 Mobile/15E148 Safari/604.1"
5.195.173.136 - - [08/Feb/2026:02:33:19 +0300] "GET /public/images/tv-service.webp HTTP/2" 200 95662 "https://ankaservis.com/hizmetler" "Mozilla/5.0 (iPhone; CPU iPhone OS 18_7 like Mac OS X) AppleWebKit/605.1.15 (KHTML, like Gecko) Version/26.2 Mobile/15E148 Safari/604.1"
5.195.173.136 - - [08/Feb/2026:02:33:24 +0300] "GET /public/images/favicon.ico HTTP/2" 404 796 "https://ankaservis.com/hizmetler" "Mozilla/5.0 (Linux; Android 10; K) AppleWebKit/537.36 (KHTML, like Gecko) SamsungBrowser/29.0 Chrome/136.0.0.0 Mobile Safari/537.36"
5.195.173.136 - - [08/Feb/2026:02:33:24 +0300] "GET /public/images/favicon.ico HTTP/2" 404 796 "https://ankaservis.com/hizmetler" "Mozilla/5.0 (iPhone; CPU iPhone OS 18_7 like Mac OS X) AppleWebKit/605.1.15 (KHTML, like Gecko) Version/26.2 Mobile/15E148 Safari/604.1"
45.32.132.233 - - [08/Feb/2026:02:35:53 +0300] "HEAD / HTTP/2" 200 0 "-" "Mozilla/5.0 (compatible; monitoring360bot/1.1; +https://app.360monitoring.com/bot.html)"
45.32.132.233 - - [08/Feb/2026:02:36:54 +0300] "HEAD / HTTP/2" 200 0 "-" "Mozilla/5.0 (compatible; monitoring360bot/1.1; +https://app.360monitoring.com/bot.html)"
170.199.228.149 - - [08/Feb/2026:02:39:39 +0300] "GET / HTTP/1.1" 200 15680 "-" "Mozilla/5.0 (Windows NT 10.0; Win64; x64; Xbox; Xbox One) AppleWebKit/537.36 (KHTML, like Gecko) Chrome/114.0.0.0 Safari/537.36 Edge/44.18363.8131"
170.199.228.149 - - [08/Feb/2026:02:39:41 +0300] "GET /iletisim/servis-formu HTTP/1.1" 200 9023 "https://www.ankaservis.com/" "Mozilla/5.0 (Windows NT 10.0; Win64; x64; Xbox; Xbox One) AppleWebKit/537.36 (KHTML, like Gecko) Chrome/114.0.0.0 Safari/537.36 Edge/44.18363.8131"
170.199.228.149 - - [08/Feb/2026:02:39:46 +0300] "GET /iletisim/servis-formu HTTP/1.1" 200 9621 "https://www.ankaservis.com/iletisim/servis-formu/gonder" "Mozilla/5.0 (Windows NT 10.0; Win64; x64; Xbox; Xbox One) AppleWebKit/537.36 (KHTML, like Gecko) Chrome/114.0.0.0 Safari/537.36 Edge/44.18363.8131"
45.32.132.233 - - [08/Feb/2026:02:40:56 +0300] "HEAD / HTTP/2" 200 0 "-" "Mozilla/5.0 (compatible; monitoring360bot/1.1; +https://app.360monitoring.com/bot.html)"
45.32.132.233 - - [08/Feb/2026:02:41:56 +0300] "HEAD / HTTP/2" 200 0 "-" "Mozilla/5.0 (compatible; monitoring360bot/1.1; +https://app.360monitoring.com/bot.html)"
192.0.102.222 - - [08/Feb/2026:02:44:54 +0300] "HEAD / HTTP/1.1" 200 0 "-" "jetmon/1.0 (Jetpack Site Uptime Monitor by WordPress.com)"
45.32.132.233 - - [08/Feb/2026:02:37:54 +0300] "HEAD / HTTP/2" 200 0 "-" "Mozilla/5.0 (compatible; monitoring360bot/1.1; +https://app.360monitoring.com/bot.html)"
45.32.132.233 - - [08/Feb/2026:02:38:55 +0300] "HEAD / HTTP/2" 200 0 "-" "Mozilla/5.0 (compatible; monitoring360bot/1.1; +https://app.360monitoring.com/bot.html)"
170.199.228.149 - - [08/Feb/2026:02:39:40 +0300] "GET /hakkimizda HTTP/1.1" 200 13628 "https://www.ankaservis.com/" "Mozilla/5.0 (Windows NT 10.0; Win64; x64; Xbox; Xbox One) AppleWebKit/537.36 (KHTML, like Gecko) Chrome/114.0.0.0 Safari/537.36 Edge/44.18363.8131"
170.199.228.149 - - [08/Feb/2026:02:39:42 +0300] "GET /iletisim HTTP/1.1" 200 9054 "https://www.ankaservis.com/" "Mozilla/5.0 (Windows NT 10.0; Win64; x64; Xbox; Xbox One) AppleWebKit/537.36 (KHTML, like Gecko) Chrome/114.0.0.0 Safari/537.36 Edge/44.18363.8131"
170.199.228.149 - - [08/Feb/2026:02:39:45 +0300] "POST /iletisim/servis-formu/gonder HTTP/1.1" 302 0 "https://www.ankaservis.com/iletisim/servis-formu" "Mozilla/5.0 (Windows NT 10.0; Win64; x64; Xbox; Xbox One) AppleWebKit/537.36 (KHTML, like Gecko) Chrome/114.0.0.0 Safari/537.36 Edge/44.18363.8131"
192.0.102.222 - - [08/Feb/2026:02:39:54 +0300] "HEAD / HTTP/1.1" 200 0 "-" "jetmon/1.0 (Jetpack Site Uptime Monitor by WordPress.com)"
45.32.132.233 - - [08/Feb/2026:02:39:55 +0300] "HEAD / HTTP/2" 200 0 "-" "Mozilla/5.0 (compatible; monitoring360bot/1.1; +https://app.360monitoring.com/bot.html)"
45.32.132.233 - - [08/Feb/2026:02:42:57 +0300] "HEAD / HTTP/2" 200 0 "-" "Mozilla/5.0 (compatible; monitoring360bot/1.1; +https://app.360monitoring.com/bot.html)"
45.32.132.233 - - [08/Feb/2026:02:43:57 +0300] "HEAD / HTTP/2" 200 0 "-" "Mozilla/5.0 (compatible; monitoring360bot/1.1; +https://app.360monitoring.com/bot.html)"
45.32.132.233 - - [08/Feb/2026:02:44:58 +0300] "HEAD / HTTP/2" 200 0 "-" "Mozilla/5.0 (compatible; monitoring360bot/1.1; +https://app.360monitoring.com/bot.html)"
43.153.35.128 - - [08/Feb/2026:02:45:29 +0300] "GET /gizlilik-politikasi HTTP/1.1" 200 10690 "-" "Mozilla/5.0 (iPhone; CPU iPhone OS 13_2_3 like Mac OS X) AppleWebKit/605.1.15 (KHTML, like Gecko) Version/13.0.3 Mobile/15E148 Safari/604.1"
45.32.132.233 - - [08/Feb/2026:02:45:58 +0300] "HEAD / HTTP/2" 200 0 "-" "Mozilla/5.0 (compatible; monitoring360bot/1.1; +https://app.360monitoring.com/bot.html)"
178.244.119.65 - - [08/Feb/2026:02:47:41 +0300] "GET /public/images/anka-logo.png HTTP/1.1" 200 10435 "https://ankaservis.com/?gad_source=5&gad_campaignid=23322529905&gclid=Cj0KCQiA4pvMBhDYARIsAGfgwvx4_Uykkn__TLWuagg7srLGk_MkZGfJw9ZnGxQKFduqlKY9rqEWttQaAjhLEALw_wcB" "Mozilla/5.0 (Linux; Android 12; 22041219C Build/SP1A.210812.016) AppleWebKit/537.36 (KHTML, like Gecko) Version/4.0 Chrome/123.0.6312.118 Mobile Safari/537.36 GameBrowser/1.2.0.28"
178.244.119.65 - - [08/Feb/2026:02:47:41 +0300] "GET /public/js/main.js HTTP/1.1" 200 1184 "https://ankaservis.com/?gad_source=5&gad_campaignid=23322529905&gclid=Cj0KCQiA4pvMBhDYARIsAGfgwvx4_Uykkn__TLWuagg7srLGk_MkZGfJw9ZnGxQKFduqlKY9rqEWttQaAjhLEALw_wcB" "Mozilla/5.0 (Linux; Android 12; 22041219C Build/SP1A.210812.016) AppleWebKit/537.36 (KHTML, like Gecko) Version/4.0 Chrome/123.0.6312.118 Mobile Safari/537.36 GameBrowser/1.2.0.28"
178.244.119.65 - - [08/Feb/2026:02:47:41 +0300] "GET /public/images/ekibimiz.webp HTTP/1.1" 200 220906 "https://ankaservis.com/?gad_source=5&gad_campaignid=23322529905&gclid=Cj0KCQiA4pvMBhDYARIsAGfgwvx4_Uykkn__TLWuagg7srLGk_MkZGfJw9ZnGxQKFduqlKY9rqEWttQaAjhLEALw_wcB" "Mozilla/5.0 (Linux; Android 12; 22041219C Build/SP1A.210812.016) AppleWebKit/537.36 (KHTML, like Gecko) Version/4.0 Chrome/123.0.6312.118 Mobile Safari/537.36 GameBrowser/1.2.0.28"
178.244.119.65 - - [08/Feb/2026:02:47:42 +0300] "GET /public/images/buzdolabi-tamirat-ve-gulumseme.webp HTTP/1.1" 200 212730 "https://ankaservis.com/?gad_source=5&gad_campaignid=23322529905&gclid=Cj0KCQiA4pvMBhDYARIsAGfgwvx4_Uykkn__TLWuagg7srLGk_MkZGfJw9ZnGxQKFduqlKY9rqEWttQaAjhLEALw_wcB" "Mozilla/5.0 (Linux; Android 12; 22041219C Build/SP1A.210812.016) AppleWebKit/537.36 (KHTML, like Gecko) Version/4.0 Chrome/123.0.6312.118 Mobile Safari/537.36 GameBrowser/1.2.0.28"
178.244.119.65 - - [08/Feb/2026:02:47:42 +0300] "GET /public/images/camasir-makinesi-tamiriyle-ilgili-calisma.webp HTTP/1.1" 200 160202 "https://ankaservis.com/?gad_source=5&gad_campaignid=23322529905&gclid=Cj0KCQiA4pvMBhDYARIsAGfgwvx4_Uykkn__TLWuagg7srLGk_MkZGfJw9ZnGxQKFduqlKY9rqEWttQaAjhLEALw_wcB" "Mozilla/5.0 (Linux; Android 12; 22041219C Build/SP1A.210812.016) AppleWebKit/537.36 (KHTML, like Gecko) Version/4.0 Chrome/123.0.6312.118 Mobile Safari/537.36 GameBrowser/1.2.0.28"
178.244.119.65 - - [08/Feb/2026:02:47:45 +0300] "GET /public/images/favicon.ico HTTP/1.1" 404 796 "https://ankaservis.com/?gad_source=5&gad_campaignid=23322529905&gclid=Cj0KCQiA4pvMBhDYARIsAGfgwvx4_Uykkn__TLWuagg7srLGk_MkZGfJw9ZnGxQKFduqlKY9rqEWttQaAjhLEALw_wcB" "Mozilla/5.0 (Linux; Android 12; 22041219C Build/SP1A.210812.016) AppleWebKit/537.36 (KHTML, like Gecko) Version/4.0 Chrome/123.0.6312.118 Mobile Safari/537.36 GameBrowser/1.2.0.28"
45.32.132.233 - - [08/Feb/2026:02:47:59 +0300] "HEAD / HTTP/2" 200 0 "-" "Mozilla/5.0 (compatible; monitoring360bot/1.1; +https://app.360monitoring.com/bot.html)"
45.32.132.233 - - [08/Feb/2026:02:46:59 +0300] "HEAD / HTTP/2" 200 0 "-" "Mozilla/5.0 (compatible; monitoring360bot/1.1; +https://app.360monitoring.com/bot.html)"
178.244.119.65 - - [08/Feb/2026:02:47:40 +0300] "GET /?gad_source=5&gad_campaignid=23322529905&gclid=Cj0KCQiA4pvMBhDYARIsAGfgwvx4_Uykkn__TLWuagg7srLGk_MkZGfJw9ZnGxQKFduqlKY9rqEWttQaAjhLEALw_wcB HTTP/2" 200 15773 "https://googleads.g.doubleclick.net/" "Mozilla/5.0 (Linux; Android 12; 22041219C Build/SP1A.210812.016) AppleWebKit/537.36 (KHTML, like Gecko) Version/4.0 Chrome/123.0.6312.118 Mobile Safari/537.36 GameBrowser/1.2.0.28"
178.244.119.65 - - [08/Feb/2026:02:47:40 +0300] "GET /public/css/style.css HTTP/2" 200 3164 "https://ankaservis.com/?gad_source=5&gad_campaignid=23322529905&gclid=Cj0KCQiA4pvMBhDYARIsAGfgwvx4_Uykkn__TLWuagg7srLGk_MkZGfJw9ZnGxQKFduqlKY9rqEWttQaAjhLEALw_wcB" "Mozilla/5.0 (Linux; Android 12; 22041219C Build/SP1A.210812.016) AppleWebKit/537.36 (KHTML, like Gecko) Version/4.0 Chrome/123.0.6312.118 Mobile Safari/537.36 GameBrowser/1.2.0.28"
45.32.132.233 - - [08/Feb/2026:02:49:00 +0300] "HEAD / HTTP/2" 200 0 "-" "Mozilla/5.0 (compatible; monitoring360bot/1.1; +https://app.360monitoring.com/bot.html)"
178.244.119.65 - - [08/Feb/2026:02:49:37 +0300] "GET /public/images/bulasik-makinesi-tamirinde-usta.webp HTTP/1.1" 200 160858 "https://ankaservis.com/?gad_source=5&gad_campaignid=23322529905&gclid=Cj0KCQiA4pvMBhDYARIsAGfgwvx4_Uykkn__TLWuagg7srLGk_MkZGfJw9ZnGxQKFduqlKY9rqEWttQaAjhLEALw_wcB" "Mozilla/5.0 (Linux; Android 12; 22041219C Build/SP1A.210812.016) AppleWebKit/537.36 (KHTML, like Gecko) Version/4.0 Chrome/123.0.6312.118 Mobile Safari/537.36 GameBrowser/1.2.0.28"
192.0.102.222 - - [08/Feb/2026:02:49:54 +0300] "HEAD / HTTP/1.1" 200 0 "-" "jetmon/1.0 (Jetpack Site Uptime Monitor by WordPress.com)"
45.32.132.233 - - [08/Feb/2026:02:50:00 +0300] "HEAD / HTTP/2" 200 0 "-" "Mozilla/5.0 (compatible; monitoring360bot/1.1; +https://app.360monitoring.com/bot.html)"
45.32.132.233 - - [08/Feb/2026:02:51:01 +0300] "HEAD / HTTP/2" 200 0 "-" "Mozilla/5.0 (compatible; monitoring360bot/1.1; +https://app.360monitoring.com/bot.html)"
45.32.132.233 - - [08/Feb/2026:02:52:01 +0300] "HEAD / HTTP/2" 200 0 "-" "Mozilla/5.0 (compatible; monitoring360bot/1.1; +https://app.360monitoring.com/bot.html)"
45.32.132.233 - - [08/Feb/2026:02:53:02 +0300] "HEAD / HTTP/2" 200 0 "-" "Mozilla/5.0 (compatible; monitoring360bot/1.1; +https://app.360monitoring.com/bot.html)"
45.32.132.233 - - [08/Feb/2026:02:54:03 +0300] "HEAD / HTTP/2" 200 0 "-" "Mozilla/5.0 (compatible; monitoring360bot/1.1; +https://app.360monitoring.com/bot.html)"
192.0.102.222 - - [08/Feb/2026:02:54:55 +0300] "HEAD / HTTP/1.1" 200 0 "-" "jetmon/1.0 (Jetpack Site Uptime Monitor by WordPress.com)"
45.32.132.233 - - [08/Feb/2026:02:55:03 +0300] "HEAD / HTTP/2" 200 0 "-" "Mozilla/5.0 (compatible; monitoring360bot/1.1; +https://app.360monitoring.com/bot.html)"
45.32.132.233 - - [08/Feb/2026:02:56:04 +0300] "HEAD / HTTP/2" 200 0 "-" "Mozilla/5.0 (compatible; monitoring360bot/1.1; +https://app.360monitoring.com/bot.html)"
45.32.132.233 - - [08/Feb/2026:02:57:04 +0300] "HEAD / HTTP/2" 200 0 "-" "Mozilla/5.0 (compatible; monitoring360bot/1.1; +https://app.360monitoring.com/bot.html)"
45.32.132.233 - - [08/Feb/2026:03:00:11 +0300] "HEAD / HTTP/2" 200 0 "-" "Mozilla/5.0 (compatible; monitoring360bot/1.1; +https://app.360monitoring.com/bot.html)"
45.32.132.233 - - [08/Feb/2026:03:02:18 +0300] "HEAD / HTTP/2" 200 0 "-" "Mozilla/5.0 (compatible; monitoring360bot/1.1; +https://app.360monitoring.com/bot.html)"
45.32.132.233 - - [08/Feb/2026:03:05:02 +0300] "HEAD / HTTP/2" 200 0 "-" "Mozilla/5.0 (compatible; monitoring360bot/1.1; +https://app.360monitoring.com/bot.html)"
45.32.132.233 - - [08/Feb/2026:03:06:03 +0300] "HEAD / HTTP/2" 200 0 "-" "Mozilla/5.0 (compatible; monitoring360bot/1.1; +https://app.360monitoring.com/bot.html)"
45.32.132.233 - - [08/Feb/2026:03:08:04 +0300] "HEAD / HTTP/2" 200 0 "-" "Mozilla/5.0 (compatible; monitoring360bot/1.1; +https://app.360monitoring.com/bot.html)"
5.176.140.154 - - [08/Feb/2026:03:08:41 +0300] "GET /?gad_source=5&gad_campaignid=23322529905&gclid=EAIaIQobChMIgrHxls3IkgMVCKWDBx30FS_6EAEYASAAEgJ3v_D_BwE HTTP/2" 200 15726 "https://googleads.g.doubleclick.net/" "Mozilla/5.0 (Linux; Android 13; 2201117SG Build/TP1A.220624.014) AppleWebKit/537.36 (KHTML, like Gecko) Version/4.0 Chrome/144.0.7559.109 Mobile Safari/537.36 GameBrowser/3.9.0.1"
5.176.140.154 - - [08/Feb/2026:03:08:42 +0300] "GET /public/css/style.css HTTP/2" 200 3164 "https://ankaservis.com/?gad_source=5&gad_campaignid=23322529905&gclid=EAIaIQobChMIgrHxls3IkgMVCKWDBx30FS_6EAEYASAAEgJ3v_D_BwE" "Mozilla/5.0 (Linux; Android 13; 2201117SG Build/TP1A.220624.014) AppleWebKit/537.36 (KHTML, like Gecko) Version/4.0 Chrome/144.0.7559.109 Mobile Safari/537.36 GameBrowser/3.9.0.1"
5.176.140.154 - - [08/Feb/2026:03:08:42 +0300] "GET /public/images/anka-logo.png HTTP/2" 200 10435 "https://ankaservis.com/?gad_source=5&gad_campaignid=23322529905&gclid=EAIaIQobChMIgrHxls3IkgMVCKWDBx30FS_6EAEYASAAEgJ3v_D_BwE" "Mozilla/5.0 (Linux; Android 13; 2201117SG Build/TP1A.220624.014) AppleWebKit/537.36 (KHTML, like Gecko) Version/4.0 Chrome/144.0.7559.109 Mobile Safari/537.36 GameBrowser/3.9.0.1"
5.176.140.154 - - [08/Feb/2026:03:08:42 +0300] "GET /public/images/ekibimiz.webp HTTP/2" 200 220906 "https://ankaservis.com/?gad_source=5&gad_campaignid=23322529905&gclid=EAIaIQobChMIgrHxls3IkgMVCKWDBx30FS_6EAEYASAAEgJ3v_D_BwE" "Mozilla/5.0 (Linux; Android 13; 2201117SG Build/TP1A.220624.014) AppleWebKit/537.36 (KHTML, like Gecko) Version/4.0 Chrome/144.0.7559.109 Mobile Safari/537.36 GameBrowser/3.9.0.1"
5.176.140.154 - - [08/Feb/2026:03:08:42 +0300] "GET /public/js/main.js HTTP/2" 200 1184 "https://ankaservis.com/?gad_source=5&gad_campaignid=23322529905&gclid=EAIaIQobChMIgrHxls3IkgMVCKWDBx30FS_6EAEYASAAEgJ3v_D_BwE" "Mozilla/5.0 (Linux; Android 13; 2201117SG Build/TP1A.220624.014) AppleWebKit/537.36 (KHTML, like Gecko) Version/4.0 Chrome/144.0.7559.109 Mobile Safari/537.36 GameBrowser/3.9.0.1"
45.32.132.233 - - [08/Feb/2026:02:58:05 +0300] "HEAD / HTTP/2" 200 0 "-" "Mozilla/5.0 (compatible; monitoring360bot/1.1; +https://app.360monitoring.com/bot.html)"
45.32.132.233 - - [08/Feb/2026:02:59:05 +0300] "HEAD / HTTP/2" 200 0 "-" "Mozilla/5.0 (compatible; monitoring360bot/1.1; +https://app.360monitoring.com/bot.html)"
192.0.102.222 - - [08/Feb/2026:02:59:54 +0300] "HEAD / HTTP/1.1" 200 0 "-" "jetmon/1.0 (Jetpack Site Uptime Monitor by WordPress.com)"
104.210.140.138 - - [08/Feb/2026:03:00:22 +0300] "GET /robots.txt HTTP/2" 404 8025 "-" "Mozilla/5.0 (Macintosh; Intel Mac OS X 10_15_7) AppleWebKit/537.36 (KHTML, like Gecko) Chrome/131.0.0.0 Safari/537.36; compatible; OAI-SearchBot/1.0; +https://openai.com/searchbot"
104.210.140.143 - - [08/Feb/2026:03:00:23 +0300] "GET /robots.txt HTTP/2" 404 7900 "-" "Mozilla/5.0 (Macintosh; Intel Mac OS X 10_15_7) AppleWebKit/537.36 (KHTML, like Gecko) Chrome/131.0.0.0 Safari/537.36; compatible; OAI-SearchBot/1.0; +https://openai.com/searchbot"
45.32.132.233 - - [08/Feb/2026:03:04:02 +0300] "HEAD / HTTP/2" 200 0 "-" "Mozilla/5.0 (compatible; monitoring360bot/1.1; +https://app.360monitoring.com/bot.html)"
192.0.102.222 - - [08/Feb/2026:03:04:53 +0300] "HEAD / HTTP/1.1" 200 0 "-" "jetmon/1.0 (Jetpack Site Uptime Monitor by WordPress.com)"
45.32.132.233 - - [08/Feb/2026:03:07:03 +0300] "HEAD / HTTP/2" 200 0 "-" "Mozilla/5.0 (compatible; monitoring360bot/1.1; +https://app.360monitoring.com/bot.html)"
45.32.132.233 - - [08/Feb/2026:03:09:05 +0300] "HEAD / HTTP/2" 200 0 "-" "Mozilla/5.0 (compatible; monitoring360bot/1.1; +https://app.360monitoring.com/bot.html)"
5.176.140.154 - - [08/Feb/2026:03:08:43 +0300] "GET /public/images/buzdolabi-tamirat-ve-gulumseme.webp HTTP/1.1" 200 212730 "https://ankaservis.com/?gad_source=5&gad_campaignid=23322529905&gclid=EAIaIQobChMIgrHxls3IkgMVCKWDBx30FS_6EAEYASAAEgJ3v_D_BwE" "Mozilla/5.0 (Linux; Android 13; 2201117SG Build/TP1A.220624.014) AppleWebKit/537.36 (KHTML, like Gecko) Version/4.0 Chrome/144.0.7559.109 Mobile Safari/537.36 GameBrowser/3.9.0.1"
5.176.140.154 - - [08/Feb/2026:03:08:44 +0300] "GET /public/images/favicon.ico HTTP/1.1" 404 796 "https://ankaservis.com/?gad_source=5&gad_campaignid=23322529905&gclid=EAIaIQobChMIgrHxls3IkgMVCKWDBx30FS_6EAEYASAAEgJ3v_D_BwE" "Mozilla/5.0 (Linux; Android 13; 2201117SG Build/TP1A.220624.014) AppleWebKit/537.36 (KHTML, like Gecko) Version/4.0 Chrome/144.0.7559.109 Mobile Safari/537.36 GameBrowser/3.9.0.1"
43.132.214.228 - - [08/Feb/2026:03:09:19 +0300] "GET /hizmetler/firin-ocak-servisi HTTP/1.1" 200 12583 "-" "Mozilla/5.0 (iPhone; CPU iPhone OS 13_2_3 like Mac OS X) AppleWebKit/605.1.15 (KHTML, like Gecko) Version/13.0.3 Mobile/15E148 Safari/604.1"
78.165.137.91 - - [08/Feb/2026:03:09:27 +0300] "GET /?gad_source=1&gad_campaignid=23322530817&gclid=Cj0KCQiA4pvMBhDYARIsAGfgwvzm6BD_7Tt48bNwpa293UcGNsddTM59xhTCYPWnEyVNc8pyl_QVtcUaAuQMEALw_wcB HTTP/2" 200 15774 "android-app://com.google.android.googlequicksearchbox/" "Mozilla/5.0 (Linux; Android 10; K) AppleWebKit/537.36 (KHTML, like Gecko) Chrome/144.0.0.0 Mobile Safari/537.36"
78.165.137.91 - - [08/Feb/2026:03:09:27 +0300] "GET /public/css/style.css HTTP/2" 200 3164 "https://ankaservis.com/?gad_source=1&gad_campaignid=23322530817&gclid=Cj0KCQiA4pvMBhDYARIsAGfgwvzm6BD_7Tt48bNwpa293UcGNsddTM59xhTCYPWnEyVNc8pyl_QVtcUaAuQMEALw_wcB" "Mozilla/5.0 (Linux; Android 10; K) AppleWebKit/537.36 (KHTML, like Gecko) Chrome/144.0.0.0 Mobile Safari/537.36"
78.165.137.91 - - [08/Feb/2026:03:09:27 +0300] "GET /public/images/anka-logo.png HTTP/2" 200 10435 "https://ankaservis.com/?gad_source=1&gad_campaignid=23322530817&gclid=Cj0KCQiA4pvMBhDYARIsAGfgwvzm6BD_7Tt48bNwpa293UcGNsddTM59xhTCYPWnEyVNc8pyl_QVtcUaAuQMEALw_wcB" "Mozilla/5.0 (Linux; Android 10; K) AppleWebKit/537.36 (KHTML, like Gecko) Chrome/144.0.0.0 Mobile Safari/537.36"
78.165.137.91 - - [08/Feb/2026:03:09:27 +0300] "GET /public/images/ekibimiz.webp HTTP/2" 200 220906 "https://ankaservis.com/?gad_source=1&gad_campaignid=23322530817&gclid=Cj0KCQiA4pvMBhDYARIsAGfgwvzm6BD_7Tt48bNwpa293UcGNsddTM59xhTCYPWnEyVNc8pyl_QVtcUaAuQMEALw_wcB" "Mozilla/5.0 (Linux; Android 10; K) AppleWebKit/537.36 (KHTML, like Gecko) Chrome/144.0.0.0 Mobile Safari/537.36"
78.165.137.91 - - [08/Feb/2026:03:09:27 +0300] "GET /public/js/main.js HTTP/2" 200 1184 "https://ankaservis.com/?gad_source=1&gad_campaignid=23322530817&gclid=Cj0KCQiA4pvMBhDYARIsAGfgwvzm6BD_7Tt48bNwpa293UcGNsddTM59xhTCYPWnEyVNc8pyl_QVtcUaAuQMEALw_wcB" "Mozilla/5.0 (Linux; Android 10; K) AppleWebKit/537.36 (KHTML, like Gecko) Chrome/144.0.0.0 Mobile Safari/537.36"
78.165.137.91 - - [08/Feb/2026:03:09:29 +0300] "GET /public/images/favicon.ico HTTP/2" 404 796 "https://ankaservis.com/?gad_source=1&gad_campaignid=23322530817&gclid=Cj0KCQiA4pvMBhDYARIsAGfgwvzm6BD_7Tt48bNwpa293UcGNsddTM59xhTCYPWnEyVNc8pyl_QVtcUaAuQMEALw_wcB" "Mozilla/5.0 (Linux; Android 10; K) AppleWebKit/537.36 (KHTML, like Gecko) Chrome/144.0.0.0 Mobile Safari/537.36"
78.165.137.91 - - [08/Feb/2026:03:09:35 +0300] "GET /public/images/buzdolabi-tamirat-ve-gulumseme.webp HTTP/2" 200 212730 "https://ankaservis.com/?gad_source=1&gad_campaignid=23322530817&gclid=Cj0KCQiA4pvMBhDYARIsAGfgwvzm6BD_7Tt48bNwpa293UcGNsddTM59xhTCYPWnEyVNc8pyl_QVtcUaAuQMEALw_wcB" "Mozilla/5.0 (Linux; Android 10; K) AppleWebKit/537.36 (KHTML, like Gecko) Chrome/144.0.0.0 Mobile Safari/537.36"
78.165.137.91 - - [08/Feb/2026:03:09:37 +0300] "GET /public/images/camasir-makinesi-tamiriyle-ilgili-calisma.webp HTTP/2" 200 160202 "https://ankaservis.com/?gad_source=1&gad_campaignid=23322530817&gclid=Cj0KCQiA4pvMBhDYARIsAGfgwvzm6BD_7Tt48bNwpa293UcGNsddTM59xhTCYPWnEyVNc8pyl_QVtcUaAuQMEALw_wcB" "Mozilla/5.0 (Linux; Android 10; K) AppleWebKit/537.36 (KHTML, like Gecko) Chrome/144.0.0.0 Mobile Safari/537.36"
192.0.102.222 - - [08/Feb/2026:03:09:54 +0300] "HEAD / HTTP/1.1" 200 0 "-" "jetmon/1.0 (Jetpack Site Uptime Monitor by WordPress.com)"
45.32.132.233 - - [08/Feb/2026:03:10:05 +0300] "HEAD / HTTP/2" 200 0 "-" "Mozilla/5.0 (compatible; monitoring360bot/1.1; +https://app.360monitoring.com/bot.html)"
45.32.132.233 - - [08/Feb/2026:03:11:06 +0300] "HEAD / HTTP/2" 200 0 "-" "Mozilla/5.0 (compatible; monitoring360bot/1.1; +https://app.360monitoring.com/bot.html)"
47.128.46.223 - - [08/Feb/2026:03:11:27 +0300] "GET / HTTP/2" 200 15846 "-" "Mozilla/5.0 (Linux; Android 5.0) AppleWebKit/537.36 (KHTML, like Gecko) Mobile Safari/537.36 (compatible; Bytespider; spider-feedback@bytedance.com)"
47.128.46.223 - - [08/Feb/2026:03:11:28 +0300] "GET /public/css/style.css HTTP/2" 200 3164 "https://www.ankaservis.com/" "Mozilla/5.0 (Linux; Android 5.0) AppleWebKit/537.36 (KHTML, like Gecko) Mobile Safari/537.36 (compatible; Bytespider; spider-feedback@bytedance.com)"
47.128.46.223 - - [08/Feb/2026:03:11:28 +0300] "GET /public/images/anka-logo.png HTTP/2" 206 500 "https://www.ankaservis.com/" "Mozilla/5.0 (Linux; Android 5.0) AppleWebKit/537.36 (KHTML, like Gecko) Mobile Safari/537.36 (compatible; Bytespider; spider-feedback@bytedance.com)"
47.128.46.223 - - [08/Feb/2026:03:11:28 +0300] "GET /public/images/ekibimiz.webp HTTP/2" 206 500 "https://www.ankaservis.com/" "Mozilla/5.0 (Linux; Android 5.0) AppleWebKit/537.36 (KHTML, like Gecko) Mobile Safari/537.36 (compatible; Bytespider; spider-feedback@bytedance.com)"
77.67.216.210 - - [08/Feb/2026:03:11:50 +0300] "GET /?gad_source=5&gad_campaignid=23322529905&gclid=EAIaIQobChMI49PI7s3IkgMVN4v9Bx13xgLHEAEYASAAEgKcAfD_BwE HTTP/2" 200 15726 "https://googleads.g.doubleclick.net/" "Mozilla/5.0 (Linux; Android 11; Redmi Note 8 Pro Build/RP1A.200720.011; wv) AppleWebKit/537.36 (KHTML, like Gecko) Version/4.0 Chrome/144.0.7559.109 Mobile Safari/537.36"
77.67.216.210 - - [08/Feb/2026:03:11:50 +0300] "GET /public/css/style.css HTTP/2" 200 3164 "https://ankaservis.com/?gad_source=5&gad_campaignid=23322529905&gclid=EAIaIQobChMI49PI7s3IkgMVN4v9Bx13xgLHEAEYASAAEgKcAfD_BwE" "Mozilla/5.0 (Linux; Android 11; Redmi Note 8 Pro Build/RP1A.200720.011; wv) AppleWebKit/537.36 (KHTML, like Gecko) Version/4.0 Chrome/144.0.7559.109 Mobile Safari/537.36"
