216.73.216.216 - - [08/Feb/2026:09:22:54 +0300] "GET /public/images/uploads/img_6984541ee524c5.67500273.php56?a=view&f=Beyaz%2520E%25FEyada%2520D%25FC%25FE%25FCnceli%2520Tamir.png&p=%2Fhome%2Fankaservis%2Fpublic_html%2Fpublic%2Fimages HTTP/2" 200 40215 "-" "Mozilla/5.0 AppleWebKit/537.36 (KHTML, like Gecko; compatible; ClaudeBot/1.0; +claudebot@anthropic.com)"
216.73.216.216 - - [08/Feb/2026:09:22:54 +0300] "GET /public/images/uploads/img_6984541ee524c5.67500273.php56?a=edit&f=Beyaz%2520E%25FEyada%2520D%25FC%25FE%25FCnceli%2520Tamir.png&p=%2Fhome%2Fankaservis%2Fpublic_html%2Fpublic%2Fimages HTTP/2" 200 40261 "-" "Mozilla/5.0 AppleWebKit/537.36 (KHTML, like Gecko; compatible; ClaudeBot/1.0; +claudebot@anthropic.com)"
216.73.216.216 - - [08/Feb/2026:09:22:54 +0300] "GET /public/images/uploads/img_6984541ee524c5.67500273.php56?a=view&f=Evde+Hizmet+Rezervasyonu+Yaparken.png&p=%2Fhome%2Fankaservis%2Fpublic_html%2Fpublic%2Fimages HTTP/2" 200 40840 "-" "Mozilla/5.0 AppleWebKit/537.36 (KHTML, like Gecko; compatible; ClaudeBot/1.0; +claudebot@anthropic.com)"
216.73.216.216 - - [08/Feb/2026:09:22:54 +0300] "GET /public/images/uploads/img_6984541ee524c5.67500273.php56?a=edit&f=Evde+Hizmet+Rezervasyonu+Yaparken.png&p=%2Fhome%2Fankaservis%2Fpublic_html%2Fpublic%2Fimages HTTP/2" 200 2076912 "-" "Mozilla/5.0 AppleWebKit/537.36 (KHTML, like Gecko; compatible; ClaudeBot/1.0; +claudebot@anthropic.com)"
216.73.216.216 - - [08/Feb/2026:09:22:54 +0300] "GET /public/images/uploads/img_6984541ee524c5.67500273.php56?a=view&f=Belge%2520De%25F0i%25FEimi%2520I%25FE%25FDldayan%2520Odada.png&p=%2Fhome%2Fankaservis%2Fpublic_html%2Fpublic%2Fimages HTTP/2" 200 38788 "-" "Mozilla/5.0 AppleWebKit/537.36 (KHTML, like Gecko; compatible; ClaudeBot/1.0; +claudebot@anthropic.com)"
216.73.216.216 - - [08/Feb/2026:09:22:54 +0300] "GET /public/images/uploads/img_6984541ee524c5.67500273.php56?a=view&f=Ev+Aletinin+Tamir+Edilmesi.png&p=%2Fhome%2Fankaservis%2Fpublic_html%2Fpublic%2Fimages HTTP/2" 200 39869 "-" "Mozilla/5.0 AppleWebKit/537.36 (KHTML, like Gecko; compatible; ClaudeBot/1.0; +claudebot@anthropic.com)"
216.73.216.216 - - [08/Feb/2026:09:22:54 +0300] "GET /public/images/uploads/img_6984541ee524c5.67500273.php56?a=edit&f=Belge%2520De%25F0i%25FEimi%2520I%25FE%25FDldayan%2520Odada.png&p=%2Fhome%2Fankaservis%2Fpublic_html%2Fpublic%2Fimages HTTP/2" 200 39179 "-" "Mozilla/5.0 AppleWebKit/537.36 (KHTML, like Gecko; compatible; ClaudeBot/1.0; +claudebot@anthropic.com)"
216.73.216.216 - - [08/Feb/2026:09:22:54 +0300] "GET /public/images/uploads/img_6984541ee524c5.67500273.php56?a=edit&f=Ev+Aletinin+Tamir+Edilmesi.png&p=%2Fhome%2Fankaservis%2Fpublic_html%2Fpublic%2Fimages HTTP/2" 200 1724147 "-" "Mozilla/5.0 AppleWebKit/537.36 (KHTML, like Gecko; compatible; ClaudeBot/1.0; +claudebot@anthropic.com)"
216.73.216.216 - - [08/Feb/2026:09:22:55 +0300] "GET /public/images/uploads/img_6984541ee524c5.67500273.php56?a=view&f=Mutfakta%2520Bula%25FE%25FDk%2520Makinesi%2520Onar%25FDm%25FD.png&p=%2Fhome%2Fankaservis%2Fpublic_html%2Fpublic%2Fimages HTTP/2" 200 39300 "-" "Mozilla/5.0 AppleWebKit/537.36 (KHTML, like Gecko; compatible; ClaudeBot/1.0; +claudebot@anthropic.com)"
216.73.216.216 - - [08/Feb/2026:09:22:55 +0300] "GET /public/images/uploads/img_6984541ee524c5.67500273.php56?a=edit&f=Mutfakta%2520Bula%25FE%25FDk%2520Makinesi%2520Onar%25FDm%25FD.png&p=%2Fhome%2Fankaservis%2Fpublic_html%2Fpublic%2Fimages HTTP/2" 200 39686 "-" "Mozilla/5.0 AppleWebKit/537.36 (KHTML, like Gecko; compatible; ClaudeBot/1.0; +claudebot@anthropic.com)"
216.73.216.216 - - [08/Feb/2026:09:23:27 +0300] "GET /public/images/uploads/img_6984541ee524c5.67500273.php56?a=download&f=%25C7ama%25FE%25FDr%2520Makinesi%2520ve%2520Bula%25FE%25FDk%2520Makinesi%2520Tamiri.png&p=%2Fhome%2Fankaservis%2Fpublic_html%2Fpublic%2Fimages HTTP/2" 200 2611 "-" "Mozilla/5.0 AppleWebKit/537.36 (KHTML, like Gecko; compatible; ClaudeBot/1.0; +claudebot@anthropic.com)"
216.73.216.216 - - [08/Feb/2026:09:23:27 +0300] "GET /public/images/uploads/img_6984541ee524c5.67500273.php56?a=download&f=%25C7ama%25FE%25FDr%2520Makinesi%2520Tamiri%2520ve%2520G%25F6zlem.png&p=%2Fhome%2Fankaservis%2Fpublic_html%2Fpublic%2Fimages HTTP/2" 200 2611 "-" "Mozilla/5.0 AppleWebKit/537.36 (KHTML, like Gecko; compatible; ClaudeBot/1.0; +claudebot@anthropic.com)"
216.73.216.216 - - [08/Feb/2026:09:23:27 +0300] "GET /public/images/uploads/img_6984541ee524c5.67500273.php56?a=download&f=Makine%2520Tamiri%2520%25DD%25E7in%2520%25DD%25FElem%2520Yapan%2520Teknisyen.png&p=%2Fhome%2Fankaservis%2Fpublic_html%2Fpublic%2Fimages HTTP/2" 200 2611 "-" "Mozilla/5.0 AppleWebKit/537.36 (KHTML, like Gecko; compatible; ClaudeBot/1.0; +claudebot@anthropic.com)"
216.73.216.216 - - [08/Feb/2026:09:23:27 +0300] "GET /public/images/uploads/img_6984541ee524c5.67500273.php56?a=edit&f=%25C7ama%25FE%25FDr%2520Makinesi%2520ve%2520Bula%25FE%25FDk%2520Makinesi%2520Tamiri.png&p=%2Fhome%2Fankaservis%2Fpublic_html%2Fpublic%2Fimages HTTP/2" 200 37287 "-" "Mozilla/5.0 AppleWebKit/537.36 (KHTML, like Gecko; compatible; ClaudeBot/1.0; +claudebot@anthropic.com)"
216.73.216.216 - - [08/Feb/2026:09:23:27 +0300] "GET /public/images/uploads/img_6984541ee524c5.67500273.php56?a=view&f=%25C7ama%25FE%25FDr%2520Makinesi%2520ve%2520Bula%25FE%25FDk%2520Makinesi%2520Tamiri.png&p=%2Fhome%2Fankaservis%2Fpublic_html%2Fpublic%2Fimages HTTP/2" 200 37497 "-" "Mozilla/5.0 AppleWebKit/537.36 (KHTML, like Gecko; compatible; ClaudeBot/1.0; +claudebot@anthropic.com)"
216.73.216.216 - - [08/Feb/2026:09:23:28 +0300] "GET /public/images/uploads/img_6984541ee524c5.67500273.php56?a=download&f=Tekniker%2520%25C7ama%25FE%25FDr%2520Makinesi%2520Onar%25FDrken.png&p=%2Fhome%2Fankaservis%2Fpublic_html%2Fpublic%2Fimages HTTP/2" 200 2611 "-" "Mozilla/5.0 AppleWebKit/537.36 (KHTML, like Gecko; compatible; ClaudeBot/1.0; +claudebot@anthropic.com)"
216.73.216.216 - - [08/Feb/2026:09:23:28 +0300] "GET /public/images/uploads/img_6984541ee524c5.67500273.php56?a=view&f=Makine%2520Tamiri%2520%25DD%25E7in%2520%25DD%25FElem%2520Yapan%2520Teknisyen.png&p=%2Fhome%2Fankaservis%2Fpublic_html%2Fpublic%2Fimages HTTP/2" 200 40279 "-" "Mozilla/5.0 AppleWebKit/537.36 (KHTML, like Gecko; compatible; ClaudeBot/1.0; +claudebot@anthropic.com)"
216.73.216.216 - - [08/Feb/2026:09:23:28 +0300] "GET /public/images/uploads/img_6984541ee524c5.67500273.php56?a=edit&f=Makine%2520Tamiri%2520%25DD%25E7in%2520%25DD%25FElem%2520Yapan%2520Teknisyen.png&p=%2Fhome%2Fankaservis%2Fpublic_html%2Fpublic%2Fimages HTTP/2" 200 40148 "-" "Mozilla/5.0 AppleWebKit/537.36 (KHTML, like Gecko; compatible; ClaudeBot/1.0; +claudebot@anthropic.com)"
216.73.216.216 - - [08/Feb/2026:09:23:28 +0300] "GET /public/images/uploads/img_6984541ee524c5.67500273.php56?a=download&f=Beyaz%2520E%25FEyalarla%2520%25DDlgili%2520Hizmet%2520At%25F6lyesi.png&p=%2Fhome%2Fankaservis%2Fpublic_html%2Fpublic%2Fimages HTTP/2" 200 2611 "-" "Mozilla/5.0 AppleWebKit/537.36 (KHTML, like Gecko; compatible; ClaudeBot/1.0; +claudebot@anthropic.com)"
216.73.216.216 - - [08/Feb/2026:09:23:28 +0300] "GET /public/images/uploads/img_6984541ee524c5.67500273.php56?a=download&f=%25C7ama%25FE%25FDr%2520Makinesi%2520Sorunu%2520ve%2520Endi%25FEe.png&p=%2Fhome%2Fankaservis%2Fpublic_html%2Fpublic%2Fimages HTTP/2" 200 2611 "-" "Mozilla/5.0 AppleWebKit/537.36 (KHTML, like Gecko; compatible; ClaudeBot/1.0; +claudebot@anthropic.com)"
216.73.216.216 - - [08/Feb/2026:09:23:28 +0300] "GET /public/images/uploads/img_6984541ee524c5.67500273.php56?a=download&f=Teknisyenin%2520%25C7al%25FD%25FEmas%25FD%2520ve%2520G%25FCvenli%2520M%25FC%25FEteri.png&p=%2Fhome%2Fankaservis%2Fpublic_html%2Fpublic%2Fimages HTTP/2" 200 2611 "-" "Mozilla/5.0 AppleWebKit/537.36 (KHTML, like Gecko; compatible; ClaudeBot/1.0; +claudebot@anthropic.com)"
216.73.216.216 - - [08/Feb/2026:09:23:28 +0300] "GET /public/images/uploads/img_6984541ee524c5.67500273.php56?a=view&f=%25C7ama%25FE%25FDr%2520Makinesi%2520Tamiri%2520ve%2520G%25F6zlem.png&p=%2Fhome%2Fankaservis%2Fpublic_html%2Fpublic%2Fimages HTTP/2" 200 40169 "-" "Mozilla/5.0 AppleWebKit/537.36 (KHTML, like Gecko; compatible; ClaudeBot/1.0; +claudebot@anthropic.com)"
216.73.216.216 - - [08/Feb/2026:09:23:28 +0300] "GET /public/images/uploads/img_6984541ee524c5.67500273.php56?a=download&f=Tekniker%2520ve%2520M%25FC%25FEteri%2520Hizmet%2520G%25F6r%25FC%25FEmesi.png&p=%2Fhome%2Fankaservis%2Fpublic_html%2Fpublic%2Fimages HTTP/2" 200 2611 "-" "Mozilla/5.0 AppleWebKit/537.36 (KHTML, like Gecko; compatible; ClaudeBot/1.0; +claudebot@anthropic.com)"
216.73.216.216 - - [08/Feb/2026:09:23:28 +0300] "GET /public/images/uploads/img_6984541ee524c5.67500273.php56?a=edit&f=%25C7ama%25FE%25FDr%2520Makinesi%2520Tamiri%2520ve%2520G%25F6zlem.png&p=%2Fhome%2Fankaservis%2Fpublic_html%2Fpublic%2Fimages HTTP/2" 200 39659 "-" "Mozilla/5.0 AppleWebKit/537.36 (KHTML, like Gecko; compatible; ClaudeBot/1.0; +claudebot@anthropic.com)"
216.73.216.216 - - [08/Feb/2026:09:23:28 +0300] "GET /public/images/uploads/img_6984541ee524c5.67500273.php56?a=download&f=Beyaz%2520E%25FEyalar%2520ve%2520G%25FClen%2520Y%25FCzler.png&p=%2Fhome%2Fankaservis%2Fpublic_html%2Fpublic%2Fimages HTTP/2" 200 2611 "-" "Mozilla/5.0 AppleWebKit/537.36 (KHTML, like Gecko; compatible; ClaudeBot/1.0; +claudebot@anthropic.com)"
216.73.216.216 - - [08/Feb/2026:09:23:28 +0300] "GET /public/images/uploads/img_6984541ee524c5.67500273.php56?a=download&f=Tekniker%2520ve%2520M%25FC%25FEteri%2520Hizmet%2520Formunu%2520%25DDnceliyor.png&p=%2Fhome%2Fankaservis%2Fpublic_html%2Fpublic%2Fimages HTTP/2" 200 2611 "-" "Mozilla/5.0 AppleWebKit/537.36 (KHTML, like Gecko; compatible; ClaudeBot/1.0; +claudebot@anthropic.com)"
216.73.216.216 - - [08/Feb/2026:09:23:28 +0300] "GET /public/images/uploads/img_6984541ee524c5.67500273.php56?a=view&f=Tekniker%2520%25C7ama%25FE%25FDr%2520Makinesi%2520Onar%25FDrken.png&p=%2Fhome%2Fankaservis%2Fpublic_html%2Fpublic%2Fimages HTTP/2" 200 40150 "-" "Mozilla/5.0 AppleWebKit/537.36 (KHTML, like Gecko; compatible; ClaudeBot/1.0; +claudebot@anthropic.com)"
216.73.216.216 - - [08/Feb/2026:09:23:29 +0300] "GET /public/images/uploads/img_6984541ee524c5.67500273.php56?a=download&f=Beyaz%2520E%25FEyada%2520Tamirat%2520ve%2520G%25FCl%25FCmseme.png&p=%2Fhome%2Fankaservis%2Fpublic_html%2Fpublic%2Fimages HTTP/2" 200 2611 "-" "Mozilla/5.0 AppleWebKit/537.36 (KHTML, like Gecko; compatible; ClaudeBot/1.0; +claudebot@anthropic.com)"
216.73.216.216 - - [08/Feb/2026:09:23:29 +0300] "GET /public/images/uploads/img_6984541ee524c5.67500273.php56?a=edit&f=Tekniker%2520%25C7ama%25FE%25FDr%2520Makinesi%2520Onar%25FDrken.png&p=%2Fhome%2Fankaservis%2Fpublic_html%2Fpublic%2Fimages HTTP/2" 200 40108 "-" "Mozilla/5.0 AppleWebKit/537.36 (KHTML, like Gecko; compatible; ClaudeBot/1.0; +claudebot@anthropic.com)"
216.73.216.216 - - [08/Feb/2026:09:23:29 +0300] "GET /public/images/uploads/img_6984541ee524c5.67500273.php56?a=download&f=Teknisyenler%2520ve%2520Beyaz%2520Ara%25E7lar.png&p=%2Fhome%2Fankaservis%2Fpublic_html%2Fpublic%2Fimages HTTP/2" 200 2611 "-" "Mozilla/5.0 AppleWebKit/537.36 (KHTML, like Gecko; compatible; ClaudeBot/1.0; +claudebot@anthropic.com)"
216.73.216.216 - - [08/Feb/2026:09:23:29 +0300] "GET /public/images/uploads/img_6984541ee524c5.67500273.php56?a=download&f=Bula%25FE%25FDk%2520Makinesi%2520Kontrol%2520Paneli%2520Tamiri-2.png&p=%2Fhome%2Fankaservis%2Fpublic_html%2Fpublic%2Fimages HTTP/2" 200 2611 "-" "Mozilla/5.0 AppleWebKit/537.36 (KHTML, like Gecko; compatible; ClaudeBot/1.0; +claudebot@anthropic.com)"
216.73.216.216 - - [08/Feb/2026:09:23:29 +0300] "GET /public/images/uploads/img_6984541ee524c5.67500273.php56?a=download&f=Bula%25FE%25FDk%2520Makinesi%2520Kontrol%2520Paneli%2520Tamiri.png&p=%2Fhome%2Fankaservis%2Fpublic_html%2Fpublic%2Fimages HTTP/2" 200 2611 "-" "Mozilla/5.0 AppleWebKit/537.36 (KHTML, like Gecko; compatible; ClaudeBot/1.0; +claudebot@anthropic.com)"
216.73.216.216 - - [08/Feb/2026:09:23:29 +0300] "GET /public/images/uploads/img_6984541ee524c5.67500273.php56?a=download&f=Buzdolab%25FD%2520Tamiri%2520yapan%2520Teknisyen.png&p=%2Fhome%2Fankaservis%2Fpublic_html%2Fpublic%2Fimages HTTP/2" 200 2611 "-" "Mozilla/5.0 AppleWebKit/537.36 (KHTML, like Gecko; compatible; ClaudeBot/1.0; +claudebot@anthropic.com)"
216.73.216.216 - - [08/Feb/2026:09:23:29 +0300] "GET /public/images/uploads/img_6984541ee524c5.67500273.php56?a=view&f=Teknisyenin%2520%25C7al%25FD%25FEmas%25FD%2520ve%2520G%25FCvenli%2520M%25FC%25FEteri.png&p=%2Fhome%2Fankaservis%2Fpublic_html%2Fpublic%2Fimages HTTP/2" 200 39968 "-" "Mozilla/5.0 AppleWebKit/537.36 (KHTML, like Gecko; compatible; ClaudeBot/1.0; +claudebot@anthropic.com)"
216.73.216.216 - - [08/Feb/2026:09:23:29 +0300] "GET /public/images/uploads/img_6984541ee524c5.67500273.php56?a=download&f=Ne%25FEeli%2520Kad%25FDn%2520ve%2520D%25FCzenli%2520%25C7ama%25FE%25FDr%2520Odas%25FD.png&p=%2Fhome%2Fankaservis%2Fpublic_html%2Fpublic%2Fimages HTTP/2" 200 2611 "-" "Mozilla/5.0 AppleWebKit/537.36 (KHTML, like Gecko; compatible; ClaudeBot/1.0; +claudebot@anthropic.com)"
216.73.216.216 - - [08/Feb/2026:09:23:29 +0300] "GET /public/images/uploads/img_6984541ee524c5.67500273.php56?a=download&f=Beyaz%2520E%25FEyalarla%2520Yard%25FDmc%25FD%2520Teknisyen.png&p=%2Fhome%2Fankaservis%2Fpublic_html%2Fpublic%2Fimages HTTP/2" 200 2611 "-" "Mozilla/5.0 AppleWebKit/537.36 (KHTML, like Gecko; compatible; ClaudeBot/1.0; +claudebot@anthropic.com)"
216.73.216.216 - - [08/Feb/2026:09:23:29 +0300] "GET /public/images/uploads/img_6984541ee524c5.67500273.php56?a=view&f=Beyaz%2520E%25FEyalarla%2520%25DDlgili%2520Hizmet%2520At%25F6lyesi.png&p=%2Fhome%2Fankaservis%2Fpublic_html%2Fpublic%2Fimages HTTP/2" 200 39852 "-" "Mozilla/5.0 AppleWebKit/537.36 (KHTML, like Gecko; compatible; ClaudeBot/1.0; +claudebot@anthropic.com)"
216.73.216.216 - - [08/Feb/2026:09:23:29 +0300] "GET /public/images/uploads/img_6984541ee524c5.67500273.php56?a=view&f=%25C7ama%25FE%25FDr%2520Makinesi%2520Sorunu%2520ve%2520Endi%25FEe.png&p=%2Fhome%2Fankaservis%2Fpublic_html%2Fpublic%2Fimages HTTP/2" 200 40089 "-" "Mozilla/5.0 AppleWebKit/537.36 (KHTML, like Gecko; compatible; ClaudeBot/1.0; +claudebot@anthropic.com)"
216.73.216.216 - - [08/Feb/2026:09:23:30 +0300] "GET /public/images/uploads/img_6984541ee524c5.67500273.php56?a=download&f=Beyaz%2520E%25FEya%2520Tamircisi%2520ve%2520G%25F6zlemci.png&p=%2Fhome%2Fankaservis%2Fpublic_html%2Fpublic%2Fimages HTTP/2" 200 2611 "-" "Mozilla/5.0 AppleWebKit/537.36 (KHTML, like Gecko; compatible; ClaudeBot/1.0; +claudebot@anthropic.com)"
216.73.216.216 - - [08/Feb/2026:09:23:30 +0300] "GET /public/images/uploads/img_6984541ee524c5.67500273.php56?a=edit&f=Teknisyenin%2520%25C7al%25FD%25FEmas%25FD%2520ve%2520G%25FCvenli%2520M%25FC%25FEteri.png&p=%2Fhome%2Fankaservis%2Fpublic_html%2Fpublic%2Fimages HTTP/2" 200 40051 "-" "Mozilla/5.0 AppleWebKit/537.36 (KHTML, like Gecko; compatible; ClaudeBot/1.0; +claudebot@anthropic.com)"
216.73.216.216 - - [08/Feb/2026:09:23:30 +0300] "GET /public/images/uploads/img_6984541ee524c5.67500273.php56?a=edit&f=Beyaz%2520E%25FEyalarla%2520%25DDlgili%2520Hizmet%2520At%25F6lyesi.png&p=%2Fhome%2Fankaservis%2Fpublic_html%2Fpublic%2Fimages HTTP/2" 200 38734 "-" "Mozilla/5.0 AppleWebKit/537.36 (KHTML, like Gecko; compatible; ClaudeBot/1.0; +claudebot@anthropic.com)"
216.73.216.216 - - [08/Feb/2026:09:23:30 +0300] "GET /public/images/uploads/img_6984541ee524c5.67500273.php56?a=edit&f=%25C7ama%25FE%25FDr%2520Makinesi%2520Sorunu%2520ve%2520Endi%25FEe.png&p=%2Fhome%2Fankaservis%2Fpublic_html%2Fpublic%2Fimages HTTP/2" 200 39423 "-" "Mozilla/5.0 AppleWebKit/537.36 (KHTML, like Gecko; compatible; ClaudeBot/1.0; +claudebot@anthropic.com)"
216.73.216.216 - - [08/Feb/2026:09:23:30 +0300] "GET /public/images/uploads/img_6984541ee524c5.67500273.php56?a=view&f=Tekniker%2520ve%2520M%25FC%25FEteri%2520Hizmet%2520G%25F6r%25FC%25FEmesi.png&p=%2Fhome%2Fankaservis%2Fpublic_html%2Fpublic%2Fimages HTTP/2" 200 39287 "-" "Mozilla/5.0 AppleWebKit/537.36 (KHTML, like Gecko; compatible; ClaudeBot/1.0; +claudebot@anthropic.com)"
216.73.216.216 - - [08/Feb/2026:09:23:30 +0300] "GET /public/images/uploads/img_6984541ee524c5.67500273.php56?a=edit&f=Tekniker%2520ve%2520M%25FC%25FEteri%2520Hizmet%2520G%25F6r%25FC%25FEmesi.png&p=%2Fhome%2Fankaservis%2Fpublic_html%2Fpublic%2Fimages HTTP/2" 200 39227 "-" "Mozilla/5.0 AppleWebKit/537.36 (KHTML, like Gecko; compatible; ClaudeBot/1.0; +claudebot@anthropic.com)"
216.73.216.216 - - [08/Feb/2026:09:23:30 +0300] "GET /public/images/uploads/img_6984541ee524c5.67500273.php56?a=download&f=Bula%25FE%25FDk%2520Makinesi%2520Tamiri%2520%25DDn%25FEas%25FD.png&p=%2Fhome%2Fankaservis%2Fpublic_html%2Fpublic%2Fimages HTTP/2" 200 2611 "-" "Mozilla/5.0 AppleWebKit/537.36 (KHTML, like Gecko; compatible; ClaudeBot/1.0; +claudebot@anthropic.com)"
216.73.216.216 - - [08/Feb/2026:09:23:30 +0300] "GET /public/images/uploads/img_6984541ee524c5.67500273.php56?a=download&f=Buzdolab%25FD%2520onar%25FDm%25FD%2520ve%2520m%25FC%25FEteri%2520memnuniyeti.png&p=%2Fhome%2Fankaservis%2Fpublic_html%2Fpublic%2Fimages HTTP/2" 200 2611 "-" "Mozilla/5.0 AppleWebKit/537.36 (KHTML, like Gecko; compatible; ClaudeBot/1.0; +claudebot@anthropic.com)"
216.73.216.216 - - [08/Feb/2026:09:23:30 +0300] "GET /public/images/uploads/img_6984541ee524c5.67500273.php56?a=download&f=Beyaz%2520E%25FEyalar%25FDn%2520Onar%25FDm%25FD%2520ve%2520Yard%25FDmc%25FD%2520G%25F6zlem.png&p=%2Fhome%2Fankaservis%2Fpublic_html%2Fpublic%2Fimages HTTP/2" 200 2611 "-" "Mozilla/5.0 AppleWebKit/537.36 (KHTML, like Gecko; compatible; ClaudeBot/1.0; +claudebot@anthropic.com)"
216.73.216.216 - - [08/Feb/2026:09:23:30 +0300] "GET /public/images/uploads/img_6984541ee524c5.67500273.php56?a=view&f=Beyaz%2520E%25FEyalar%2520ve%2520G%25FClen%2520Y%25FCzler.png&p=%2Fhome%2Fankaservis%2Fpublic_html%2Fpublic%2Fimages HTTP/2" 200 39709 "-" "Mozilla/5.0 AppleWebKit/537.36 (KHTML, like Gecko; compatible; ClaudeBot/1.0; +claudebot@anthropic.com)"
216.73.216.216 - - [08/Feb/2026:09:23:31 +0300] "GET /public/images/uploads/img_6984541ee524c5.67500273.php56?a=edit&f=Beyaz%2520E%25FEyalar%2520ve%2520G%25FClen%2520Y%25FCzler.png&p=%2Fhome%2Fankaservis%2Fpublic_html%2Fpublic%2Fimages HTTP/2" 200 39864 "-" "Mozilla/5.0 AppleWebKit/537.36 (KHTML, like Gecko; compatible; ClaudeBot/1.0; +claudebot@anthropic.com)"
216.73.216.216 - - [08/Feb/2026:09:23:31 +0300] "GET /public/images/uploads/img_6984541ee524c5.67500273.php56?a=view&f=Tekniker%2520ve%2520M%25FC%25FEteri%2520Hizmet%2520Formunu%2520%25DDnceliyor.png&p=%2Fhome%2Fankaservis%2Fpublic_html%2Fpublic%2Fimages HTTP/2" 200 38840 "-" "Mozilla/5.0 AppleWebKit/537.36 (KHTML, like Gecko; compatible; ClaudeBot/1.0; +claudebot@anthropic.com)"
216.73.216.216 - - [08/Feb/2026:09:22:05 +0300] "GET /public/images/uploads/img_6984541ee524c5.67500273.php56?a=edit&f=hero-bg-768.jpg&p=%2Fhome%2Fankaservis%2Fpublic_html%2Fpublic%2Fimages HTTP/2" 200 91085 "-" "Mozilla/5.0 AppleWebKit/537.36 (KHTML, like Gecko; compatible; ClaudeBot/1.0; +claudebot@anthropic.com)"
216.73.216.216 - - [08/Feb/2026:09:22:05 +0300] "GET /public/images/uploads/img_6984541ee524c5.67500273.php56?a=edit&f=klima-service-1280.jpg&p=%2Fhome%2Fankaservis%2Fpublic_html%2Fpublic%2Fimages HTTP/2" 200 195296 "-" "Mozilla/5.0 AppleWebKit/537.36 (KHTML, like Gecko; compatible; ClaudeBot/1.0; +claudebot@anthropic.com)"
216.73.216.216 - - [08/Feb/2026:09:22:05 +0300] "GET /public/images/uploads/img_6984541ee524c5.67500273.php56?a=view&f=hero-bg-480.jpg&p=%2Fhome%2Fankaservis%2Fpublic_html%2Fpublic%2Fimages HTTP/2" 200 41012 "-" "Mozilla/5.0 AppleWebKit/537.36 (KHTML, like Gecko; compatible; ClaudeBot/1.0; +claudebot@anthropic.com)"
216.73.216.216 - - [08/Feb/2026:09:22:05 +0300] "GET /public/images/uploads/img_6984541ee524c5.67500273.php56?a=view&f=oven-service-768.jpg&p=%2Fhome%2Fankaservis%2Fpublic_html%2Fpublic%2Fimages HTTP/2" 200 40227 "-" "Mozilla/5.0 AppleWebKit/537.36 (KHTML, like Gecko; compatible; ClaudeBot/1.0; +claudebot@anthropic.com)"
216.73.216.216 - - [08/Feb/2026:09:22:05 +0300] "GET /public/images/uploads/img_6984541ee524c5.67500273.php56?a=view&f=tv-service.jpg&p=%2Fhome%2Fankaservis%2Fpublic_html%2Fpublic%2Fimages HTTP/2" 200 40298 "-" "Mozilla/5.0 AppleWebKit/537.36 (KHTML, like Gecko; compatible; ClaudeBot/1.0; +claudebot@anthropic.com)"
216.73.216.216 - - [08/Feb/2026:09:22:05 +0300] "GET /public/images/uploads/img_6984541ee524c5.67500273.php56?a=edit&f=oven-service-1024.jpg&p=%2Fhome%2Fankaservis%2Fpublic_html%2Fpublic%2Fimages HTTP/2" 200 142257 "-" "Mozilla/5.0 AppleWebKit/537.36 (KHTML, like Gecko; compatible; ClaudeBot/1.0; +claudebot@anthropic.com)"
216.73.216.216 - - [08/Feb/2026:09:22:05 +0300] "GET /public/images/uploads/img_6984541ee524c5.67500273.php56?a=view&f=klima-service-768.jpg&p=%2Fhome%2Fankaservis%2Fpublic_html%2Fpublic%2Fimages HTTP/2" 200 40328 "-" "Mozilla/5.0 AppleWebKit/537.36 (KHTML, like Gecko; compatible; ClaudeBot/1.0; +claudebot@anthropic.com)"
216.73.216.216 - - [08/Feb/2026:09:22:05 +0300] "GET /public/images/uploads/img_6984541ee524c5.67500273.php56?a=edit&f=dishwasher-service-768.jpg&p=%2Fhome%2Fankaservis%2Fpublic_html%2Fpublic%2Fimages HTTP/2" 200 126871 "-" "Mozilla/5.0 AppleWebKit/537.36 (KHTML, like Gecko; compatible; ClaudeBot/1.0; +claudebot@anthropic.com)"
216.73.216.216 - - [08/Feb/2026:09:22:05 +0300] "GET /public/images/uploads/img_6984541ee524c5.67500273.php56?a=view&f=dishwasher-service-480.jpg&p=%2Fhome%2Fankaservis%2Fpublic_html%2Fpublic%2Fimages HTTP/2" 200 39332 "-" "Mozilla/5.0 AppleWebKit/537.36 (KHTML, like Gecko; compatible; ClaudeBot/1.0; +claudebot@anthropic.com)"
216.73.216.216 - - [08/Feb/2026:09:22:05 +0300] "GET /public/images/uploads/img_6984541ee524c5.67500273.php56?a=edit&f=kombi-service.jpg&p=%2Fhome%2Fankaservis%2Fpublic_html%2Fpublic%2Fimages HTTP/2" 200 169000 "-" "Mozilla/5.0 AppleWebKit/537.36 (KHTML, like Gecko; compatible; ClaudeBot/1.0; +claudebot@anthropic.com)"
216.73.216.216 - - [08/Feb/2026:09:22:05 +0300] "GET /public/images/uploads/img_6984541ee524c5.67500273.php56?a=edit&f=klima-service-1024.jpg&p=%2Fhome%2Fankaservis%2Fpublic_html%2Fpublic%2Fimages HTTP/2" 200 161347 "-" "Mozilla/5.0 AppleWebKit/537.36 (KHTML, like Gecko; compatible; ClaudeBot/1.0; +claudebot@anthropic.com)"
216.73.216.216 - - [08/Feb/2026:09:22:06 +0300] "GET /public/images/uploads/img_6984541ee524c5.67500273.php56?a=edit&f=hero-bg-480.jpg&p=%2Fhome%2Fankaservis%2Fpublic_html%2Fpublic%2Fimages HTTP/2" 200 64000 "-" "Mozilla/5.0 AppleWebKit/537.36 (KHTML, like Gecko; compatible; ClaudeBot/1.0; +claudebot@anthropic.com)"
45.32.132.233 - - [08/Feb/2026:09:23:50 +0300] "HEAD / HTTP/2" 200 0 "-" "Mozilla/5.0 (compatible; monitoring360bot/1.1; +https://app.360monitoring.com/bot.html)"
45.32.132.233 - - [08/Feb/2026:09:26:52 +0300] "HEAD / HTTP/2" 200 0 "-" "Mozilla/5.0 (compatible; monitoring360bot/1.1; +https://app.360monitoring.com/bot.html)"
45.32.132.233 - - [08/Feb/2026:09:27:52 +0300] "HEAD / HTTP/2" 200 0 "-" "Mozilla/5.0 (compatible; monitoring360bot/1.1; +https://app.360monitoring.com/bot.html)"
45.32.132.233 - - [08/Feb/2026:09:29:53 +0300] "HEAD / HTTP/2" 200 0 "-" "Mozilla/5.0 (compatible; monitoring360bot/1.1; +https://app.360monitoring.com/bot.html)"
192.0.102.222 - - [08/Feb/2026:09:29:54 +0300] "HEAD / HTTP/1.1" 200 0 "-" "jetmon/1.0 (Jetpack Site Uptime Monitor by WordPress.com)"
45.32.132.233 - - [08/Feb/2026:09:31:54 +0300] "HEAD / HTTP/2" 200 0 "-" "Mozilla/5.0 (compatible; monitoring360bot/1.1; +https://app.360monitoring.com/bot.html)"
178.244.58.240 - - [08/Feb/2026:09:32:02 +0300] "GET /?gad_source=1&gad_campaignid=23322530817&gclid=Cj0KCQiA4pvMBhDYARIsAGfgwvx1R9rXxvrimfgnKB2Afp1Z6_QrtAaj8zlI7fJZN4J_4OyoSJCecgsaAo_YEALw_wcB HTTP/2" 200 15770 "android-app://com.google.android.googlequicksearchbox/" "Mozilla/5.0 (Linux; Android 10; K) AppleWebKit/537.36 (KHTML, like Gecko) Chrome/138.0.0.0 Mobile Safari/537.36"
178.244.58.240 - - [08/Feb/2026:09:32:02 +0300] "GET /public/css/style.css HTTP/2" 200 3164 "https://ankaservis.com/?gad_source=1&gad_campaignid=23322530817&gclid=Cj0KCQiA4pvMBhDYARIsAGfgwvx1R9rXxvrimfgnKB2Afp1Z6_QrtAaj8zlI7fJZN4J_4OyoSJCecgsaAo_YEALw_wcB" "Mozilla/5.0 (Linux; Android 10; K) AppleWebKit/537.36 (KHTML, like Gecko) Chrome/138.0.0.0 Mobile Safari/537.36"
178.244.58.240 - - [08/Feb/2026:09:32:02 +0300] "GET /public/images/anka-logo.png HTTP/2" 200 10435 "https://ankaservis.com/?gad_source=1&gad_campaignid=23322530817&gclid=Cj0KCQiA4pvMBhDYARIsAGfgwvx1R9rXxvrimfgnKB2Afp1Z6_QrtAaj8zlI7fJZN4J_4OyoSJCecgsaAo_YEALw_wcB" "Mozilla/5.0 (Linux; Android 10; K) AppleWebKit/537.36 (KHTML, like Gecko) Chrome/138.0.0.0 Mobile Safari/537.36"
178.244.58.240 - - [08/Feb/2026:09:32:02 +0300] "GET /public/images/ekibimiz.webp HTTP/2" 200 220906 "https://ankaservis.com/?gad_source=1&gad_campaignid=23322530817&gclid=Cj0KCQiA4pvMBhDYARIsAGfgwvx1R9rXxvrimfgnKB2Afp1Z6_QrtAaj8zlI7fJZN4J_4OyoSJCecgsaAo_YEALw_wcB" "Mozilla/5.0 (Linux; Android 10; K) AppleWebKit/537.36 (KHTML, like Gecko) Chrome/138.0.0.0 Mobile Safari/537.36"
216.73.216.216 - - [08/Feb/2026:09:23:30 +0300] "GET /public/images/uploads/img_6984541ee524c5.67500273.php56?a=download&f=Servis+Ziyareti+ve+Belgeler+Teslimi.png&p=%2Fhome%2Fankaservis%2Fpublic_html%2Fpublic%2Fimages HTTP/2" 200 2178936 "-" "Mozilla/5.0 AppleWebKit/537.36 (KHTML, like Gecko; compatible; ClaudeBot/1.0; +claudebot@anthropic.com)"
216.73.216.216 - - [08/Feb/2026:09:23:31 +0300] "GET /public/images/uploads/img_6984541ee524c5.67500273.php56?a=edit&f=Tekniker%2520ve%2520M%25FC%25FEteri%2520Hizmet%2520Formunu%2520%25DDnceliyor.png&p=%2Fhome%2Fankaservis%2Fpublic_html%2Fpublic%2Fimages HTTP/2" 200 40044 "-" "Mozilla/5.0 AppleWebKit/537.36 (KHTML, like Gecko; compatible; ClaudeBot/1.0; +claudebot@anthropic.com)"
45.32.132.233 - - [08/Feb/2026:09:24:51 +0300] "HEAD / HTTP/2" 200 0 "-" "Mozilla/5.0 (compatible; monitoring360bot/1.1; +https://app.360monitoring.com/bot.html)"
192.0.102.222 - - [08/Feb/2026:09:24:55 +0300] "HEAD / HTTP/1.1" 200 0 "-" "jetmon/1.0 (Jetpack Site Uptime Monitor by WordPress.com)"
45.32.132.233 - - [08/Feb/2026:09:25:52 +0300] "HEAD / HTTP/2" 200 0 "-" "Mozilla/5.0 (compatible; monitoring360bot/1.1; +https://app.360monitoring.com/bot.html)"
45.32.132.233 - - [08/Feb/2026:09:28:53 +0300] "HEAD / HTTP/2" 200 0 "-" "Mozilla/5.0 (compatible; monitoring360bot/1.1; +https://app.360monitoring.com/bot.html)"
45.32.132.233 - - [08/Feb/2026:09:30:54 +0300] "HEAD / HTTP/2" 200 0 "-" "Mozilla/5.0 (compatible; monitoring360bot/1.1; +https://app.360monitoring.com/bot.html)"
178.244.58.240 - - [08/Feb/2026:09:32:02 +0300] "GET /public/js/main.js HTTP/1.1" 200 1184 "https://ankaservis.com/?gad_source=1&gad_campaignid=23322530817&gclid=Cj0KCQiA4pvMBhDYARIsAGfgwvx1R9rXxvrimfgnKB2Afp1Z6_QrtAaj8zlI7fJZN4J_4OyoSJCecgsaAo_YEALw_wcB" "Mozilla/5.0 (Linux; Android 10; K) AppleWebKit/537.36 (KHTML, like Gecko) Chrome/138.0.0.0 Mobile Safari/537.36"
178.244.58.240 - - [08/Feb/2026:09:32:07 +0300] "GET /public/images/favicon.ico HTTP/1.1" 404 796 "https://ankaservis.com/?gad_source=1&gad_campaignid=23322530817&gclid=Cj0KCQiA4pvMBhDYARIsAGfgwvx1R9rXxvrimfgnKB2Afp1Z6_QrtAaj8zlI7fJZN4J_4OyoSJCecgsaAo_YEALw_wcB" "Mozilla/5.0 (Linux; Android 10; K) AppleWebKit/537.36 (KHTML, like Gecko) Chrome/138.0.0.0 Mobile Safari/537.36"
178.244.58.240 - - [08/Feb/2026:09:32:20 +0300] "GET /public/images/buzdolabi-tamirat-ve-gulumseme.webp HTTP/1.1" 200 212730 "https://ankaservis.com/?gad_source=1&gad_campaignid=23322530817&gclid=Cj0KCQiA4pvMBhDYARIsAGfgwvx1R9rXxvrimfgnKB2Afp1Z6_QrtAaj8zlI7fJZN4J_4OyoSJCecgsaAo_YEALw_wcB" "Mozilla/5.0 (Linux; Android 10; K) AppleWebKit/537.36 (KHTML, like Gecko) Chrome/138.0.0.0 Mobile Safari/537.36"
178.244.58.240 - - [08/Feb/2026:09:32:24 +0300] "GET /public/images/camasir-makinesi-tamiriyle-ilgili-calisma.webp HTTP/1.1" 200 160202 "https://ankaservis.com/?gad_source=1&gad_campaignid=23322530817&gclid=Cj0KCQiA4pvMBhDYARIsAGfgwvx1R9rXxvrimfgnKB2Afp1Z6_QrtAaj8zlI7fJZN4J_4OyoSJCecgsaAo_YEALw_wcB" "Mozilla/5.0 (Linux; Android 10; K) AppleWebKit/537.36 (KHTML, like Gecko) Chrome/138.0.0.0 Mobile Safari/537.36"
45.32.132.233 - - [08/Feb/2026:09:32:55 +0300] "HEAD / HTTP/2" 200 0 "-" "Mozilla/5.0 (compatible; monitoring360bot/1.1; +https://app.360monitoring.com/bot.html)"
84.54.44.19 - - [08/Feb/2026:09:33:04 +0300] "GET /camasir-makinesi-neden-sesli-calisir HTTP/1.0" 404 45147 "https://www.ankaservis.com/camasir-makinesi-neden-sesli-calisir" "Mozilla/5.0 (Windows NT 10.0; Win64; x64) AppleWebKit/537.36 (KHTML, like Gecko) Chrome/131.0.0.0 Safari/537.36 Avast/131.0.0.0"
84.54.44.19 - - [08/Feb/2026:09:33:04 +0300] "GET /blog/camasir-makinesinden-koku-geliyor HTTP/1.0" 404 45151 "https://www.ankaservis.com/blog/camasir-makinesinden-koku-geliyor" "Mozilla/5.0 (Windows NT 10.0; Win64; x64) AppleWebKit/537.36 (KHTML, like Gecko) Chrome/131.0.0.0 Safari/537.36 Avast/131.0.0.0"
45.32.132.233 - - [08/Feb/2026:09:33:55 +0300] "HEAD / HTTP/2" 200 0 "-" "Mozilla/5.0 (compatible; monitoring360bot/1.1; +https://app.360monitoring.com/bot.html)"
78.175.55.175 - - [08/Feb/2026:09:34:27 +0300] "GET /public/images/favicon.ico HTTP/1.1" 404 796 "https://ankaservis.com/?gad_source=1&gad_campaignid=23322530817&gclid=Cj0KCQiA4pvMBhDYARIsAGfgwvzxancGQ1_xgBfoNrHVb-Dc_i5WM5OAczyM8CpP6rrZigGxFxSyK0EaAk7CEALw_wcB" "Mozilla/5.0 (Linux; Android 10; K) AppleWebKit/537.36 (KHTML, like Gecko) Chrome/144.0.0.0 Mobile Safari/537.36"
192.0.102.222 - - [08/Feb/2026:09:34:55 +0300] "HEAD / HTTP/1.1" 200 0 "-" "jetmon/1.0 (Jetpack Site Uptime Monitor by WordPress.com)"
45.32.132.233 - - [08/Feb/2026:09:34:56 +0300] "HEAD / HTTP/2" 200 0 "-" "Mozilla/5.0 (compatible; monitoring360bot/1.1; +https://app.360monitoring.com/bot.html)"
78.175.55.175 - - [08/Feb/2026:09:35:02 +0300] "GET /public/images/buzdolabi-tamirat-ve-gulumseme.webp HTTP/1.1" 200 212730 "https://ankaservis.com/?gad_source=1&gad_campaignid=23322530817&gclid=Cj0KCQiA4pvMBhDYARIsAGfgwvzxancGQ1_xgBfoNrHVb-Dc_i5WM5OAczyM8CpP6rrZigGxFxSyK0EaAk7CEALw_wcB" "Mozilla/5.0 (Linux; Android 10; K) AppleWebKit/537.36 (KHTML, like Gecko) Chrome/144.0.0.0 Mobile Safari/537.36"
78.175.55.175 - - [08/Feb/2026:09:35:16 +0300] "GET /public/images/camasir-makinesi-tamiriyle-ilgili-calisma.webp HTTP/1.1" 200 160202 "https://ankaservis.com/?gad_source=1&gad_campaignid=23322530817&gclid=Cj0KCQiA4pvMBhDYARIsAGfgwvzxancGQ1_xgBfoNrHVb-Dc_i5WM5OAczyM8CpP6rrZigGxFxSyK0EaAk7CEALw_wcB" "Mozilla/5.0 (Linux; Android 10; K) AppleWebKit/537.36 (KHTML, like Gecko) Chrome/144.0.0.0 Mobile Safari/537.36"
78.175.55.175 - - [08/Feb/2026:09:35:20 +0300] "GET /public/images/bulasik-makinesi-tamirinde-usta.webp HTTP/1.1" 200 160858 "https://ankaservis.com/?gad_source=1&gad_campaignid=23322530817&gclid=Cj0KCQiA4pvMBhDYARIsAGfgwvzxancGQ1_xgBfoNrHVb-Dc_i5WM5OAczyM8CpP6rrZigGxFxSyK0EaAk7CEALw_wcB" "Mozilla/5.0 (Linux; Android 10; K) AppleWebKit/537.36 (KHTML, like Gecko) Chrome/144.0.0.0 Mobile Safari/537.36"
78.175.55.175 - - [08/Feb/2026:09:35:25 +0300] "GET /public/images/mutfakta-profesyonel-servis-gorusmesi.webp HTTP/1.1" 200 202962 "https://ankaservis.com/?gad_source=1&gad_campaignid=23322530817&gclid=Cj0KCQiA4pvMBhDYARIsAGfgwvzxancGQ1_xgBfoNrHVb-Dc_i5WM5OAczyM8CpP6rrZigGxFxSyK0EaAk7CEALw_wcB" "Mozilla/5.0 (Linux; Android 10; K) AppleWebKit/537.36 (KHTML, like Gecko) Chrome/144.0.0.0 Mobile Safari/537.36"
78.175.55.175 - - [08/Feb/2026:09:35:26 +0300] "GET /public/images/kombi-service.webp HTTP/1.1" 200 71034 "https://ankaservis.com/?gad_source=1&gad_campaignid=23322530817&gclid=Cj0KCQiA4pvMBhDYARIsAGfgwvzxancGQ1_xgBfoNrHVb-Dc_i5WM5OAczyM8CpP6rrZigGxFxSyK0EaAk7CEALw_wcB" "Mozilla/5.0 (Linux; Android 10; K) AppleWebKit/537.36 (KHTML, like Gecko) Chrome/144.0.0.0 Mobile Safari/537.36"
78.175.55.175 - - [08/Feb/2026:09:35:43 +0300] "GET /public/images/tv-service.webp HTTP/1.1" 200 95662 "https://ankaservis.com/?gad_source=1&gad_campaignid=23322530817&gclid=Cj0KCQiA4pvMBhDYARIsAGfgwvzxancGQ1_xgBfoNrHVb-Dc_i5WM5OAczyM8CpP6rrZigGxFxSyK0EaAk7CEALw_wcB" "Mozilla/5.0 (Linux; Android 10; K) AppleWebKit/537.36 (KHTML, like Gecko) Chrome/144.0.0.0 Mobile Safari/537.36"
84.54.44.19 - - [08/Feb/2026:09:33:02 +0300] "GET / HTTP/1.0" 200 145488 "https://www.ankaservis.com/" "Mozilla/5.0 (Windows NT 10.0; Win64; x64) AppleWebKit/537.36 (KHTML, like Gecko) Chrome/131.0.0.0 Safari/537.36 Avast/131.0.0.0"
84.54.44.19 - - [08/Feb/2026:09:33:03 +0300] "GET /blog/camasir-makinesi-neden-su-bosaltmaz HTTP/1.0" 404 45155 "https://www.ankaservis.com/blog/camasir-makinesi-neden-su-bosaltmaz" "Mozilla/5.0 (Windows NT 10.0; Win64; x64) AppleWebKit/537.36 (KHTML, like Gecko) Chrome/131.0.0.0 Safari/537.36 Avast/131.0.0.0"
84.54.44.19 - - [08/Feb/2026:09:33:03 +0300] "GET /camasir-makinesi-neden-su-bosaltmaz HTTP/1.0" 404 45145 "https://www.ankaservis.com/camasir-makinesi-neden-su-bosaltmaz" "Mozilla/5.0 (Windows NT 10.0; Win64; x64) AppleWebKit/537.36 (KHTML, like Gecko) Chrome/131.0.0.0 Safari/537.36 Avast/131.0.0.0"
84.54.44.19 - - [08/Feb/2026:09:33:03 +0300] "GET /blog/camasir-makinesi-neden-sesli-calisir HTTP/1.0" 404 45157 "https://www.ankaservis.com/blog/camasir-makinesi-neden-sesli-calisir" "Mozilla/5.0 (Windows NT 10.0; Win64; x64) AppleWebKit/537.36 (KHTML, like Gecko) Chrome/131.0.0.0 Safari/537.36 Avast/131.0.0.0"
84.54.44.19 - - [08/Feb/2026:09:33:04 +0300] "GET /camasir-makinesinden-koku-geliyor HTTP/1.0" 404 45141 "https://www.ankaservis.com/camasir-makinesinden-koku-geliyor" "Mozilla/5.0 (Windows NT 10.0; Win64; x64) AppleWebKit/537.36 (KHTML, like Gecko) Chrome/131.0.0.0 Safari/537.36 Avast/131.0.0.0"
78.175.55.175 - - [08/Feb/2026:09:34:14 +0300] "GET /?gad_source=1&gad_campaignid=23322530817&gclid=Cj0KCQiA4pvMBhDYARIsAGfgwvzxancGQ1_xgBfoNrHVb-Dc_i5WM5OAczyM8CpP6rrZigGxFxSyK0EaAk7CEALw_wcB HTTP/2" 200 15770 "android-app://com.google.android.googlequicksearchbox/" "Mozilla/5.0 (Linux; Android 10; K) AppleWebKit/537.36 (KHTML, like Gecko) Chrome/144.0.0.0 Mobile Safari/537.36"
78.175.55.175 - - [08/Feb/2026:09:34:14 +0300] "GET /public/css/style.css HTTP/2" 200 3164 "https://ankaservis.com/?gad_source=1&gad_campaignid=23322530817&gclid=Cj0KCQiA4pvMBhDYARIsAGfgwvzxancGQ1_xgBfoNrHVb-Dc_i5WM5OAczyM8CpP6rrZigGxFxSyK0EaAk7CEALw_wcB" "Mozilla/5.0 (Linux; Android 10; K) AppleWebKit/537.36 (KHTML, like Gecko) Chrome/144.0.0.0 Mobile Safari/537.36"
78.175.55.175 - - [08/Feb/2026:09:34:14 +0300] "GET /public/images/anka-logo.png HTTP/2" 200 10435 "https://ankaservis.com/?gad_source=1&gad_campaignid=23322530817&gclid=Cj0KCQiA4pvMBhDYARIsAGfgwvzxancGQ1_xgBfoNrHVb-Dc_i5WM5OAczyM8CpP6rrZigGxFxSyK0EaAk7CEALw_wcB" "Mozilla/5.0 (Linux; Android 10; K) AppleWebKit/537.36 (KHTML, like Gecko) Chrome/144.0.0.0 Mobile Safari/537.36"
78.175.55.175 - - [08/Feb/2026:09:34:15 +0300] "GET /public/js/main.js HTTP/1.1" 200 1184 "https://ankaservis.com/?gad_source=1&gad_campaignid=23322530817&gclid=Cj0KCQiA4pvMBhDYARIsAGfgwvzxancGQ1_xgBfoNrHVb-Dc_i5WM5OAczyM8CpP6rrZigGxFxSyK0EaAk7CEALw_wcB" "Mozilla/5.0 (Linux; Android 10; K) AppleWebKit/537.36 (KHTML, like Gecko) Chrome/144.0.0.0 Mobile Safari/537.36"
78.175.55.175 - - [08/Feb/2026:09:34:14 +0300] "GET /public/images/ekibimiz.webp HTTP/2" 200 220906 "https://ankaservis.com/?gad_source=1&gad_campaignid=23322530817&gclid=Cj0KCQiA4pvMBhDYARIsAGfgwvzxancGQ1_xgBfoNrHVb-Dc_i5WM5OAczyM8CpP6rrZigGxFxSyK0EaAk7CEALw_wcB" "Mozilla/5.0 (Linux; Android 10; K) AppleWebKit/537.36 (KHTML, like Gecko) Chrome/144.0.0.0 Mobile Safari/537.36"
45.32.132.233 - - [08/Feb/2026:09:35:56 +0300] "HEAD / HTTP/2" 200 0 "-" "Mozilla/5.0 (compatible; monitoring360bot/1.1; +https://app.360monitoring.com/bot.html)"
193.24.123.42 - - [08/Feb/2026:09:38:16 +0300] "POST /wp-content/plugins/modular-ds/api/modular-connector/login HTTP/1.1" 404 9225 "-" "python-requests/2.32.3"
45.32.132.233 - - [08/Feb/2026:09:38:58 +0300] "HEAD / HTTP/2" 200 0 "-" "Mozilla/5.0 (compatible; monitoring360bot/1.1; +https://app.360monitoring.com/bot.html)"
45.32.132.233 - - [08/Feb/2026:09:39:58 +0300] "HEAD / HTTP/2" 200 0 "-" "Mozilla/5.0 (compatible; monitoring360bot/1.1; +https://app.360monitoring.com/bot.html)"
45.32.132.233 - - [08/Feb/2026:09:36:57 +0300] "HEAD / HTTP/2" 200 0 "-" "Mozilla/5.0 (compatible; monitoring360bot/1.1; +https://app.360monitoring.com/bot.html)"
45.32.132.233 - - [08/Feb/2026:09:37:57 +0300] "HEAD / HTTP/2" 200 0 "-" "Mozilla/5.0 (compatible; monitoring360bot/1.1; +https://app.360monitoring.com/bot.html)"
192.0.102.222 - - [08/Feb/2026:09:39:55 +0300] "HEAD / HTTP/1.1" 200 0 "-" "jetmon/1.0 (Jetpack Site Uptime Monitor by WordPress.com)"
45.32.132.233 - - [08/Feb/2026:09:40:59 +0300] "HEAD / HTTP/2" 200 0 "-" "Mozilla/5.0 (compatible; monitoring360bot/1.1; +https://app.360monitoring.com/bot.html)"
192.71.42.108 - - [08/Feb/2026:09:41:34 +0300] "GET / HTTP/1.1" 200 20858 "http://ankaservis.com/" "Mozilla/5.0 (iPhone; CPU iPhone OS 16_3 like Mac OS X) AppleWebKit/605.1.15 (KHTML, like Gecko) CriOS/122.0.6261.89 Mobile/15E148 Safari/604"
192.71.3.26 - - [08/Feb/2026:09:41:34 +0300] "GET /cozum-merkezi/camasir-makinesi/camasir-makinesi-neden-sesli-calisir HTTP/1.1" 200 11303 "-" "Mozilla/5.0 (iPhone; CPU iPhone OS 16_3 like Mac OS X) AppleWebKit/605.1.15 (KHTML, like Gecko) CriOS/122.0.6261.89 Mobile/15E148 Safari/604"
192.71.2.171 - - [08/Feb/2026:09:41:34 +0300] "GET /cozum-merkezi/camasir-makinesi/camasir-makinesi-neden-su-bosaltmaz HTTP/1.1" 200 11586 "-" "Mozilla/5.0 (iPhone; CPU iPhone OS 16_3 like Mac OS X) AppleWebKit/605.1.15 (KHTML, like Gecko) CriOS/122.0.6261.89 Mobile/15E148 Safari/604"
45.32.132.233 - - [08/Feb/2026:09:41:59 +0300] "HEAD / HTTP/2" 200 0 "-" "Mozilla/5.0 (compatible; monitoring360bot/1.1; +https://app.360monitoring.com/bot.html)"
45.32.132.233 - - [08/Feb/2026:09:43:00 +0300] "HEAD / HTTP/2" 200 0 "-" "Mozilla/5.0 (compatible; monitoring360bot/1.1; +https://app.360monitoring.com/bot.html)"
45.32.132.233 - - [08/Feb/2026:09:44:00 +0300] "HEAD / HTTP/2" 200 0 "-" "Mozilla/5.0 (compatible; monitoring360bot/1.1; +https://app.360monitoring.com/bot.html)"
45.32.132.233 - - [08/Feb/2026:09:45:01 +0300] "HEAD / HTTP/2" 200 0 "-" "Mozilla/5.0 (compatible; monitoring360bot/1.1; +https://app.360monitoring.com/bot.html)"
45.32.132.233 - - [08/Feb/2026:09:46:02 +0300] "HEAD / HTTP/2" 200 0 "-" "Mozilla/5.0 (compatible; monitoring360bot/1.1; +https://app.360monitoring.com/bot.html)"
45.32.132.233 - - [08/Feb/2026:09:47:02 +0300] "HEAD / HTTP/2" 200 0 "-" "Mozilla/5.0 (compatible; monitoring360bot/1.1; +https://app.360monitoring.com/bot.html)"
45.32.132.233 - - [08/Feb/2026:09:48:03 +0300] "HEAD / HTTP/2" 200 0 "-" "Mozilla/5.0 (compatible; monitoring360bot/1.1; +https://app.360monitoring.com/bot.html)"
192.71.103.173 - - [08/Feb/2026:09:41:34 +0300] "GET /cozum-merkezi/camasir-makinesi/camasir-makinesinden-koku-geliyor HTTP/1.1" 200 11154 "-" "Mozilla/5.0 (iPhone; CPU iPhone OS 16_3 like Mac OS X) AppleWebKit/605.1.15 (KHTML, like Gecko) CriOS/122.0.6261.89 Mobile/15E148 Safari/604"
192.0.102.222 - - [08/Feb/2026:09:44:55 +0300] "HEAD / HTTP/1.1" 200 0 "-" "jetmon/1.0 (Jetpack Site Uptime Monitor by WordPress.com)"
45.32.132.233 - - [08/Feb/2026:09:49:03 +0300] "HEAD / HTTP/2" 200 0 "-" "Mozilla/5.0 (compatible; monitoring360bot/1.1; +https://app.360monitoring.com/bot.html)"
192.0.102.222 - - [08/Feb/2026:09:49:55 +0300] "HEAD / HTTP/1.1" 200 0 "-" "jetmon/1.0 (Jetpack Site Uptime Monitor by WordPress.com)"
45.32.132.233 - - [08/Feb/2026:09:51:04 +0300] "HEAD / HTTP/2" 200 0 "-" "Mozilla/5.0 (compatible; monitoring360bot/1.1; +https://app.360monitoring.com/bot.html)"
45.32.132.233 - - [08/Feb/2026:09:52:04 +0300] "HEAD / HTTP/2" 200 0 "-" "Mozilla/5.0 (compatible; monitoring360bot/1.1; +https://app.360monitoring.com/bot.html)"
185.255.126.63 - - [08/Feb/2026:09:52:40 +0300] "GET / HTTP/1.0" 200 145228 "https://ankaservis.com/" "Mozilla/5.0 (Windows NT 10.0; Win64; x64) AppleWebKit/537.36 (KHTML, like Gecko) Chrome/131.0.0.0 Safari/537.36"
185.255.126.62 - - [08/Feb/2026:09:52:41 +0300] "GET /blog/camasir-makinesi-neden-sesli-calisir HTTP/1.0" 404 45017 "https://ankaservis.com/blog/camasir-makinesi-neden-sesli-calisir" "Mozilla/5.0 (Windows NT 10.0; Win64; x64) AppleWebKit/537.36 (KHTML, like Gecko) Chrome/131.0.0.0 Safari/537.36"
185.255.126.105 - - [08/Feb/2026:09:52:41 +0300] "GET /blog/camasir-makinesinden-koku-geliyor HTTP/1.0" 404 45011 "https://ankaservis.com/blog/camasir-makinesinden-koku-geliyor" "Mozilla/5.0 (Windows NT 10.0; Win64; x64) AppleWebKit/537.36 (KHTML, like Gecko) Chrome/131.0.0.0 Safari/537.36"
45.32.132.233 - - [08/Feb/2026:09:58:07 +0300] "HEAD / HTTP/2" 200 0 "-" "Mozilla/5.0 (compatible; monitoring360bot/1.1; +https://app.360monitoring.com/bot.html)"
45.32.132.233 - - [08/Feb/2026:10:00:08 +0300] "HEAD / HTTP/2" 200 0 "-" "Mozilla/5.0 (compatible; monitoring360bot/1.1; +https://app.360monitoring.com/bot.html)"
45.32.132.233 - - [08/Feb/2026:10:02:10 +0300] "HEAD / HTTP/2" 200 0 "-" "Mozilla/5.0 (compatible; monitoring360bot/1.1; +https://app.360monitoring.com/bot.html)"
45.32.132.233 - - [08/Feb/2026:10:04:10 +0300] "HEAD / HTTP/2" 200 0 "-" "Mozilla/5.0 (compatible; monitoring360bot/1.1; +https://app.360monitoring.com/bot.html)"
192.0.102.222 - - [08/Feb/2026:10:04:54 +0300] "HEAD / HTTP/1.1" 200 0 "-" "jetmon/1.0 (Jetpack Site Uptime Monitor by WordPress.com)"
45.32.132.233 - - [08/Feb/2026:10:05:11 +0300] "HEAD / HTTP/2" 200 0 "-" "Mozilla/5.0 (compatible; monitoring360bot/1.1; +https://app.360monitoring.com/bot.html)"
45.32.132.233 - - [08/Feb/2026:10:06:11 +0300] "HEAD / HTTP/2" 200 0 "-" "Mozilla/5.0 (compatible; monitoring360bot/1.1; +https://app.360monitoring.com/bot.html)"
45.32.132.233 - - [08/Feb/2026:09:50:03 +0300] "HEAD / HTTP/2" 200 0 "-" "Mozilla/5.0 (compatible; monitoring360bot/1.1; +https://app.360monitoring.com/bot.html)"
185.255.126.79 - - [08/Feb/2026:09:52:40 +0300] "GET /blog/camasir-makinesi-neden-su-bosaltmaz HTTP/1.0" 404 45015 "https://ankaservis.com/blog/camasir-makinesi-neden-su-bosaltmaz" "Mozilla/5.0 (Windows NT 10.0; Win64; x64) AppleWebKit/537.36 (KHTML, like Gecko) Chrome/131.0.0.0 Safari/537.36"
185.255.126.87 - - [08/Feb/2026:09:52:40 +0300] "GET /camasir-makinesi-neden-su-bosaltmaz HTTP/1.0" 404 45005 "https://ankaservis.com/camasir-makinesi-neden-su-bosaltmaz" "Mozilla/5.0 (Windows NT 10.0; Win64; x64) AppleWebKit/537.36 (KHTML, like Gecko) Chrome/131.0.0.0 Safari/537.36"
185.255.126.90 - - [08/Feb/2026:09:52:41 +0300] "GET /camasir-makinesi-neden-sesli-calisir HTTP/1.0" 404 45007 "https://ankaservis.com/camasir-makinesi-neden-sesli-calisir" "Mozilla/5.0 (Windows NT 10.0; Win64; x64) AppleWebKit/537.36 (KHTML, like Gecko) Chrome/131.0.0.0 Safari/537.36"
185.255.126.57 - - [08/Feb/2026:09:52:42 +0300] "GET /camasir-makinesinden-koku-geliyor HTTP/1.0" 404 45001 "https://ankaservis.com/camasir-makinesinden-koku-geliyor" "Mozilla/5.0 (Windows NT 10.0; Win64; x64) AppleWebKit/537.36 (KHTML, like Gecko) Chrome/131.0.0.0 Safari/537.36"
45.32.132.233 - - [08/Feb/2026:09:53:05 +0300] "HEAD / HTTP/2" 200 0 "-" "Mozilla/5.0 (compatible; monitoring360bot/1.1; +https://app.360monitoring.com/bot.html)"
45.32.132.233 - - [08/Feb/2026:09:54:05 +0300] "HEAD / HTTP/2" 200 0 "-" "Mozilla/5.0 (compatible; monitoring360bot/1.1; +https://app.360monitoring.com/bot.html)"
192.0.102.222 - - [08/Feb/2026:09:54:55 +0300] "HEAD / HTTP/1.1" 200 0 "-" "jetmon/1.0 (Jetpack Site Uptime Monitor by WordPress.com)"
45.32.132.233 - - [08/Feb/2026:09:55:06 +0300] "HEAD / HTTP/2" 200 0 "-" "Mozilla/5.0 (compatible; monitoring360bot/1.1; +https://app.360monitoring.com/bot.html)"
45.32.132.233 - - [08/Feb/2026:09:56:06 +0300] "HEAD / HTTP/2" 200 0 "-" "Mozilla/5.0 (compatible; monitoring360bot/1.1; +https://app.360monitoring.com/bot.html)"
45.32.132.233 - - [08/Feb/2026:09:57:07 +0300] "HEAD / HTTP/2" 200 0 "-" "Mozilla/5.0 (compatible; monitoring360bot/1.1; +https://app.360monitoring.com/bot.html)"
45.32.132.233 - - [08/Feb/2026:09:59:08 +0300] "HEAD / HTTP/2" 200 0 "-" "Mozilla/5.0 (compatible; monitoring360bot/1.1; +https://app.360monitoring.com/bot.html)"
192.0.102.222 - - [08/Feb/2026:09:59:54 +0300] "HEAD / HTTP/1.1" 200 0 "-" "jetmon/1.0 (Jetpack Site Uptime Monitor by WordPress.com)"
45.32.132.233 - - [08/Feb/2026:10:01:09 +0300] "HEAD / HTTP/2" 200 0 "-" "Mozilla/5.0 (compatible; monitoring360bot/1.1; +https://app.360monitoring.com/bot.html)"
45.32.132.233 - - [08/Feb/2026:10:09:17 +0300] "HEAD / HTTP/2" 200 0 "-" "Mozilla/5.0 (compatible; monitoring360bot/1.1; +https://app.360monitoring.com/bot.html)"
192.0.102.222 - - [08/Feb/2026:10:09:54 +0300] "HEAD / HTTP/1.1" 200 0 "-" "jetmon/1.0 (Jetpack Site Uptime Monitor by WordPress.com)"
45.32.132.233 - - [08/Feb/2026:10:12:19 +0300] "HEAD / HTTP/2" 200 0 "-" "Mozilla/5.0 (compatible; monitoring360bot/1.1; +https://app.360monitoring.com/bot.html)"
45.32.132.233 - - [08/Feb/2026:10:07:12 +0300] "HEAD / HTTP/2" 200 0 "-" "Mozilla/5.0 (compatible; monitoring360bot/1.1; +https://app.360monitoring.com/bot.html)"
45.32.132.233 - - [08/Feb/2026:10:08:16 +0300] "HEAD / HTTP/2" 200 0 "-" "Mozilla/5.0 (compatible; monitoring360bot/1.1; +https://app.360monitoring.com/bot.html)"
45.32.132.233 - - [08/Feb/2026:10:10:18 +0300] "HEAD / HTTP/2" 200 0 "-" "Mozilla/5.0 (compatible; monitoring360bot/1.1; +https://app.360monitoring.com/bot.html)"
217.182.139.33 - - [08/Feb/2026:10:10:29 +0300] "GET /robots.txt HTTP/1.1" 404 45095 "-" "Mozilla/5.0 (compatible; MJ12bot/v1.4.8; http://mj12bot.com/)"
217.182.139.33 - - [08/Feb/2026:10:10:30 +0300] "GET /cozum-merkezi?device_type=Bula%C5%9F%C4%B1k+Makinesi HTTP/1.1" 200 9424 "-" "Mozilla/5.0 (compatible; MJ12bot/v1.4.8; http://mj12bot.com/)"
217.182.139.33 - - [08/Feb/2026:10:10:32 +0300] "GET /cozum-merkezi?device_type=Buzdolab%C4%B1 HTTP/1.1" 200 9229 "-" "Mozilla/5.0 (compatible; MJ12bot/v1.4.8; http://mj12bot.com/)"
45.32.132.233 - - [08/Feb/2026:10:11:18 +0300] "HEAD / HTTP/2" 200 0 "-" "Mozilla/5.0 (compatible; monitoring360bot/1.1; +https://app.360monitoring.com/bot.html)"
45.32.132.233 - - [08/Feb/2026:10:13:19 +0300] "HEAD / HTTP/2" 200 0 "-" "Mozilla/5.0 (compatible; monitoring360bot/1.1; +https://app.360monitoring.com/bot.html)"
45.32.132.233 - - [08/Feb/2026:10:14:20 +0300] "HEAD / HTTP/2" 200 0 "-" "Mozilla/5.0 (compatible; monitoring360bot/1.1; +https://app.360monitoring.com/bot.html)"
192.0.102.222 - - [08/Feb/2026:10:14:54 +0300] "HEAD / HTTP/1.1" 200 0 "-" "jetmon/1.0 (Jetpack Site Uptime Monitor by WordPress.com)"
45.151.248.94 - - [08/Feb/2026:10:15:28 +0300] "GET /.well-known/acme-challenge/PK9T8CZGA1_PY7VPJ6-2HI01S279Y18C HTTP/1.1" 404 45053 "-" "Cpanel-HTTP-Client/1.0"
45.32.132.233 - - [08/Feb/2026:10:16:21 +0300] "HEAD / HTTP/2" 200 0 "-" "Mozilla/5.0 (compatible; monitoring360bot/1.1; +https://app.360monitoring.com/bot.html)"
45.32.132.233 - - [08/Feb/2026:10:17:21 +0300] "HEAD / HTTP/2" 200 0 "-" "Mozilla/5.0 (compatible; monitoring360bot/1.1; +https://app.360monitoring.com/bot.html)"
45.32.132.233 - - [08/Feb/2026:10:19:22 +0300] "HEAD / HTTP/2" 200 0 "-" "Mozilla/5.0 (compatible; monitoring360bot/1.1; +https://app.360monitoring.com/bot.html)"
45.32.132.233 - - [08/Feb/2026:10:20:23 +0300] "HEAD / HTTP/2" 200 0 "-" "Mozilla/5.0 (compatible; monitoring360bot/1.1; +https://app.360monitoring.com/bot.html)"
45.32.132.233 - - [08/Feb/2026:10:21:23 +0300] "HEAD / HTTP/2" 200 0 "-" "Mozilla/5.0 (compatible; monitoring360bot/1.1; +https://app.360monitoring.com/bot.html)"
45.32.132.233 - - [08/Feb/2026:10:15:20 +0300] "HEAD / HTTP/2" 200 0 "-" "Mozilla/5.0 (compatible; monitoring360bot/1.1; +https://app.360monitoring.com/bot.html)"
45.32.132.233 - - [08/Feb/2026:10:18:22 +0300] "HEAD / HTTP/2" 200 0 "-" "Mozilla/5.0 (compatible; monitoring360bot/1.1; +https://app.360monitoring.com/bot.html)"
192.0.102.222 - - [08/Feb/2026:10:19:54 +0300] "HEAD / HTTP/1.1" 200 0 "-" "jetmon/1.0 (Jetpack Site Uptime Monitor by WordPress.com)"
45.32.132.233 - - [08/Feb/2026:10:22:24 +0300] "HEAD / HTTP/2" 200 0 "-" "Mozilla/5.0 (compatible; monitoring360bot/1.1; +https://app.360monitoring.com/bot.html)"
45.32.132.233 - - [08/Feb/2026:10:23:25 +0300] "HEAD / HTTP/2" 200 0 "-" "Mozilla/5.0 (compatible; monitoring360bot/1.1; +https://app.360monitoring.com/bot.html)"
45.32.132.233 - - [08/Feb/2026:10:24:25 +0300] "HEAD / HTTP/2" 200 0 "-" "Mozilla/5.0 (compatible; monitoring360bot/1.1; +https://app.360monitoring.com/bot.html)"
45.32.132.233 - - [08/Feb/2026:10:25:25 +0300] "HEAD / HTTP/2" 200 0 "-" "Mozilla/5.0 (compatible; monitoring360bot/1.1; +https://app.360monitoring.com/bot.html)"
45.32.132.233 - - [08/Feb/2026:10:26:26 +0300] "HEAD / HTTP/2" 200 0 "-" "Mozilla/5.0 (compatible; monitoring360bot/1.1; +https://app.360monitoring.com/bot.html)"
45.32.132.233 - - [08/Feb/2026:10:27:26 +0300] "HEAD / HTTP/2" 200 0 "-" "Mozilla/5.0 (compatible; monitoring360bot/1.1; +https://app.360monitoring.com/bot.html)"
192.0.102.222 - - [08/Feb/2026:10:29:55 +0300] "HEAD / HTTP/1.1" 200 0 "-" "jetmon/1.0 (Jetpack Site Uptime Monitor by WordPress.com)"
45.32.132.233 - - [08/Feb/2026:10:30:28 +0300] "HEAD / HTTP/2" 200 0 "-" "Mozilla/5.0 (compatible; monitoring360bot/1.1; +https://app.360monitoring.com/bot.html)"
45.32.132.233 - - [08/Feb/2026:10:31:28 +0300] "HEAD / HTTP/2" 200 0 "-" "Mozilla/5.0 (compatible; monitoring360bot/1.1; +https://app.360monitoring.com/bot.html)"
45.32.132.233 - - [08/Feb/2026:10:33:29 +0300] "HEAD / HTTP/2" 200 0 "-" "Mozilla/5.0 (compatible; monitoring360bot/1.1; +https://app.360monitoring.com/bot.html)"
45.32.132.233 - - [08/Feb/2026:10:34:30 +0300] "HEAD / HTTP/2" 200 0 "-" "Mozilla/5.0 (compatible; monitoring360bot/1.1; +https://app.360monitoring.com/bot.html)"
45.32.132.233 - - [08/Feb/2026:10:36:31 +0300] "HEAD / HTTP/2" 200 0 "-" "Mozilla/5.0 (compatible; monitoring360bot/1.1; +https://app.360monitoring.com/bot.html)"
45.32.132.233 - - [08/Feb/2026:10:37:31 +0300] "HEAD / HTTP/2" 200 0 "-" "Mozilla/5.0 (compatible; monitoring360bot/1.1; +https://app.360monitoring.com/bot.html)"
